{"id":3712,"date":"2016-12-06T13:11:22","date_gmt":"2016-12-06T12:11:22","guid":{"rendered":"https:\/\/www.pedagogie.ac-nice.fr\/cdesc83\/annuaire-professionnel\/3712\/?post_type=wpbdp_listing&#038;p=3712"},"modified":"2018-04-05T16:21:48","modified_gmt":"2018-04-05T14:21:48","slug":"association-de-prevention-specialisee-ligue-varoise-de-prevention-lvp","status":"publish","type":"wpbdp_listing","link":"https:\/\/www.pedagogie.ac-nice.fr\/cdesc83\/annuaire-ordre1\/3712\/association-de-prevention-specialisee-ligue-varoise-de-prevention-lvp\/","title":{"rendered":"Association de Pr\u00e9vention Sp\u00e9cialis\u00e9e Ligue Varoise de Pr\u00e9vention"},"content":{"rendered":"<p><em>Structure d&rsquo;intervention aupr\u00e8s des jeunes et des familles en risque d&rsquo;inadaptation sociale <\/em><\/p>\n<ul>\n<li><em>Secteurs \u00e9ducatifs de jour, en Pr\u00e9vention sp\u00e9cialis\u00e9e <\/em><\/li>\n<li><em>Secteurs de m\u00e9diation : Correspondants de nuit <\/em><\/li>\n<li><em>Espace Sant\u00e9 Jeunes <\/em><\/li>\n<li><em>Accompagnement Familial<\/em><\/li>\n<\/ul>\n","protected":false},"excerpt":{"rendered":"<p>Structure d&rsquo;intervention aupr\u00e8s des jeunes et des familles en risque d&rsquo;inadaptation sociale Secteurs \u00e9ducatifs de jour, en Pr\u00e9vention sp\u00e9cialis\u00e9e Secteurs de m\u00e9diation : Correspondants de nuit Espace Sant\u00e9 Jeunes Accompagnement Familial<\/p>\n","protected":false},"author":1,"featured_media":0,"comment_status":"closed","ping_status":"closed","template":"","meta":{"_et_pb_use_builder":"","_et_pb_old_content":"","_et_gb_content_width":"","ngg_post_thumbnail":0},"wpbdp_category":[7],"wpbdp_tag":[],"class_list":["post-3712","wpbdp_listing","type-wpbdp_listing","status-publish","hentry","wpbdp_category-a"],"post_mailing_queue_ids":[],"_links":{"self":[{"href":"https:\/\/www.pedagogie.ac-nice.fr\/cdesc83\/wp-json\/wp\/v2\/wpbdp_listing\/3712","targetHints":{"allow":["GET"]}}],"collection":[{"href":"https:\/\/www.pedagogie.ac-nice.fr\/cdesc83\/wp-json\/wp\/v2\/wpbdp_listing"}],"about":[{"href":"https:\/\/www.pedagogie.ac-nice.fr\/cdesc83\/wp-json\/wp\/v2\/types\/wpbdp_listing"}],"author":[{"embeddable":true,"href":"https:\/\/www.pedagogie.ac-nice.fr\/cdesc83\/wp-json\/wp\/v2\/users\/1"}],"replies":[{"embeddable":true,"href":"https:\/\/www.pedagogie.ac-nice.fr\/cdesc83\/wp-json\/wp\/v2\/comments?post=3712"}],"wp:attachment":[{"href":"https:\/\/www.pedagogie.ac-nice.fr\/cdesc83\/wp-json\/wp\/v2\/media?parent=3712"}],"wp:term":[{"taxonomy":"wpbdp_category","embeddable":true,"href":"https:\/\/www.pedagogie.ac-nice.fr\/cdesc83\/wp-json\/wp\/v2\/wpbdp_category?post=3712"},{"taxonomy":"wpbdp_tag","embeddable":true,"href":"https:\/\/www.pedagogie.ac-nice.fr\/cdesc83\/wp-json\/wp\/v2\/wpbdp_tag?post=3712"}],"curies":[{"name":"wp","href":"https:\/\/api.w.org\/{rel}","templated":true}]}}

Association de Prévention Spécialisée Ligue Varoise de Prévention

<p><em>Structure d&rsquo;intervention auprès des jeunes et des familles en risque d&rsquo;inadaptation sociale </em></p>
<ul>
<li><em>Secteurs éducatifs de jour, en Prévention spécialisée </em></li>
<li><em>Secteurs de médiation : Correspondants de nuit </em></li>
<li><em>Espace Santé Jeunes </em></li>
<li><em>Accompagnement Familial</em></li>
</ul>

<p>Structure d&rsquo;intervention auprès des jeunes et des familles en risque d&rsquo;inadaptation sociale Secteurs éducatifs de jour, en Prévention spécialisée Secteurs de médiation : Correspondants de nuit Espace Santé Jeunes Accompagnement Familial</p>
