{"id":3718,"date":"2016-12-06T13:11:23","date_gmt":"2016-12-06T12:11:23","guid":{"rendered":"https:\/\/www.pedagogie.ac-nice.fr\/cdesc83\/annuaire-professionnel\/3718\/?post_type=wpbdp_listing&#038;p=3718"},"modified":"2018-04-05T16:21:17","modified_gmt":"2018-04-05T14:21:17","slug":"association-des-familles-laiques-transition-a-f-l","status":"publish","type":"wpbdp_listing","link":"https:\/\/www.pedagogie.ac-nice.fr\/cdesc83\/annuaire-ordre1\/3718\/association-des-familles-laiques-transition-a-f-l\/","title":{"rendered":"Association des Familles La\u00efques Transition"},"content":{"rendered":"<p><em>Secteurs m\u00e9dico-sociaux, sociaux, \u00e9ducatifs et psycho \u00e9ducatifs.<\/em><br \/>\n<em> Champs de la pr\u00e9vention primaire et secondaire, du curatif et du psycho th\u00e9rapeutique, de l&rsquo;acc\u00e8s aux droits , du p\u00e9nal et de l&rsquo;\u00e9galit\u00e9.<\/em><\/p>\n","protected":false},"excerpt":{"rendered":"<p>Secteurs m\u00e9dico-sociaux, sociaux, \u00e9ducatifs et psycho \u00e9ducatifs. Champs de la pr\u00e9vention primaire et secondaire, du curatif et du psycho th\u00e9rapeutique, de l&rsquo;acc\u00e8s aux droits , du p\u00e9nal et de l&rsquo;\u00e9galit\u00e9.<\/p>\n","protected":false},"author":1,"featured_media":0,"comment_status":"closed","ping_status":"closed","template":"","meta":{"_et_pb_use_builder":"","_et_pb_old_content":"","_et_gb_content_width":"","ngg_post_thumbnail":0},"wpbdp_category":[7],"wpbdp_tag":[],"class_list":["post-3718","wpbdp_listing","type-wpbdp_listing","status-publish","hentry","wpbdp_category-a"],"post_mailing_queue_ids":[],"_links":{"self":[{"href":"https:\/\/www.pedagogie.ac-nice.fr\/cdesc83\/wp-json\/wp\/v2\/wpbdp_listing\/3718","targetHints":{"allow":["GET"]}}],"collection":[{"href":"https:\/\/www.pedagogie.ac-nice.fr\/cdesc83\/wp-json\/wp\/v2\/wpbdp_listing"}],"about":[{"href":"https:\/\/www.pedagogie.ac-nice.fr\/cdesc83\/wp-json\/wp\/v2\/types\/wpbdp_listing"}],"author":[{"embeddable":true,"href":"https:\/\/www.pedagogie.ac-nice.fr\/cdesc83\/wp-json\/wp\/v2\/users\/1"}],"replies":[{"embeddable":true,"href":"https:\/\/www.pedagogie.ac-nice.fr\/cdesc83\/wp-json\/wp\/v2\/comments?post=3718"}],"wp:attachment":[{"href":"https:\/\/www.pedagogie.ac-nice.fr\/cdesc83\/wp-json\/wp\/v2\/media?parent=3718"}],"wp:term":[{"taxonomy":"wpbdp_category","embeddable":true,"href":"https:\/\/www.pedagogie.ac-nice.fr\/cdesc83\/wp-json\/wp\/v2\/wpbdp_category?post=3718"},{"taxonomy":"wpbdp_tag","embeddable":true,"href":"https:\/\/www.pedagogie.ac-nice.fr\/cdesc83\/wp-json\/wp\/v2\/wpbdp_tag?post=3718"}],"curies":[{"name":"wp","href":"https:\/\/api.w.org\/{rel}","templated":true}]}}

Association des Familles Laïques Transition

<p><em>Secteurs médico-sociaux, sociaux, éducatifs et psycho éducatifs.</em><br />
<em> Champs de la prévention primaire et secondaire, du curatif et du psycho thérapeutique, de l&rsquo;accès aux droits , du pénal et de l&rsquo;égalité.</em></p>

<p>Secteurs médico-sociaux, sociaux, éducatifs et psycho éducatifs. Champs de la prévention primaire et secondaire, du curatif et du psycho thérapeutique, de l&rsquo;accès aux droits , du pénal et de l&rsquo;égalité.</p>
