{"id":3728,"date":"2016-12-06T13:11:24","date_gmt":"2016-12-06T12:11:24","guid":{"rendered":"https:\/\/www.pedagogie.ac-nice.fr\/cdesc83\/annuaire-professionnel\/3728\/?post_type=wpbdp_listing&#038;p=3728"},"modified":"2018-04-05T16:21:09","modified_gmt":"2018-04-05T14:21:09","slug":"amnesty-international-toulon-2","status":"publish","type":"wpbdp_listing","link":"https:\/\/www.pedagogie.ac-nice.fr\/cdesc83\/annuaire-ordre1\/3728\/amnesty-international-toulon-2\/","title":{"rendered":"Amnesty international (Toulon)"},"content":{"rendered":"<p><em>Relayer localement les actions d\u2019Amnesty International par l\u2019\u00e9ducation aux droits humains dans les \u00e9tablissements scolaires et p\u00e9ri-scolaire, la participation aux forums associatifs, la collecte de signatures et de messages de soutien aux personnes en danger.<\/em><\/p>\n<p><em>Un r\u00e9seau \u00ab\u00a0Actions urgentes g\u00e9n\u00e9rales\u00a0\u00bb, un r\u00e9seau \u00ab\u00a0Actions urgentes Enfants\u00a0\u00bb et le suivi de dossiers des prisonniers<\/em><\/p>\n<p>.<\/p>\n","protected":false},"excerpt":{"rendered":"<p>Relayer localement les actions d\u2019Amnesty International par l\u2019\u00e9ducation aux droits humains dans les \u00e9tablissements scolaires et p\u00e9ri-scolaire, la participation aux forums associatifs, la collecte de signatures et de messages de soutien aux personnes en danger. Un r\u00e9seau \u00ab\u00a0Actions urgentes g\u00e9n\u00e9rales\u00a0\u00bb, un r\u00e9seau \u00ab\u00a0Actions urgentes Enfants\u00a0\u00bb et le suivi de dossiers des prisonniers .<\/p>\n","protected":false},"author":1,"featured_media":0,"comment_status":"closed","ping_status":"closed","template":"","meta":{"_et_pb_use_builder":"","_et_pb_old_content":"","_et_gb_content_width":"","ngg_post_thumbnail":0},"wpbdp_category":[7],"wpbdp_tag":[],"class_list":["post-3728","wpbdp_listing","type-wpbdp_listing","status-publish","hentry","wpbdp_category-a"],"post_mailing_queue_ids":[],"_links":{"self":[{"href":"https:\/\/www.pedagogie.ac-nice.fr\/cdesc83\/wp-json\/wp\/v2\/wpbdp_listing\/3728","targetHints":{"allow":["GET"]}}],"collection":[{"href":"https:\/\/www.pedagogie.ac-nice.fr\/cdesc83\/wp-json\/wp\/v2\/wpbdp_listing"}],"about":[{"href":"https:\/\/www.pedagogie.ac-nice.fr\/cdesc83\/wp-json\/wp\/v2\/types\/wpbdp_listing"}],"author":[{"embeddable":true,"href":"https:\/\/www.pedagogie.ac-nice.fr\/cdesc83\/wp-json\/wp\/v2\/users\/1"}],"replies":[{"embeddable":true,"href":"https:\/\/www.pedagogie.ac-nice.fr\/cdesc83\/wp-json\/wp\/v2\/comments?post=3728"}],"wp:attachment":[{"href":"https:\/\/www.pedagogie.ac-nice.fr\/cdesc83\/wp-json\/wp\/v2\/media?parent=3728"}],"wp:term":[{"taxonomy":"wpbdp_category","embeddable":true,"href":"https:\/\/www.pedagogie.ac-nice.fr\/cdesc83\/wp-json\/wp\/v2\/wpbdp_category?post=3728"},{"taxonomy":"wpbdp_tag","embeddable":true,"href":"https:\/\/www.pedagogie.ac-nice.fr\/cdesc83\/wp-json\/wp\/v2\/wpbdp_tag?post=3728"}],"curies":[{"name":"wp","href":"https:\/\/api.w.org\/{rel}","templated":true}]}}

<p><em>Relayer localement les actions d’Amnesty International par l’éducation aux droits humains dans les établissements scolaires et péri-scolaire, la participation aux forums associatifs, la collecte de signatures et de messages de soutien aux personnes en danger.</em></p>
<p><em>Un réseau « Actions urgentes générales », un réseau « Actions urgentes Enfants » et le suivi de dossiers des prisonniers</em></p>
<p>.</p>

<p>Relayer localement les actions d’Amnesty International par l’éducation aux droits humains dans les établissements scolaires et péri-scolaire, la participation aux forums associatifs, la collecte de signatures et de messages de soutien aux personnes en danger. Un réseau « Actions urgentes générales », un réseau « Actions urgentes Enfants » et le suivi de dossiers des prisonniers .</p>
