{"id":3741,"date":"2016-12-06T13:11:26","date_gmt":"2016-12-06T12:11:26","guid":{"rendered":"https:\/\/www.pedagogie.ac-nice.fr\/cdesc83\/annuaire-professionnel\/3741\/?post_type=wpbdp_listing&#038;p=3741"},"modified":"2018-04-05T16:19:47","modified_gmt":"2018-04-05T14:19:47","slug":"amitie-cite","status":"publish","type":"wpbdp_listing","link":"https:\/\/www.pedagogie.ac-nice.fr\/cdesc83\/annuaire-ordre1\/3741\/amitie-cite\/","title":{"rendered":"Amiti\u00e9 Cit\u00e9"},"content":{"rendered":"<p>L&rsquo;association a pour vocation de cr\u00e9er du lien social, favoriser l&rsquo;acc\u00e8s \u00e0 l&rsquo;autonomie et notamment l&rsquo;insertion sociale et professionnelle par l&rsquo;activit\u00e9 \u00e9conomique et la formation des publics en difficult\u00e9 dans le cadre d&rsquo;un chantier d&rsquo;insertion \u00ab\u00a0\u00e9picerie solidaire\u00a0\u00bb<\/p>\n","protected":false},"excerpt":{"rendered":"<p>L&rsquo;association a pour vocation de cr\u00e9er du lien social, favoriser l&rsquo;acc\u00e8s \u00e0 l&rsquo;autonomie et notamment l&rsquo;insertion sociale et professionnelle par l&rsquo;activit\u00e9 \u00e9conomique et la formation des publics en difficult\u00e9 dans le cadre d&rsquo;un chantier d&rsquo;insertion \u00ab\u00a0\u00e9picerie solidaire\u00a0\u00bb<\/p>\n","protected":false},"author":1,"featured_media":0,"comment_status":"closed","ping_status":"closed","template":"","meta":{"_et_pb_use_builder":"","_et_pb_old_content":"","_et_gb_content_width":"","ngg_post_thumbnail":0},"wpbdp_category":[7],"wpbdp_tag":[],"class_list":["post-3741","wpbdp_listing","type-wpbdp_listing","status-publish","hentry","wpbdp_category-a"],"post_mailing_queue_ids":[],"_links":{"self":[{"href":"https:\/\/www.pedagogie.ac-nice.fr\/cdesc83\/wp-json\/wp\/v2\/wpbdp_listing\/3741","targetHints":{"allow":["GET"]}}],"collection":[{"href":"https:\/\/www.pedagogie.ac-nice.fr\/cdesc83\/wp-json\/wp\/v2\/wpbdp_listing"}],"about":[{"href":"https:\/\/www.pedagogie.ac-nice.fr\/cdesc83\/wp-json\/wp\/v2\/types\/wpbdp_listing"}],"author":[{"embeddable":true,"href":"https:\/\/www.pedagogie.ac-nice.fr\/cdesc83\/wp-json\/wp\/v2\/users\/1"}],"replies":[{"embeddable":true,"href":"https:\/\/www.pedagogie.ac-nice.fr\/cdesc83\/wp-json\/wp\/v2\/comments?post=3741"}],"wp:attachment":[{"href":"https:\/\/www.pedagogie.ac-nice.fr\/cdesc83\/wp-json\/wp\/v2\/media?parent=3741"}],"wp:term":[{"taxonomy":"wpbdp_category","embeddable":true,"href":"https:\/\/www.pedagogie.ac-nice.fr\/cdesc83\/wp-json\/wp\/v2\/wpbdp_category?post=3741"},{"taxonomy":"wpbdp_tag","embeddable":true,"href":"https:\/\/www.pedagogie.ac-nice.fr\/cdesc83\/wp-json\/wp\/v2\/wpbdp_tag?post=3741"}],"curies":[{"name":"wp","href":"https:\/\/api.w.org\/{rel}","templated":true}]}}

Amitié Cité

<p>L&rsquo;association a pour vocation de créer du lien social, favoriser l&rsquo;accès à l&rsquo;autonomie et notamment l&rsquo;insertion sociale et professionnelle par l&rsquo;activité économique et la formation des publics en difficulté dans le cadre d&rsquo;un chantier d&rsquo;insertion « épicerie solidaire »</p>
