{"id":3755,"date":"2016-12-06T13:11:28","date_gmt":"2016-12-06T12:11:28","guid":{"rendered":"https:\/\/www.pedagogie.ac-nice.fr\/cdesc83\/annuaire-professionnel\/3755\/?post_type=wpbdp_listing&#038;p=3755"},"modified":"2018-04-03T16:05:45","modified_gmt":"2018-04-03T14:05:45","slug":"action-contre-la-faim-a-c-f","status":"publish","type":"wpbdp_listing","link":"https:\/\/www.pedagogie.ac-nice.fr\/cdesc83\/annuaire-ordre1\/3755\/action-contre-la-faim-a-c-f\/","title":{"rendered":"Action Contre la Faim"},"content":{"rendered":"<p><em>Action Contre la Faim vise \u00e0 \u00e9radiquer de mani\u00e8re globale, durable et efficace la faim dans le monde<\/em><\/p>\n<p><em>A travers ses projets \u00e0 l\u2019attention de la jeunesse (Course Contre la Faim, Dessin Contre la Faim), l\u2019association souhaite sensibiliser et mobiliser le jeune public.\u00a0 Ses diff\u00e9rents projets s\u2019inscrivent \u00e9galement dans le Parcours citoyen et les EPI.<\/em><\/p>\n","protected":false},"excerpt":{"rendered":"<p>Action Contre la Faim vise \u00e0 \u00e9radiquer de mani\u00e8re globale, durable et efficace la faim dans le monde A travers ses projets \u00e0 l\u2019attention de la jeunesse (Course Contre la Faim, Dessin Contre la Faim), l\u2019association souhaite sensibiliser et mobiliser le jeune public.\u00a0 Ses diff\u00e9rents projets s\u2019inscrivent \u00e9galement dans le Parcours citoyen et les EPI.<\/p>\n","protected":false},"author":1,"featured_media":0,"comment_status":"closed","ping_status":"closed","template":"","meta":{"_et_pb_use_builder":"","_et_pb_old_content":"","_et_gb_content_width":"","ngg_post_thumbnail":0},"wpbdp_category":[7],"wpbdp_tag":[],"class_list":["post-3755","wpbdp_listing","type-wpbdp_listing","status-publish","hentry","wpbdp_category-a"],"post_mailing_queue_ids":[],"_links":{"self":[{"href":"https:\/\/www.pedagogie.ac-nice.fr\/cdesc83\/wp-json\/wp\/v2\/wpbdp_listing\/3755","targetHints":{"allow":["GET"]}}],"collection":[{"href":"https:\/\/www.pedagogie.ac-nice.fr\/cdesc83\/wp-json\/wp\/v2\/wpbdp_listing"}],"about":[{"href":"https:\/\/www.pedagogie.ac-nice.fr\/cdesc83\/wp-json\/wp\/v2\/types\/wpbdp_listing"}],"author":[{"embeddable":true,"href":"https:\/\/www.pedagogie.ac-nice.fr\/cdesc83\/wp-json\/wp\/v2\/users\/1"}],"replies":[{"embeddable":true,"href":"https:\/\/www.pedagogie.ac-nice.fr\/cdesc83\/wp-json\/wp\/v2\/comments?post=3755"}],"wp:attachment":[{"href":"https:\/\/www.pedagogie.ac-nice.fr\/cdesc83\/wp-json\/wp\/v2\/media?parent=3755"}],"wp:term":[{"taxonomy":"wpbdp_category","embeddable":true,"href":"https:\/\/www.pedagogie.ac-nice.fr\/cdesc83\/wp-json\/wp\/v2\/wpbdp_category?post=3755"},{"taxonomy":"wpbdp_tag","embeddable":true,"href":"https:\/\/www.pedagogie.ac-nice.fr\/cdesc83\/wp-json\/wp\/v2\/wpbdp_tag?post=3755"}],"curies":[{"name":"wp","href":"https:\/\/api.w.org\/{rel}","templated":true}]}}

<p><em>Action Contre la Faim vise à éradiquer de manière globale, durable et efficace la faim dans le monde</em></p>
<p><em>A travers ses projets à l’attention de la jeunesse (Course Contre la Faim, Dessin Contre la Faim), l’association souhaite sensibiliser et mobiliser le jeune public.  Ses différents projets s’inscrivent également dans le Parcours citoyen et les EPI.</em></p>

<p>Action Contre la Faim vise à éradiquer de manière globale, durable et efficace la faim dans le monde A travers ses projets à l’attention de la jeunesse (Course Contre la Faim, Dessin Contre la Faim), l’association souhaite sensibiliser et mobiliser le jeune public.  Ses différents projets s’inscrivent également dans le Parcours citoyen et les EPI.</p>
