{"id":3846,"date":"2017-01-23T14:03:01","date_gmt":"2017-01-23T13:03:01","guid":{"rendered":"https:\/\/www.pedagogie.ac-nice.fr\/cdesc83\/annuaire-professionnel\/3846\/?post_type=wpbdp_listing&#038;p=3846"},"modified":"2018-04-05T16:16:07","modified_gmt":"2018-04-05T14:16:07","slug":"pep-83","status":"publish","type":"wpbdp_listing","link":"https:\/\/www.pedagogie.ac-nice.fr\/cdesc83\/annuaire-ordre1\/3846\/pep-83\/","title":{"rendered":"Les Pupilles de l&rsquo;Enseignement Public"},"content":{"rendered":"<p><em>D\u00e9velopper l\u2019\u00e9ducation pour tous. Combattre les in\u00e9galit\u00e9s. Refuser la marchandisation de l\u2019\u00e9ducation<\/em><\/p>\n<ul>\n<li><em>Service de soutien \u00e0 l&rsquo;\u00e9ducation familiale et a la scolarit\u00e9 (SSEFS) <\/em><\/li>\n<li><em>Service d\u2019aide familiale et d\u2019\u00e9ducation pr\u00e9coce (SAFEP)<\/em><\/li>\n<li><em>Service d\u2019aide \u00e0 l\u2019acquisition de l\u2019autonomie et a l\u2019int\u00e9gration scolaire (saaais)<\/em><\/li>\n<li><em>Service d\u2019\u00e9ducation sp\u00e9cialise et de soins \u00e0 domicile (SESSAD Le Muy)<br \/>\n<\/em><\/li>\n<li><em>Service d\u2019Aide P\u00e9dagogique \u00e0 domicile (SAPAD D\u00e9partement)<\/em><\/li>\n<li>Service Solidarit\u00e9<\/li>\n<li><em>Centre M\u00e9dico-Psycho-P\u00e9dagogique\u00a0 (CMPP Draguignan)<\/em><\/li>\n<li><em>Centre de classes de d\u00e9couverte \u00ab\u00a0Chantemerle\u00a0\u00bb (Seyne les Alpes 04)<br \/>\n<\/em><\/li>\n<\/ul>\n","protected":false},"excerpt":{"rendered":"<p>D\u00e9velopper l\u2019\u00e9ducation pour tous. Combattre les in\u00e9galit\u00e9s. Refuser la marchandisation de l\u2019\u00e9ducation Service de soutien \u00e0 l&rsquo;\u00e9ducation familiale et a la scolarit\u00e9 (SSEFS) Service d\u2019aide familiale et d\u2019\u00e9ducation pr\u00e9coce (SAFEP) Service d\u2019aide \u00e0 l\u2019acquisition de l\u2019autonomie et a l\u2019int\u00e9gration scolaire (saaais) Service d\u2019\u00e9ducation sp\u00e9cialise et de soins \u00e0 domicile (SESSAD Le Muy) Service d\u2019Aide P\u00e9dagogique [&hellip;]<\/p>\n","protected":false},"author":1,"featured_media":0,"comment_status":"closed","ping_status":"closed","template":"","meta":{"_et_pb_use_builder":"","_et_pb_old_content":"","_et_gb_content_width":"","ngg_post_thumbnail":0},"wpbdp_category":[6],"wpbdp_tag":[],"class_list":["post-3846","wpbdp_listing","type-wpbdp_listing","status-publish","hentry","wpbdp_category-l"],"post_mailing_queue_ids":[],"_links":{"self":[{"href":"https:\/\/www.pedagogie.ac-nice.fr\/cdesc83\/wp-json\/wp\/v2\/wpbdp_listing\/3846","targetHints":{"allow":["GET"]}}],"collection":[{"href":"https:\/\/www.pedagogie.ac-nice.fr\/cdesc83\/wp-json\/wp\/v2\/wpbdp_listing"}],"about":[{"href":"https:\/\/www.pedagogie.ac-nice.fr\/cdesc83\/wp-json\/wp\/v2\/types\/wpbdp_listing"}],"author":[{"embeddable":true,"href":"https:\/\/www.pedagogie.ac-nice.fr\/cdesc83\/wp-json\/wp\/v2\/users\/1"}],"replies":[{"embeddable":true,"href":"https:\/\/www.pedagogie.ac-nice.fr\/cdesc83\/wp-json\/wp\/v2\/comments?post=3846"}],"wp:attachment":[{"href":"https:\/\/www.pedagogie.ac-nice.fr\/cdesc83\/wp-json\/wp\/v2\/media?parent=3846"}],"wp:term":[{"taxonomy":"wpbdp_category","embeddable":true,"href":"https:\/\/www.pedagogie.ac-nice.fr\/cdesc83\/wp-json\/wp\/v2\/wpbdp_category?post=3846"},{"taxonomy":"wpbdp_tag","embeddable":true,"href":"https:\/\/www.pedagogie.ac-nice.fr\/cdesc83\/wp-json\/wp\/v2\/wpbdp_tag?post=3846"}],"curies":[{"name":"wp","href":"https:\/\/api.w.org\/{rel}","templated":true}]}}

<p><em>Développer l’éducation pour tous. Combattre les inégalités. Refuser la marchandisation de l’éducation</em></p>
<ul>
<li><em>Service de soutien à l&rsquo;éducation familiale et a la scolarité (SSEFS) </em></li>
<li><em>Service d’aide familiale et d’éducation précoce (SAFEP)</em></li>
<li><em>Service d’aide à l’acquisition de l’autonomie et a l’intégration scolaire (saaais)</em></li>
<li><em>Service d’éducation spécialise et de soins à domicile (SESSAD Le Muy)<br />
</em></li>
<li><em>Service d’Aide Pédagogique à domicile (SAPAD Département)</em></li>
<li>Service Solidarité</li>
<li><em>Centre Médico-Psycho-Pédagogique  (CMPP Draguignan)</em></li>
<li><em>Centre de classes de découverte « Chantemerle » (Seyne les Alpes 04)<br />
</em></li>
</ul>

<p>Développer l’éducation pour tous. Combattre les inégalités. Refuser la marchandisation de l’éducation Service de soutien à l&rsquo;éducation familiale et a la scolarité (SSEFS) Service d’aide familiale et d’éducation précoce (SAFEP) Service d’aide à l’acquisition de l’autonomie et a l’intégration scolaire (saaais) Service d’éducation spécialise et de soins à domicile (SESSAD Le Muy) Service d’Aide Pédagogique [&hellip;]</p>
