{"id":3918,"date":"2017-03-10T05:14:06","date_gmt":"2017-03-10T04:14:06","guid":{"rendered":"https:\/\/www.pedagogie.ac-nice.fr\/cdesc83\/annuaire-professionnel\/3918\/?post_type=wpbdp_listing&#038;p=3918"},"modified":"2018-04-05T16:15:43","modified_gmt":"2018-04-05T14:15:43","slug":"association-de-defense-dassistance-juridique-des-travailleurs-immigres","status":"publish","type":"wpbdp_listing","link":"https:\/\/www.pedagogie.ac-nice.fr\/cdesc83\/annuaire-ordre1\/3918\/association-de-defense-dassistance-juridique-des-travailleurs-immigres\/","title":{"rendered":"Association de D\u00e9fense d&rsquo;Assistance Juridique des Travailleurs Immigr\u00e9s"},"content":{"rendered":"<p><em>Accueil, information, orientation, m\u00e9diation et accompagnement dans l&rsquo;acc\u00e8s aux droits, le droit au s\u00e9jour, regroupement familial, la retraite, la maladie, le logement, l&rsquo;\u00e9cole, le travail &#8230;<\/em><\/p>\n","protected":false},"excerpt":{"rendered":"<p>Accueil, information, orientation, m\u00e9diation et accompagnement dans l&rsquo;acc\u00e8s aux droits, le droit au s\u00e9jour, regroupement familial, la retraite, la maladie, le logement, l&rsquo;\u00e9cole, le travail &#8230;<\/p>\n","protected":false},"author":1,"featured_media":0,"comment_status":"closed","ping_status":"closed","template":"","meta":{"_et_pb_use_builder":"","_et_pb_old_content":"","_et_gb_content_width":"","ngg_post_thumbnail":0},"wpbdp_category":[7],"wpbdp_tag":[],"class_list":["post-3918","wpbdp_listing","type-wpbdp_listing","status-publish","hentry","wpbdp_category-a"],"post_mailing_queue_ids":[],"_links":{"self":[{"href":"https:\/\/www.pedagogie.ac-nice.fr\/cdesc83\/wp-json\/wp\/v2\/wpbdp_listing\/3918","targetHints":{"allow":["GET"]}}],"collection":[{"href":"https:\/\/www.pedagogie.ac-nice.fr\/cdesc83\/wp-json\/wp\/v2\/wpbdp_listing"}],"about":[{"href":"https:\/\/www.pedagogie.ac-nice.fr\/cdesc83\/wp-json\/wp\/v2\/types\/wpbdp_listing"}],"author":[{"embeddable":true,"href":"https:\/\/www.pedagogie.ac-nice.fr\/cdesc83\/wp-json\/wp\/v2\/users\/1"}],"replies":[{"embeddable":true,"href":"https:\/\/www.pedagogie.ac-nice.fr\/cdesc83\/wp-json\/wp\/v2\/comments?post=3918"}],"wp:attachment":[{"href":"https:\/\/www.pedagogie.ac-nice.fr\/cdesc83\/wp-json\/wp\/v2\/media?parent=3918"}],"wp:term":[{"taxonomy":"wpbdp_category","embeddable":true,"href":"https:\/\/www.pedagogie.ac-nice.fr\/cdesc83\/wp-json\/wp\/v2\/wpbdp_category?post=3918"},{"taxonomy":"wpbdp_tag","embeddable":true,"href":"https:\/\/www.pedagogie.ac-nice.fr\/cdesc83\/wp-json\/wp\/v2\/wpbdp_tag?post=3918"}],"curies":[{"name":"wp","href":"https:\/\/api.w.org\/{rel}","templated":true}]}}

Association de Défense d&rsquo;Assistance Juridique des Travailleurs Immigrés

<p><em>Accueil, information, orientation, médiation et accompagnement dans l&rsquo;accès aux droits, le droit au séjour, regroupement familial, la retraite, la maladie, le logement, l&rsquo;école, le travail &#8230;</em></p>

<p>Accueil, information, orientation, médiation et accompagnement dans l&rsquo;accès aux droits, le droit au séjour, regroupement familial, la retraite, la maladie, le logement, l&rsquo;école, le travail &#8230;</p>
