{"id":4006,"date":"2017-03-11T08:14:15","date_gmt":"2017-03-11T07:14:15","guid":{"rendered":"https:\/\/www.pedagogie.ac-nice.fr\/cdesc83\/annuaire-professionnel\/4006\/?post_type=wpbdp_listing&#038;p=4006"},"modified":"2018-04-05T16:10:38","modified_gmt":"2018-04-05T14:10:38","slug":"association-nationale-de-developpement-des-epiceries-solidaires","status":"publish","type":"wpbdp_listing","link":"https:\/\/www.pedagogie.ac-nice.fr\/cdesc83\/annuaire-ordre1\/4006\/association-nationale-de-developpement-des-epiceries-solidaires\/","title":{"rendered":"Association Nationale de D\u00e9veloppement des \u00c9piceries Solidaires"},"content":{"rendered":"<p><em>D\u00e9veloppement des \u00e9piceries solidaires &#8211; libre-service des produits de consommation courante \u00e0 des personnes en situation de pr\u00e9carit\u00e9, contre une participation financi\u00e8re de 10 \u00e0 30% du prix usuel. <\/em><br \/>\n<em>Le principe des \u00e9piceries solidaires est de lutter contre l\u2019exclusion sans favoriser l\u2019assistanat, de respecter la libert\u00e9 des personnes et de promouvoir leur insertion durable.<\/em><\/p>\n","protected":false},"excerpt":{"rendered":"<p>D\u00e9veloppement des \u00e9piceries solidaires &#8211; libre-service des produits de consommation courante \u00e0 des personnes en situation de pr\u00e9carit\u00e9, contre une participation financi\u00e8re de 10 \u00e0 30% du prix usuel. Le principe des \u00e9piceries solidaires est de lutter contre l\u2019exclusion sans favoriser l\u2019assistanat, de respecter la libert\u00e9 des personnes et de promouvoir leur insertion durable.<\/p>\n","protected":false},"author":1,"featured_media":0,"comment_status":"closed","ping_status":"closed","template":"","meta":{"_et_pb_use_builder":"","_et_pb_old_content":"","_et_gb_content_width":"","ngg_post_thumbnail":0},"wpbdp_category":[7],"wpbdp_tag":[],"class_list":["post-4006","wpbdp_listing","type-wpbdp_listing","status-publish","hentry","wpbdp_category-a"],"post_mailing_queue_ids":[],"_links":{"self":[{"href":"https:\/\/www.pedagogie.ac-nice.fr\/cdesc83\/wp-json\/wp\/v2\/wpbdp_listing\/4006","targetHints":{"allow":["GET"]}}],"collection":[{"href":"https:\/\/www.pedagogie.ac-nice.fr\/cdesc83\/wp-json\/wp\/v2\/wpbdp_listing"}],"about":[{"href":"https:\/\/www.pedagogie.ac-nice.fr\/cdesc83\/wp-json\/wp\/v2\/types\/wpbdp_listing"}],"author":[{"embeddable":true,"href":"https:\/\/www.pedagogie.ac-nice.fr\/cdesc83\/wp-json\/wp\/v2\/users\/1"}],"replies":[{"embeddable":true,"href":"https:\/\/www.pedagogie.ac-nice.fr\/cdesc83\/wp-json\/wp\/v2\/comments?post=4006"}],"wp:attachment":[{"href":"https:\/\/www.pedagogie.ac-nice.fr\/cdesc83\/wp-json\/wp\/v2\/media?parent=4006"}],"wp:term":[{"taxonomy":"wpbdp_category","embeddable":true,"href":"https:\/\/www.pedagogie.ac-nice.fr\/cdesc83\/wp-json\/wp\/v2\/wpbdp_category?post=4006"},{"taxonomy":"wpbdp_tag","embeddable":true,"href":"https:\/\/www.pedagogie.ac-nice.fr\/cdesc83\/wp-json\/wp\/v2\/wpbdp_tag?post=4006"}],"curies":[{"name":"wp","href":"https:\/\/api.w.org\/{rel}","templated":true}]}}

Association Nationale de Développement des Épiceries Solidaires

<p><em>Développement des épiceries solidaires &#8211; libre-service des produits de consommation courante à des personnes en situation de précarité, contre une participation financière de 10 à 30% du prix usuel. </em><br />
<em>Le principe des épiceries solidaires est de lutter contre l’exclusion sans favoriser l’assistanat, de respecter la liberté des personnes et de promouvoir leur insertion durable.</em></p>

<p>Développement des épiceries solidaires &#8211; libre-service des produits de consommation courante à des personnes en situation de précarité, contre une participation financière de 10 à 30% du prix usuel. Le principe des épiceries solidaires est de lutter contre l’exclusion sans favoriser l’assistanat, de respecter la liberté des personnes et de promouvoir leur insertion durable.</p>
