{"id":4035,"date":"2017-03-12T05:44:13","date_gmt":"2017-03-12T04:44:13","guid":{"rendered":"https:\/\/www.pedagogie.ac-nice.fr\/cdesc83\/annuaire-professionnel\/4035\/?post_type=wpbdp_listing&#038;p=4035"},"modified":"2018-04-05T16:09:11","modified_gmt":"2018-04-05T14:09:11","slug":"centre-social-et-culturel-de-toulon-centre","status":"publish","type":"wpbdp_listing","link":"https:\/\/www.pedagogie.ac-nice.fr\/cdesc83\/annuaire-ordre1\/4035\/centre-social-et-culturel-de-toulon-centre\/","title":{"rendered":"Centres Sociaux et Culturels de Toulon"},"content":{"rendered":"<p><em>Un Centre Social et Culturel est un foyer d&rsquo;initiatives port\u00e9 par des habitants associ\u00e9s, appuy\u00e9s par des professionnels, capables de d\u00e9finir et de mettre en oeuvre un projet de d\u00e9veloppement social pour l&rsquo;ensemble de la population.<\/em><\/p>\n","protected":false},"excerpt":{"rendered":"<p>Un Centre Social et Culturel est un foyer d&rsquo;initiatives port\u00e9 par des habitants associ\u00e9s, appuy\u00e9s par des professionnels, capables de d\u00e9finir et de mettre en oeuvre un projet de d\u00e9veloppement social pour l&rsquo;ensemble de la population.<\/p>\n","protected":false},"author":1,"featured_media":0,"comment_status":"closed","ping_status":"closed","template":"","meta":{"_et_pb_use_builder":"","_et_pb_old_content":"","_et_gb_content_width":"","ngg_post_thumbnail":0},"wpbdp_category":[9],"wpbdp_tag":[],"class_list":["post-4035","wpbdp_listing","type-wpbdp_listing","status-publish","hentry","wpbdp_category-c"],"post_mailing_queue_ids":[],"_links":{"self":[{"href":"https:\/\/www.pedagogie.ac-nice.fr\/cdesc83\/wp-json\/wp\/v2\/wpbdp_listing\/4035","targetHints":{"allow":["GET"]}}],"collection":[{"href":"https:\/\/www.pedagogie.ac-nice.fr\/cdesc83\/wp-json\/wp\/v2\/wpbdp_listing"}],"about":[{"href":"https:\/\/www.pedagogie.ac-nice.fr\/cdesc83\/wp-json\/wp\/v2\/types\/wpbdp_listing"}],"author":[{"embeddable":true,"href":"https:\/\/www.pedagogie.ac-nice.fr\/cdesc83\/wp-json\/wp\/v2\/users\/1"}],"replies":[{"embeddable":true,"href":"https:\/\/www.pedagogie.ac-nice.fr\/cdesc83\/wp-json\/wp\/v2\/comments?post=4035"}],"wp:attachment":[{"href":"https:\/\/www.pedagogie.ac-nice.fr\/cdesc83\/wp-json\/wp\/v2\/media?parent=4035"}],"wp:term":[{"taxonomy":"wpbdp_category","embeddable":true,"href":"https:\/\/www.pedagogie.ac-nice.fr\/cdesc83\/wp-json\/wp\/v2\/wpbdp_category?post=4035"},{"taxonomy":"wpbdp_tag","embeddable":true,"href":"https:\/\/www.pedagogie.ac-nice.fr\/cdesc83\/wp-json\/wp\/v2\/wpbdp_tag?post=4035"}],"curies":[{"name":"wp","href":"https:\/\/api.w.org\/{rel}","templated":true}]}}

<p><em>Un Centre Social et Culturel est un foyer d&rsquo;initiatives porté par des habitants associés, appuyés par des professionnels, capables de définir et de mettre en oeuvre un projet de développement social pour l&rsquo;ensemble de la population.</em></p>

<p>Un Centre Social et Culturel est un foyer d&rsquo;initiatives porté par des habitants associés, appuyés par des professionnels, capables de définir et de mettre en oeuvre un projet de développement social pour l&rsquo;ensemble de la population.</p>
