{"id":4036,"date":"2017-03-12T05:51:28","date_gmt":"2017-03-12T04:51:28","guid":{"rendered":"https:\/\/www.pedagogie.ac-nice.fr\/cdesc83\/annuaire-professionnel\/4036\/?post_type=wpbdp_listing&#038;p=4036"},"modified":"2018-04-05T16:09:01","modified_gmt":"2018-04-05T14:09:01","slug":"chapis-chapos","status":"publish","type":"wpbdp_listing","link":"https:\/\/www.pedagogie.ac-nice.fr\/cdesc83\/annuaire-ordre1\/4036\/chapis-chapos\/","title":{"rendered":"Chapis-Chapos"},"content":{"rendered":"<p>L\u2019accueil et l\u2019\u00e9veil de l\u2019enfant sont la raison de notre association. Toutes les familles sont accueillies sans discrimination et dans le respect de leurs diff\u00e9rences. Les enfants sont des \u00eatres uniques.<\/p>\n<p>Les professionnels sont les garants de la qualit\u00e9 de l\u2019accueil et les organisateurs de la vie quotidienne au sein de la structure associative.<\/p>\n<p>Nos valeurs reposent sur trois grands axes :<\/p>\n<ul>\n<li>Soutenir les parents dans leur fonction parentale : les parents sont et restent les premiers \u00e9ducateurs de l\u2019enfant. Devenir parent, \u00eatre parent, s\u2019apprend au fil du temps et am\u00e8ne \u00e0 accepter de proc\u00e9der \u00e0 des r\u00e9ajustements en fonction de l\u2019enfant. La parentalit\u00e9 prend naissance d\u2019ores et d\u00e9j\u00e0 lors d\u2019un projet d\u2019enfant, elle se confronte au r\u00e9el lors de l\u2019arriv\u00e9e de l\u2019enfant, elle s\u2019\u00e9prouve au fil des jours et s\u2019affirme lorsque b\u00e9b\u00e9 grandit. Les parents ont une place pr\u00e9pond\u00e9rante dans notre association en tant qu\u2019\u00e9ducateurs de leurs enfants.<\/li>\n<li>\u00a0Proposer une transversalit\u00e9, une communication, un \u00e9change avec les professionnels de la parentalit\u00e9. Les partages de comp\u00e9tences apportent un appui suppl\u00e9mentaire \u00e0 la fonction parentale.<\/li>\n<li>Se proposer comme une association qui se fonde sur une d\u00e9marche de citoyennet\u00e9 active et solidaire.<\/li>\n<\/ul>\n","protected":false},"excerpt":{"rendered":"<p>L\u2019accueil et l\u2019\u00e9veil de l\u2019enfant sont la raison de notre association. Toutes les familles sont accueillies sans discrimination et dans le respect de leurs diff\u00e9rences. Les enfants sont des \u00eatres uniques. Les professionnels sont les garants de la qualit\u00e9 de l\u2019accueil et les organisateurs de la vie quotidienne au sein de la structure associative. Nos [&hellip;]<\/p>\n","protected":false},"author":1,"featured_media":0,"comment_status":"closed","ping_status":"closed","template":"","meta":{"_et_pb_use_builder":"","_et_pb_old_content":"","_et_gb_content_width":"","ngg_post_thumbnail":0},"wpbdp_category":[9],"wpbdp_tag":[],"class_list":["post-4036","wpbdp_listing","type-wpbdp_listing","status-publish","hentry","wpbdp_category-c"],"post_mailing_queue_ids":[],"_links":{"self":[{"href":"https:\/\/www.pedagogie.ac-nice.fr\/cdesc83\/wp-json\/wp\/v2\/wpbdp_listing\/4036","targetHints":{"allow":["GET"]}}],"collection":[{"href":"https:\/\/www.pedagogie.ac-nice.fr\/cdesc83\/wp-json\/wp\/v2\/wpbdp_listing"}],"about":[{"href":"https:\/\/www.pedagogie.ac-nice.fr\/cdesc83\/wp-json\/wp\/v2\/types\/wpbdp_listing"}],"author":[{"embeddable":true,"href":"https:\/\/www.pedagogie.ac-nice.fr\/cdesc83\/wp-json\/wp\/v2\/users\/1"}],"replies":[{"embeddable":true,"href":"https:\/\/www.pedagogie.ac-nice.fr\/cdesc83\/wp-json\/wp\/v2\/comments?post=4036"}],"wp:attachment":[{"href":"https:\/\/www.pedagogie.ac-nice.fr\/cdesc83\/wp-json\/wp\/v2\/media?parent=4036"}],"wp:term":[{"taxonomy":"wpbdp_category","embeddable":true,"href":"https:\/\/www.pedagogie.ac-nice.fr\/cdesc83\/wp-json\/wp\/v2\/wpbdp_category?post=4036"},{"taxonomy":"wpbdp_tag","embeddable":true,"href":"https:\/\/www.pedagogie.ac-nice.fr\/cdesc83\/wp-json\/wp\/v2\/wpbdp_tag?post=4036"}],"curies":[{"name":"wp","href":"https:\/\/api.w.org\/{rel}","templated":true}]}}

<p>L’accueil et l’éveil de l’enfant sont la raison de notre association. Toutes les familles sont accueillies sans discrimination et dans le respect de leurs différences. Les enfants sont des êtres uniques.</p>
<p>Les professionnels sont les garants de la qualité de l’accueil et les organisateurs de la vie quotidienne au sein de la structure associative.</p>
<p>Nos valeurs reposent sur trois grands axes :</p>
<ul>
<li>Soutenir les parents dans leur fonction parentale : les parents sont et restent les premiers éducateurs de l’enfant. Devenir parent, être parent, s’apprend au fil du temps et amène à accepter de procéder à des réajustements en fonction de l’enfant. La parentalité prend naissance d’ores et déjà lors d’un projet d’enfant, elle se confronte au réel lors de l’arrivée de l’enfant, elle s’éprouve au fil des jours et s’affirme lorsque bébé grandit. Les parents ont une place prépondérante dans notre association en tant qu’éducateurs de leurs enfants.</li>
<li> Proposer une transversalité, une communication, un échange avec les professionnels de la parentalité. Les partages de compétences apportent un appui supplémentaire à la fonction parentale.</li>
<li>Se proposer comme une association qui se fonde sur une démarche de citoyenneté active et solidaire.</li>
</ul>

<p>L’accueil et l’éveil de l’enfant sont la raison de notre association. Toutes les familles sont accueillies sans discrimination et dans le respect de leurs différences. Les enfants sont des êtres uniques. Les professionnels sont les garants de la qualité de l’accueil et les organisateurs de la vie quotidienne au sein de la structure associative. Nos [&hellip;]</p>
