{"id":4043,"date":"2017-03-12T07:25:54","date_gmt":"2017-03-12T06:25:54","guid":{"rendered":"https:\/\/www.pedagogie.ac-nice.fr\/cdesc83\/annuaire-professionnel\/4043\/?post_type=wpbdp_listing&#038;p=4043"},"modified":"2018-04-05T16:07:13","modified_gmt":"2018-04-05T14:07:13","slug":"entrautres","status":"publish","type":"wpbdp_listing","link":"https:\/\/www.pedagogie.ac-nice.fr\/cdesc83\/annuaire-ordre1\/4043\/entrautres\/","title":{"rendered":"Association Entr&rsquo;Autres &#8211; Agir contre la radicalisation"},"content":{"rendered":"<p><em>Pr\u00e9vention du d\u00e9litement des liens familiaux et sociaux. Son centre d\u2019int\u00e9r\u00eat majeur se situe autour de la prise en compte et de l\u2019analyse du \u00ab fait culturel \u00bb. Elle intervient aupr\u00e8s de publics (majoritairement adolescents et familles) fragilis\u00e9s et aupr\u00e8s des professionnels de terrain. R\u00e9flexion scientifique autour de la radicalisation<\/em><\/p>\n","protected":false},"excerpt":{"rendered":"<p>Pr\u00e9vention du d\u00e9litement des liens familiaux et sociaux. Son centre d\u2019int\u00e9r\u00eat majeur se situe autour de la prise en compte et de l\u2019analyse du \u00ab fait culturel \u00bb. Elle intervient aupr\u00e8s de publics (majoritairement adolescents et familles) fragilis\u00e9s et aupr\u00e8s des professionnels de terrain. R\u00e9flexion scientifique autour de la radicalisation<\/p>\n","protected":false},"author":1,"featured_media":0,"comment_status":"closed","ping_status":"closed","template":"","meta":{"_et_pb_use_builder":"","_et_pb_old_content":"","_et_gb_content_width":"","ngg_post_thumbnail":0},"wpbdp_category":[7],"wpbdp_tag":[],"class_list":["post-4043","wpbdp_listing","type-wpbdp_listing","status-publish","hentry","wpbdp_category-a"],"post_mailing_queue_ids":[],"_links":{"self":[{"href":"https:\/\/www.pedagogie.ac-nice.fr\/cdesc83\/wp-json\/wp\/v2\/wpbdp_listing\/4043","targetHints":{"allow":["GET"]}}],"collection":[{"href":"https:\/\/www.pedagogie.ac-nice.fr\/cdesc83\/wp-json\/wp\/v2\/wpbdp_listing"}],"about":[{"href":"https:\/\/www.pedagogie.ac-nice.fr\/cdesc83\/wp-json\/wp\/v2\/types\/wpbdp_listing"}],"author":[{"embeddable":true,"href":"https:\/\/www.pedagogie.ac-nice.fr\/cdesc83\/wp-json\/wp\/v2\/users\/1"}],"replies":[{"embeddable":true,"href":"https:\/\/www.pedagogie.ac-nice.fr\/cdesc83\/wp-json\/wp\/v2\/comments?post=4043"}],"wp:attachment":[{"href":"https:\/\/www.pedagogie.ac-nice.fr\/cdesc83\/wp-json\/wp\/v2\/media?parent=4043"}],"wp:term":[{"taxonomy":"wpbdp_category","embeddable":true,"href":"https:\/\/www.pedagogie.ac-nice.fr\/cdesc83\/wp-json\/wp\/v2\/wpbdp_category?post=4043"},{"taxonomy":"wpbdp_tag","embeddable":true,"href":"https:\/\/www.pedagogie.ac-nice.fr\/cdesc83\/wp-json\/wp\/v2\/wpbdp_tag?post=4043"}],"curies":[{"name":"wp","href":"https:\/\/api.w.org\/{rel}","templated":true}]}}

<p><em>Prévention du délitement des liens familiaux et sociaux. Son centre d’intérêt majeur se situe autour de la prise en compte et de l’analyse du « fait culturel ». Elle intervient auprès de publics (majoritairement adolescents et familles) fragilisés et auprès des professionnels de terrain. Réflexion scientifique autour de la radicalisation</em></p>

<p>Prévention du délitement des liens familiaux et sociaux. Son centre d’intérêt majeur se situe autour de la prise en compte et de l’analyse du « fait culturel ». Elle intervient auprès de publics (majoritairement adolescents et familles) fragilisés et auprès des professionnels de terrain. Réflexion scientifique autour de la radicalisation</p>
