{"id":4084,"date":"2017-03-12T16:39:02","date_gmt":"2017-03-12T15:39:02","guid":{"rendered":"https:\/\/www.pedagogie.ac-nice.fr\/cdesc83\/annuaire-professionnel\/4084\/?post_type=wpbdp_listing&#038;p=4084"},"modified":"2018-04-05T16:02:44","modified_gmt":"2018-04-05T14:02:44","slug":"la-clef-des-mots","status":"publish","type":"wpbdp_listing","link":"https:\/\/www.pedagogie.ac-nice.fr\/cdesc83\/annuaire-ordre1\/4084\/la-clef-des-mots\/","title":{"rendered":"La Clef des Mots"},"content":{"rendered":"<p>Intervient aupr\u00e8s de tous les publics pour promouvoir la lecture, l\u2019\u00e9criture et le livre en proposant des permanences \u00e9crivain public, des ateliers d\u2019\u00e9criture, des formations ainsi que des expositions et des dispositifs collaboratifs.<\/p>\n<ul>\n<li>favoriser l&rsquo;int\u00e9gration r\u00e9publicaine et la citoyennet\u00e9,<\/li>\n<li>lutter contre les discriminations,<\/li>\n<li>renforcer la lutte contre l&rsquo;illettrisme et l&rsquo;exclusion,<\/li>\n<li>faciliter la coh\u00e9sion sociale et l&rsquo;insertion professionnelle,<\/li>\n<li>soutenir la mobilit\u00e9, le lien social et le partenariat,<\/li>\n<li>dynamiser les processus d&rsquo;\u00e9mancipation et d&rsquo;autonomie.<\/li>\n<\/ul>\n<p><em>\u00a0<\/em><\/p>\n","protected":false},"excerpt":{"rendered":"<p>Intervient aupr\u00e8s de tous les publics pour promouvoir la lecture, l\u2019\u00e9criture et le livre en proposant des permanences \u00e9crivain public, des ateliers d\u2019\u00e9criture, des formations ainsi que des expositions et des dispositifs collaboratifs. favoriser l&rsquo;int\u00e9gration r\u00e9publicaine et la citoyennet\u00e9, lutter contre les discriminations, renforcer la lutte contre l&rsquo;illettrisme et l&rsquo;exclusion, faciliter la coh\u00e9sion sociale et [&hellip;]<\/p>\n","protected":false},"author":1,"featured_media":0,"comment_status":"closed","ping_status":"closed","template":"","meta":{"_et_pb_use_builder":"","_et_pb_old_content":"","_et_gb_content_width":"","ngg_post_thumbnail":0},"wpbdp_category":[6],"wpbdp_tag":[],"class_list":["post-4084","wpbdp_listing","type-wpbdp_listing","status-publish","hentry","wpbdp_category-l"],"post_mailing_queue_ids":[],"_links":{"self":[{"href":"https:\/\/www.pedagogie.ac-nice.fr\/cdesc83\/wp-json\/wp\/v2\/wpbdp_listing\/4084","targetHints":{"allow":["GET"]}}],"collection":[{"href":"https:\/\/www.pedagogie.ac-nice.fr\/cdesc83\/wp-json\/wp\/v2\/wpbdp_listing"}],"about":[{"href":"https:\/\/www.pedagogie.ac-nice.fr\/cdesc83\/wp-json\/wp\/v2\/types\/wpbdp_listing"}],"author":[{"embeddable":true,"href":"https:\/\/www.pedagogie.ac-nice.fr\/cdesc83\/wp-json\/wp\/v2\/users\/1"}],"replies":[{"embeddable":true,"href":"https:\/\/www.pedagogie.ac-nice.fr\/cdesc83\/wp-json\/wp\/v2\/comments?post=4084"}],"wp:attachment":[{"href":"https:\/\/www.pedagogie.ac-nice.fr\/cdesc83\/wp-json\/wp\/v2\/media?parent=4084"}],"wp:term":[{"taxonomy":"wpbdp_category","embeddable":true,"href":"https:\/\/www.pedagogie.ac-nice.fr\/cdesc83\/wp-json\/wp\/v2\/wpbdp_category?post=4084"},{"taxonomy":"wpbdp_tag","embeddable":true,"href":"https:\/\/www.pedagogie.ac-nice.fr\/cdesc83\/wp-json\/wp\/v2\/wpbdp_tag?post=4084"}],"curies":[{"name":"wp","href":"https:\/\/api.w.org\/{rel}","templated":true}]}}

<p>Intervient auprès de tous les publics pour promouvoir la lecture, l’écriture et le livre en proposant des permanences écrivain public, des ateliers d’écriture, des formations ainsi que des expositions et des dispositifs collaboratifs.</p>
<ul>
<li>favoriser l&rsquo;intégration républicaine et la citoyenneté,</li>
<li>lutter contre les discriminations,</li>
<li>renforcer la lutte contre l&rsquo;illettrisme et l&rsquo;exclusion,</li>
<li>faciliter la cohésion sociale et l&rsquo;insertion professionnelle,</li>
<li>soutenir la mobilité, le lien social et le partenariat,</li>
<li>dynamiser les processus d&rsquo;émancipation et d&rsquo;autonomie.</li>
</ul>
<p><em> </em></p>

<p>Intervient auprès de tous les publics pour promouvoir la lecture, l’écriture et le livre en proposant des permanences écrivain public, des ateliers d’écriture, des formations ainsi que des expositions et des dispositifs collaboratifs. favoriser l&rsquo;intégration républicaine et la citoyenneté, lutter contre les discriminations, renforcer la lutte contre l&rsquo;illettrisme et l&rsquo;exclusion, faciliter la cohésion sociale et [&hellip;]</p>
