{"id":4153,"date":"2017-03-13T08:55:40","date_gmt":"2017-03-13T07:55:40","guid":{"rendered":"https:\/\/www.pedagogie.ac-nice.fr\/cdesc83\/annuaire-professionnel\/4153\/?post_type=wpbdp_listing&#038;p=4153"},"modified":"2018-04-05T16:06:32","modified_gmt":"2018-04-05T14:06:32","slug":"universite-du-citoyen","status":"publish","type":"wpbdp_listing","link":"https:\/\/www.pedagogie.ac-nice.fr\/cdesc83\/annuaire-ordre1\/4153\/universite-du-citoyen\/","title":{"rendered":"Universit\u00e9 du Citoyen"},"content":{"rendered":"<p>L\u00a0\u00bbassociation a pour objet de :<\/p>\n<ul>\n<li>Permettre l&rsquo;apprentissage, la connaissance et l&rsquo;\u00e9change des savoirs pour \u00e9tendre les capacit\u00e9s citoyennes.<\/li>\n<li>Favoriser la participation des citoyens \u00e0 l&rsquo;\u00e9laboration, la mise en \u0153uvre et l&rsquo;\u00e9valuation des politiques publiques.<\/li>\n<li>Encourager et soutenir leurs initiatives en prenant en compte leurs expressions individuelles ou\/et collectives.<\/li>\n<li>Contribuer \u00e0 la mise en r\u00e9seau des associations qui auraient le m\u00eame objectif et s&rsquo;engageraient conventionnellement \u00e0 appliquer la m\u00e9thode Universit\u00e9 du Citoyen dont la marque est d\u00e9pos\u00e9e \u00e0 l&rsquo;INPI, Former \u00e0 la m\u00e9thode en usant de tous supports de communication, sur l&rsquo;ensemble du territoire fran\u00e7ais et au sein de l&rsquo;union europ\u00e9enne,<\/li>\n<\/ul>\n","protected":false},"excerpt":{"rendered":"<p>L\u00a0\u00bbassociation a pour objet de : Permettre l&rsquo;apprentissage, la connaissance et l&rsquo;\u00e9change des savoirs pour \u00e9tendre les capacit\u00e9s citoyennes. Favoriser la participation des citoyens \u00e0 l&rsquo;\u00e9laboration, la mise en \u0153uvre et l&rsquo;\u00e9valuation des politiques publiques. Encourager et soutenir leurs initiatives en prenant en compte leurs expressions individuelles ou\/et collectives. Contribuer \u00e0 la mise en r\u00e9seau [&hellip;]<\/p>\n","protected":false},"author":1,"featured_media":0,"comment_status":"closed","ping_status":"closed","template":"","meta":{"_et_pb_use_builder":"","_et_pb_old_content":"","_et_gb_content_width":"","ngg_post_thumbnail":0},"wpbdp_category":[23],"wpbdp_tag":[],"class_list":["post-4153","wpbdp_listing","type-wpbdp_listing","status-publish","hentry","wpbdp_category-u"],"post_mailing_queue_ids":[],"_links":{"self":[{"href":"https:\/\/www.pedagogie.ac-nice.fr\/cdesc83\/wp-json\/wp\/v2\/wpbdp_listing\/4153","targetHints":{"allow":["GET"]}}],"collection":[{"href":"https:\/\/www.pedagogie.ac-nice.fr\/cdesc83\/wp-json\/wp\/v2\/wpbdp_listing"}],"about":[{"href":"https:\/\/www.pedagogie.ac-nice.fr\/cdesc83\/wp-json\/wp\/v2\/types\/wpbdp_listing"}],"author":[{"embeddable":true,"href":"https:\/\/www.pedagogie.ac-nice.fr\/cdesc83\/wp-json\/wp\/v2\/users\/1"}],"replies":[{"embeddable":true,"href":"https:\/\/www.pedagogie.ac-nice.fr\/cdesc83\/wp-json\/wp\/v2\/comments?post=4153"}],"wp:attachment":[{"href":"https:\/\/www.pedagogie.ac-nice.fr\/cdesc83\/wp-json\/wp\/v2\/media?parent=4153"}],"wp:term":[{"taxonomy":"wpbdp_category","embeddable":true,"href":"https:\/\/www.pedagogie.ac-nice.fr\/cdesc83\/wp-json\/wp\/v2\/wpbdp_category?post=4153"},{"taxonomy":"wpbdp_tag","embeddable":true,"href":"https:\/\/www.pedagogie.ac-nice.fr\/cdesc83\/wp-json\/wp\/v2\/wpbdp_tag?post=4153"}],"curies":[{"name":"wp","href":"https:\/\/api.w.org\/{rel}","templated":true}]}}

Université du Citoyen

<p>L »association a pour objet de :</p>
<ul>
<li>Permettre l&rsquo;apprentissage, la connaissance et l&rsquo;échange des savoirs pour étendre les capacités citoyennes.</li>
<li>Favoriser la participation des citoyens à l&rsquo;élaboration, la mise en œuvre et l&rsquo;évaluation des politiques publiques.</li>
<li>Encourager et soutenir leurs initiatives en prenant en compte leurs expressions individuelles ou/et collectives.</li>
<li>Contribuer à la mise en réseau des associations qui auraient le même objectif et s&rsquo;engageraient conventionnellement à appliquer la méthode Université du Citoyen dont la marque est déposée à l&rsquo;INPI, Former à la méthode en usant de tous supports de communication, sur l&rsquo;ensemble du territoire français et au sein de l&rsquo;union européenne,</li>
</ul>

<p>L »association a pour objet de : Permettre l&rsquo;apprentissage, la connaissance et l&rsquo;échange des savoirs pour étendre les capacités citoyennes. Favoriser la participation des citoyens à l&rsquo;élaboration, la mise en œuvre et l&rsquo;évaluation des politiques publiques. Encourager et soutenir leurs initiatives en prenant en compte leurs expressions individuelles ou/et collectives. Contribuer à la mise en réseau [&hellip;]</p>
