{"id":4757,"date":"2017-04-06T05:17:37","date_gmt":"2017-04-06T03:17:37","guid":{"rendered":"https:\/\/www.pedagogie.ac-nice.fr\/cdesc83\/annuaire-professionnel\/4757\/?post_type=wpbdp_listing&#038;p=4757"},"modified":"2018-04-05T15:58:34","modified_gmt":"2018-04-05T13:58:34","slug":"association-accordheures-en-provence-verte","status":"publish","type":"wpbdp_listing","link":"https:\/\/www.pedagogie.ac-nice.fr\/cdesc83\/annuaire-ordre1\/4757\/association-accordheures-en-provence-verte\/","title":{"rendered":"Association Accord\u2019Heures en Provence Verte"},"content":{"rendered":"<p>L\u2019accorderie a pour mission de combattre la pauvret\u00e9 et l\u2019exclusion sociale en renfor\u00e7ant les solidarit\u00e9s dans la communaut\u00e9 locale entre des personnes d\u2019\u00e2ges, de classes sociales, de nationalit\u00e9s et de sexes diff\u00e9rents<\/p>\n","protected":false},"excerpt":{"rendered":"<p>L\u2019accorderie a pour mission de combattre la pauvret\u00e9 et l\u2019exclusion sociale en renfor\u00e7ant les solidarit\u00e9s dans la communaut\u00e9 locale entre des personnes d\u2019\u00e2ges, de classes sociales, de nationalit\u00e9s et de sexes diff\u00e9rents<\/p>\n","protected":false},"author":5,"featured_media":0,"comment_status":"closed","ping_status":"closed","template":"","meta":{"_et_pb_use_builder":"","_et_pb_old_content":"","_et_gb_content_width":"","ngg_post_thumbnail":0},"wpbdp_category":[7],"wpbdp_tag":[],"class_list":["post-4757","wpbdp_listing","type-wpbdp_listing","status-publish","hentry","wpbdp_category-a"],"post_mailing_queue_ids":[],"_links":{"self":[{"href":"https:\/\/www.pedagogie.ac-nice.fr\/cdesc83\/wp-json\/wp\/v2\/wpbdp_listing\/4757","targetHints":{"allow":["GET"]}}],"collection":[{"href":"https:\/\/www.pedagogie.ac-nice.fr\/cdesc83\/wp-json\/wp\/v2\/wpbdp_listing"}],"about":[{"href":"https:\/\/www.pedagogie.ac-nice.fr\/cdesc83\/wp-json\/wp\/v2\/types\/wpbdp_listing"}],"author":[{"embeddable":true,"href":"https:\/\/www.pedagogie.ac-nice.fr\/cdesc83\/wp-json\/wp\/v2\/users\/5"}],"replies":[{"embeddable":true,"href":"https:\/\/www.pedagogie.ac-nice.fr\/cdesc83\/wp-json\/wp\/v2\/comments?post=4757"}],"wp:attachment":[{"href":"https:\/\/www.pedagogie.ac-nice.fr\/cdesc83\/wp-json\/wp\/v2\/media?parent=4757"}],"wp:term":[{"taxonomy":"wpbdp_category","embeddable":true,"href":"https:\/\/www.pedagogie.ac-nice.fr\/cdesc83\/wp-json\/wp\/v2\/wpbdp_category?post=4757"},{"taxonomy":"wpbdp_tag","embeddable":true,"href":"https:\/\/www.pedagogie.ac-nice.fr\/cdesc83\/wp-json\/wp\/v2\/wpbdp_tag?post=4757"}],"curies":[{"name":"wp","href":"https:\/\/api.w.org\/{rel}","templated":true}]}}

<p>L’accorderie a pour mission de combattre la pauvreté et l’exclusion sociale en renforçant les solidarités dans la communauté locale entre des personnes d’âges, de classes sociales, de nationalités et de sexes différents</p>
