{"id":4778,"date":"2017-04-06T06:31:33","date_gmt":"2017-04-06T04:31:33","guid":{"rendered":"https:\/\/www.pedagogie.ac-nice.fr\/cdesc83\/annuaire-professionnel\/4778\/?post_type=wpbdp_listing&#038;p=4778"},"modified":"2018-04-05T15:58:17","modified_gmt":"2018-04-05T13:58:17","slug":"association-nationale-des-officiers-de-reserve-de-larmee-de-lair","status":"publish","type":"wpbdp_listing","link":"https:\/\/www.pedagogie.ac-nice.fr\/cdesc83\/annuaire-ordre1\/4778\/association-nationale-des-officiers-de-reserve-de-larmee-de-lair\/","title":{"rendered":"Association Nationale des Officiers de R\u00e9serve de l\u2019Arm\u00e9e de l\u2019Air"},"content":{"rendered":"<p>L&rsquo;ANORAA est porteuse d&rsquo;un projet collectif qui rassemble l&rsquo;ensemble de ses membres autour d&rsquo;actions qu&rsquo;elle organise, au plan national et local, pour :<\/p>\n<ul>\n<li>\u00e9veiller, en particulier aupr\u00e8s des jeunes, l&rsquo;int\u00e9r\u00eat pour l&rsquo;arm\u00e9e de l&rsquo;air et la D\u00e9fense<\/li>\n<li>promouvoir les valeurs de solidarit\u00e9, de pers\u00e9v\u00e9rance et de d\u00e9vouement qu&rsquo;illustrent tout sp\u00e9cialement les aviateurs et les pionniers de l&rsquo;a\u00e9ronautique et de l&rsquo;espace<\/li>\n<li>entretenir le devoir de m\u00e9moire et perp\u00e9tuer le souvenir des combattants de l&rsquo;aviation et des grandes heures de l&rsquo;a\u00e9ronautique.<\/li>\n<\/ul>\n<p>Les interventions concernent les classes de 3\u00e8me et de 1\u00e8re : \u00ab\u00a0Histoire de l&rsquo;arm\u00e9e de l&rsquo;air au travers des conflits du XX\u00e8me si\u00e8cle \u00e0 nos jours\u00a0\u00bb :<\/p>\n<ul>\n<li>soit dans le cadre du \u00ab\u00a0forum citoyennet\u00e9\u00a0\u00bb<\/li>\n<li>soit dans le cadre du \u00ab\u00a0Brevet d&rsquo;Initiation A\u00e9ronautique\u00a0\u00bb<\/li>\n<\/ul>\n","protected":false},"excerpt":{"rendered":"<p>L&rsquo;ANORAA est porteuse d&rsquo;un projet collectif qui rassemble l&rsquo;ensemble de ses membres autour d&rsquo;actions qu&rsquo;elle organise, au plan national et local, pour : \u00e9veiller, en particulier aupr\u00e8s des jeunes, l&rsquo;int\u00e9r\u00eat pour l&rsquo;arm\u00e9e de l&rsquo;air et la D\u00e9fense promouvoir les valeurs de solidarit\u00e9, de pers\u00e9v\u00e9rance et de d\u00e9vouement qu&rsquo;illustrent tout sp\u00e9cialement les aviateurs et les pionniers [&hellip;]<\/p>\n","protected":false},"author":5,"featured_media":0,"comment_status":"closed","ping_status":"closed","template":"","meta":{"_et_pb_use_builder":"","_et_pb_old_content":"","_et_gb_content_width":"","ngg_post_thumbnail":0},"wpbdp_category":[7],"wpbdp_tag":[],"class_list":["post-4778","wpbdp_listing","type-wpbdp_listing","status-publish","hentry","wpbdp_category-a"],"post_mailing_queue_ids":[],"_links":{"self":[{"href":"https:\/\/www.pedagogie.ac-nice.fr\/cdesc83\/wp-json\/wp\/v2\/wpbdp_listing\/4778","targetHints":{"allow":["GET"]}}],"collection":[{"href":"https:\/\/www.pedagogie.ac-nice.fr\/cdesc83\/wp-json\/wp\/v2\/wpbdp_listing"}],"about":[{"href":"https:\/\/www.pedagogie.ac-nice.fr\/cdesc83\/wp-json\/wp\/v2\/types\/wpbdp_listing"}],"author":[{"embeddable":true,"href":"https:\/\/www.pedagogie.ac-nice.fr\/cdesc83\/wp-json\/wp\/v2\/users\/5"}],"replies":[{"embeddable":true,"href":"https:\/\/www.pedagogie.ac-nice.fr\/cdesc83\/wp-json\/wp\/v2\/comments?post=4778"}],"wp:attachment":[{"href":"https:\/\/www.pedagogie.ac-nice.fr\/cdesc83\/wp-json\/wp\/v2\/media?parent=4778"}],"wp:term":[{"taxonomy":"wpbdp_category","embeddable":true,"href":"https:\/\/www.pedagogie.ac-nice.fr\/cdesc83\/wp-json\/wp\/v2\/wpbdp_category?post=4778"},{"taxonomy":"wpbdp_tag","embeddable":true,"href":"https:\/\/www.pedagogie.ac-nice.fr\/cdesc83\/wp-json\/wp\/v2\/wpbdp_tag?post=4778"}],"curies":[{"name":"wp","href":"https:\/\/api.w.org\/{rel}","templated":true}]}}

Association Nationale des Officiers de Réserve de l’Armée de l’Air

<p>L&rsquo;ANORAA est porteuse d&rsquo;un projet collectif qui rassemble l&rsquo;ensemble de ses membres autour d&rsquo;actions qu&rsquo;elle organise, au plan national et local, pour :</p>
<ul>
<li>éveiller, en particulier auprès des jeunes, l&rsquo;intérêt pour l&rsquo;armée de l&rsquo;air et la Défense</li>
<li>promouvoir les valeurs de solidarité, de persévérance et de dévouement qu&rsquo;illustrent tout spécialement les aviateurs et les pionniers de l&rsquo;aéronautique et de l&rsquo;espace</li>
<li>entretenir le devoir de mémoire et perpétuer le souvenir des combattants de l&rsquo;aviation et des grandes heures de l&rsquo;aéronautique.</li>
</ul>
<p>Les interventions concernent les classes de 3ème et de 1ère : « Histoire de l&rsquo;armée de l&rsquo;air au travers des conflits du XXème siècle à nos jours » :</p>
<ul>
<li>soit dans le cadre du « forum citoyenneté »</li>
<li>soit dans le cadre du « Brevet d&rsquo;Initiation Aéronautique »</li>
</ul>

<p>L&rsquo;ANORAA est porteuse d&rsquo;un projet collectif qui rassemble l&rsquo;ensemble de ses membres autour d&rsquo;actions qu&rsquo;elle organise, au plan national et local, pour : éveiller, en particulier auprès des jeunes, l&rsquo;intérêt pour l&rsquo;armée de l&rsquo;air et la Défense promouvoir les valeurs de solidarité, de persévérance et de dévouement qu&rsquo;illustrent tout spécialement les aviateurs et les pionniers [&hellip;]</p>
