{"id":4918,"date":"2017-04-08T07:30:09","date_gmt":"2017-04-08T05:30:09","guid":{"rendered":"https:\/\/www.pedagogie.ac-nice.fr\/cdesc83\/annuaire-professionnel\/4918\/?post_type=wpbdp_listing&#038;p=4918"},"modified":"2018-04-05T15:56:45","modified_gmt":"2018-04-05T13:56:45","slug":"maison-des-adolescents-du-var","status":"publish","type":"wpbdp_listing","link":"https:\/\/www.pedagogie.ac-nice.fr\/cdesc83\/annuaire-ordre1\/4918\/maison-des-adolescents-du-var\/","title":{"rendered":"Maison des Adolescents du Var"},"content":{"rendered":"<p>Dans le Var, la maison des adolescents est une structure pluridisciplinaire qui constitue un lieu ressource sur l\u2019adolescence et ses probl\u00e9matiques \u00e0 destination des adolescents, des familles et des professionnels. Les missions de la MDA 83, pour les adolescents et leurs familles :<\/p>\n<ul>\n<li>L\u2019accueil, l\u2019\u00e9coute, l\u2019information, l\u2019\u00e9valuation et l\u2019orientation (interne\/externe)<\/li>\n<li>La prise en charge m\u00e9dicale et psychologique (interne\/externe)<\/li>\n<li>L\u2019accompagnement social, juridique et \u00e9ducatif (interne\/externe)<\/li>\n<li>D\u00e9veloppement et participation \u00e0 des actions de promotion de la sant\u00e9 en direction des adolescents eux-m\u00eames, mais aussi des professionnels en lien avec l\u2019adolescence<\/li>\n<li>La coordination des parcours sur un territoire<\/li>\n<li>L\u2019animation du r\u00e9seau des professionnels<\/li>\n<\/ul>\n","protected":false},"excerpt":{"rendered":"<p>Dans le Var, la maison des adolescents est une structure pluridisciplinaire qui constitue un lieu ressource sur l\u2019adolescence et ses probl\u00e9matiques \u00e0 destination des adolescents, des familles et des professionnels. Les missions de la MDA 83, pour les adolescents et leurs familles : L\u2019accueil, l\u2019\u00e9coute, l\u2019information, l\u2019\u00e9valuation et l\u2019orientation (interne\/externe) La prise en charge m\u00e9dicale [&hellip;]<\/p>\n","protected":false},"author":5,"featured_media":0,"comment_status":"closed","ping_status":"closed","template":"","meta":{"_et_pb_use_builder":"","_et_pb_old_content":"","_et_gb_content_width":"","ngg_post_thumbnail":0},"wpbdp_category":[17],"wpbdp_tag":[],"class_list":["post-4918","wpbdp_listing","type-wpbdp_listing","status-publish","hentry","wpbdp_category-m"],"post_mailing_queue_ids":[],"_links":{"self":[{"href":"https:\/\/www.pedagogie.ac-nice.fr\/cdesc83\/wp-json\/wp\/v2\/wpbdp_listing\/4918","targetHints":{"allow":["GET"]}}],"collection":[{"href":"https:\/\/www.pedagogie.ac-nice.fr\/cdesc83\/wp-json\/wp\/v2\/wpbdp_listing"}],"about":[{"href":"https:\/\/www.pedagogie.ac-nice.fr\/cdesc83\/wp-json\/wp\/v2\/types\/wpbdp_listing"}],"author":[{"embeddable":true,"href":"https:\/\/www.pedagogie.ac-nice.fr\/cdesc83\/wp-json\/wp\/v2\/users\/5"}],"replies":[{"embeddable":true,"href":"https:\/\/www.pedagogie.ac-nice.fr\/cdesc83\/wp-json\/wp\/v2\/comments?post=4918"}],"wp:attachment":[{"href":"https:\/\/www.pedagogie.ac-nice.fr\/cdesc83\/wp-json\/wp\/v2\/media?parent=4918"}],"wp:term":[{"taxonomy":"wpbdp_category","embeddable":true,"href":"https:\/\/www.pedagogie.ac-nice.fr\/cdesc83\/wp-json\/wp\/v2\/wpbdp_category?post=4918"},{"taxonomy":"wpbdp_tag","embeddable":true,"href":"https:\/\/www.pedagogie.ac-nice.fr\/cdesc83\/wp-json\/wp\/v2\/wpbdp_tag?post=4918"}],"curies":[{"name":"wp","href":"https:\/\/api.w.org\/{rel}","templated":true}]}}

<p>Dans le Var, la maison des adolescents est une structure pluridisciplinaire qui constitue un lieu ressource sur l’adolescence et ses problématiques à destination des adolescents, des familles et des professionnels. Les missions de la MDA 83, pour les adolescents et leurs familles :</p>
<ul>
<li>L’accueil, l’écoute, l’information, l’évaluation et l’orientation (interne/externe)</li>
<li>La prise en charge médicale et psychologique (interne/externe)</li>
<li>L’accompagnement social, juridique et éducatif (interne/externe)</li>
<li>Développement et participation à des actions de promotion de la santé en direction des adolescents eux-mêmes, mais aussi des professionnels en lien avec l’adolescence</li>
<li>La coordination des parcours sur un territoire</li>
<li>L’animation du réseau des professionnels</li>
</ul>

<p>Dans le Var, la maison des adolescents est une structure pluridisciplinaire qui constitue un lieu ressource sur l’adolescence et ses problématiques à destination des adolescents, des familles et des professionnels. Les missions de la MDA 83, pour les adolescents et leurs familles : L’accueil, l’écoute, l’information, l’évaluation et l’orientation (interne/externe) La prise en charge médicale [&hellip;]</p>
