{"id":4938,"date":"2017-04-08T09:55:28","date_gmt":"2017-04-08T07:55:28","guid":{"rendered":"https:\/\/www.pedagogie.ac-nice.fr\/cdesc83\/annuaire-professionnel\/4938\/?post_type=wpbdp_listing&#038;p=4938"},"modified":"2018-04-05T15:56:05","modified_gmt":"2018-04-05T13:56:05","slug":"groupe-detude-des-mouvements-de-pensee-en-vue-de-la-protection-de-lindividu-2","status":"publish","type":"wpbdp_listing","link":"https:\/\/www.pedagogie.ac-nice.fr\/cdesc83\/annuaire-ordre1\/4938\/groupe-detude-des-mouvements-de-pensee-en-vue-de-la-protection-de-lindividu-2\/","title":{"rendered":"Groupe d\u2019\u00c9tude des Mouvements de Pens\u00e9e en vue de la Protection de l\u2019Individu"},"content":{"rendered":"<p>\u00c9tude, information et pr\u00e9vention contre les d\u00e9rives sectaires, les abus et radicalismes religieux et les th\u00e9rapeutiques spiritualistes \u00e0 risque.<\/p>\n","protected":false},"excerpt":{"rendered":"<p>\u00c9tude, information et pr\u00e9vention contre les d\u00e9rives sectaires, les abus et radicalismes religieux et les th\u00e9rapeutiques spiritualistes \u00e0 risque.<\/p>\n","protected":false},"author":5,"featured_media":0,"comment_status":"closed","ping_status":"closed","template":"","meta":{"_et_pb_use_builder":"","_et_pb_old_content":"","_et_gb_content_width":"","ngg_post_thumbnail":0},"wpbdp_category":[15],"wpbdp_tag":[],"class_list":["post-4938","wpbdp_listing","type-wpbdp_listing","status-publish","hentry","wpbdp_category-g"],"post_mailing_queue_ids":[],"_links":{"self":[{"href":"https:\/\/www.pedagogie.ac-nice.fr\/cdesc83\/wp-json\/wp\/v2\/wpbdp_listing\/4938","targetHints":{"allow":["GET"]}}],"collection":[{"href":"https:\/\/www.pedagogie.ac-nice.fr\/cdesc83\/wp-json\/wp\/v2\/wpbdp_listing"}],"about":[{"href":"https:\/\/www.pedagogie.ac-nice.fr\/cdesc83\/wp-json\/wp\/v2\/types\/wpbdp_listing"}],"author":[{"embeddable":true,"href":"https:\/\/www.pedagogie.ac-nice.fr\/cdesc83\/wp-json\/wp\/v2\/users\/5"}],"replies":[{"embeddable":true,"href":"https:\/\/www.pedagogie.ac-nice.fr\/cdesc83\/wp-json\/wp\/v2\/comments?post=4938"}],"wp:attachment":[{"href":"https:\/\/www.pedagogie.ac-nice.fr\/cdesc83\/wp-json\/wp\/v2\/media?parent=4938"}],"wp:term":[{"taxonomy":"wpbdp_category","embeddable":true,"href":"https:\/\/www.pedagogie.ac-nice.fr\/cdesc83\/wp-json\/wp\/v2\/wpbdp_category?post=4938"},{"taxonomy":"wpbdp_tag","embeddable":true,"href":"https:\/\/www.pedagogie.ac-nice.fr\/cdesc83\/wp-json\/wp\/v2\/wpbdp_tag?post=4938"}],"curies":[{"name":"wp","href":"https:\/\/api.w.org\/{rel}","templated":true}]}}

Groupe d’Étude des Mouvements de Pensée en vue de la Protection de l’Individu

<p>Étude, information et prévention contre les dérives sectaires, les abus et radicalismes religieux et les thérapeutiques spiritualistes à risque.</p>
