{"id":5003,"date":"2017-04-09T08:25:10","date_gmt":"2017-04-09T06:25:10","guid":{"rendered":"https:\/\/www.pedagogie.ac-nice.fr\/cdesc83\/annuaire-professionnel\/5003\/?post_type=wpbdp_listing&#038;p=5003"},"modified":"2018-04-05T15:55:38","modified_gmt":"2018-04-05T13:55:38","slug":"colibris83-dracenie","status":"publish","type":"wpbdp_listing","link":"https:\/\/www.pedagogie.ac-nice.fr\/cdesc83\/annuaire-ordre1\/5003\/colibris83-dracenie\/","title":{"rendered":"COLIBRIS83-Drac\u00e9nie"},"content":{"rendered":"<p>Cr\u00e9\u00e9 en 2007 sous l\u2019impulsion de Pierre Rabhi, Colibris se mobilise pour la construction d\u2019une soci\u00e9t\u00e9 \u00e9cologique et humaine. L\u2019association place le changement personnel au c\u0153ur de sa raison d\u2019\u00eatre, convaincue que la transformation de la soci\u00e9t\u00e9 est totalement subordonn\u00e9e au changement humain. Colibris s\u2019est donn\u00e9 pour mission d\u2019inspirer, relier et soutenir les citoyens engag\u00e9s dans une d\u00e9marche de transition individuelle et collective.<\/p>\n<p>Les groupes locaux ont pour objectif de mettre en relation des citoyens, des producteurs en AMAP, des associations \u0153uvrant dans ce cadre \u00ab Terre et Humanisme \u00bb et prendre toute initiative (\u00e9tudes, rencontres, r\u00e9unions, publications, \u00e9v\u00e9nements) tendant \u00e0 promouvoir des activit\u00e9s inscrites dans la Charte Internationale pour la Terre et l\u2019Humanisme.<\/p>\n<p>Cette charte d\u00e9fend des valeurs li\u00e9es au respect de notre environnement et au d\u00e9veloppement durable<\/p>\n","protected":false},"excerpt":{"rendered":"<p>Cr\u00e9\u00e9 en 2007 sous l\u2019impulsion de Pierre Rabhi, Colibris se mobilise pour la construction d\u2019une soci\u00e9t\u00e9 \u00e9cologique et humaine. L\u2019association place le changement personnel au c\u0153ur de sa raison d\u2019\u00eatre, convaincue que la transformation de la soci\u00e9t\u00e9 est totalement subordonn\u00e9e au changement humain. Colibris s\u2019est donn\u00e9 pour mission d\u2019inspirer, relier et soutenir les citoyens engag\u00e9s [&hellip;]<\/p>\n","protected":false},"author":5,"featured_media":0,"comment_status":"closed","ping_status":"closed","template":"","meta":{"_et_pb_use_builder":"","_et_pb_old_content":"","_et_gb_content_width":"","ngg_post_thumbnail":0},"wpbdp_category":[9],"wpbdp_tag":[],"class_list":["post-5003","wpbdp_listing","type-wpbdp_listing","status-publish","hentry","wpbdp_category-c"],"post_mailing_queue_ids":[],"_links":{"self":[{"href":"https:\/\/www.pedagogie.ac-nice.fr\/cdesc83\/wp-json\/wp\/v2\/wpbdp_listing\/5003","targetHints":{"allow":["GET"]}}],"collection":[{"href":"https:\/\/www.pedagogie.ac-nice.fr\/cdesc83\/wp-json\/wp\/v2\/wpbdp_listing"}],"about":[{"href":"https:\/\/www.pedagogie.ac-nice.fr\/cdesc83\/wp-json\/wp\/v2\/types\/wpbdp_listing"}],"author":[{"embeddable":true,"href":"https:\/\/www.pedagogie.ac-nice.fr\/cdesc83\/wp-json\/wp\/v2\/users\/5"}],"replies":[{"embeddable":true,"href":"https:\/\/www.pedagogie.ac-nice.fr\/cdesc83\/wp-json\/wp\/v2\/comments?post=5003"}],"wp:attachment":[{"href":"https:\/\/www.pedagogie.ac-nice.fr\/cdesc83\/wp-json\/wp\/v2\/media?parent=5003"}],"wp:term":[{"taxonomy":"wpbdp_category","embeddable":true,"href":"https:\/\/www.pedagogie.ac-nice.fr\/cdesc83\/wp-json\/wp\/v2\/wpbdp_category?post=5003"},{"taxonomy":"wpbdp_tag","embeddable":true,"href":"https:\/\/www.pedagogie.ac-nice.fr\/cdesc83\/wp-json\/wp\/v2\/wpbdp_tag?post=5003"}],"curies":[{"name":"wp","href":"https:\/\/api.w.org\/{rel}","templated":true}]}}

COLIBRIS83-Dracénie

<p>Créé en 2007 sous l’impulsion de Pierre Rabhi, Colibris se mobilise pour la construction d’une société écologique et humaine. L’association place le changement personnel au cœur de sa raison d’être, convaincue que la transformation de la société est totalement subordonnée au changement humain. Colibris s’est donné pour mission d’inspirer, relier et soutenir les citoyens engagés dans une démarche de transition individuelle et collective.</p>
<p>Les groupes locaux ont pour objectif de mettre en relation des citoyens, des producteurs en AMAP, des associations œuvrant dans ce cadre « Terre et Humanisme » et prendre toute initiative (études, rencontres, réunions, publications, événements) tendant à promouvoir des activités inscrites dans la Charte Internationale pour la Terre et l’Humanisme.</p>
<p>Cette charte défend des valeurs liées au respect de notre environnement et au développement durable</p>

<p>Créé en 2007 sous l’impulsion de Pierre Rabhi, Colibris se mobilise pour la construction d’une société écologique et humaine. L’association place le changement personnel au cœur de sa raison d’être, convaincue que la transformation de la société est totalement subordonnée au changement humain. Colibris s’est donné pour mission d’inspirer, relier et soutenir les citoyens engagés [&hellip;]</p>
