{"id":5105,"date":"2017-04-20T13:20:48","date_gmt":"2017-04-20T11:20:48","guid":{"rendered":"https:\/\/www.pedagogie.ac-nice.fr\/cdesc83\/annuaire-professionnel\/5105\/?post_type=wpbdp_listing&#038;p=5105"},"modified":"2018-04-03T16:04:19","modified_gmt":"2018-04-03T14:04:19","slug":"ecole-de-la-deuxieme-chance","status":"publish","type":"wpbdp_listing","link":"https:\/\/www.pedagogie.ac-nice.fr\/cdesc83\/annuaire-ordre1\/5105\/ecole-de-la-deuxieme-chance\/","title":{"rendered":"\u00c9cole de la 2e Chance du Var"},"content":{"rendered":"<blockquote><p>Les \u00c9coles de la 2e Chance (E2C) ont pour objectif d&rsquo;assurer <strong>l&rsquo;insertion sociale, citoyenne\u00a0et professionnelle de jeunes adultes sans qualification et sans emploi<\/strong>. Les E2C sont rassembl\u00e9es autour d&rsquo;une association : \u00ab\u00a0Le R\u00e9seau des \u00c9coles de la 2e Chance\u00a0\u00bb (R\u00e9seau E2C France) depuis juin 2004 autour d&rsquo;une Charte des Principes Fondamentaux. <strong>En\u00a02016, les \u00c9coles de la 2e Chance ont accueilli 14 338 \u00a0jeunes, sans qualification. Elles sont d\u00e9ploy\u00e9s dans\u00a0116 sites\u00a012 R\u00e9gions et 56 d\u00e9partements et 4 ultrap\u00e9riph\u00e9riques.<\/strong> Avec 62 % de sorties positives sur le territoire m\u00e9tropolitain, le dispositif est au c\u0153ur de la probl\u00e9matique sociale &amp; citoyenne des jeunes sans qualification en voie d&rsquo;exclusion. Les E2C sont un compl\u00e9ment aux effort de l&rsquo;enseignement sur les d\u00e9crocheurs et un outil des politiques publiques pour les emplois de demain. Le R\u00e9seau E2C France s&rsquo;inscrit pleinement dans le paysage institutionnel et a mis en place les outils indispensables pour assurer la qualit\u00e9 du dispositif par son <strong>processus de labellisation<\/strong>.<\/p><\/blockquote>\n","protected":false},"excerpt":{"rendered":"<p>Les \u00c9coles de la 2e Chance (E2C) ont pour objectif d&rsquo;assurer l&rsquo;insertion sociale, citoyenne\u00a0et professionnelle de jeunes adultes sans qualification et sans emploi. Les E2C sont rassembl\u00e9es autour d&rsquo;une association : \u00ab\u00a0Le R\u00e9seau des \u00c9coles de la 2e Chance\u00a0\u00bb (R\u00e9seau E2C France) depuis juin 2004 autour d&rsquo;une Charte des Principes Fondamentaux. En\u00a02016, les \u00c9coles de [&hellip;]<\/p>\n","protected":false},"author":5,"featured_media":0,"comment_status":"closed","ping_status":"closed","template":"","meta":{"_et_pb_use_builder":"","_et_pb_old_content":"","_et_gb_content_width":"","ngg_post_thumbnail":0},"wpbdp_category":[10],"wpbdp_tag":[],"class_list":["post-5105","wpbdp_listing","type-wpbdp_listing","status-publish","hentry","wpbdp_category-e"],"post_mailing_queue_ids":[],"_links":{"self":[{"href":"https:\/\/www.pedagogie.ac-nice.fr\/cdesc83\/wp-json\/wp\/v2\/wpbdp_listing\/5105","targetHints":{"allow":["GET"]}}],"collection":[{"href":"https:\/\/www.pedagogie.ac-nice.fr\/cdesc83\/wp-json\/wp\/v2\/wpbdp_listing"}],"about":[{"href":"https:\/\/www.pedagogie.ac-nice.fr\/cdesc83\/wp-json\/wp\/v2\/types\/wpbdp_listing"}],"author":[{"embeddable":true,"href":"https:\/\/www.pedagogie.ac-nice.fr\/cdesc83\/wp-json\/wp\/v2\/users\/5"}],"replies":[{"embeddable":true,"href":"https:\/\/www.pedagogie.ac-nice.fr\/cdesc83\/wp-json\/wp\/v2\/comments?post=5105"}],"wp:attachment":[{"href":"https:\/\/www.pedagogie.ac-nice.fr\/cdesc83\/wp-json\/wp\/v2\/media?parent=5105"}],"wp:term":[{"taxonomy":"wpbdp_category","embeddable":true,"href":"https:\/\/www.pedagogie.ac-nice.fr\/cdesc83\/wp-json\/wp\/v2\/wpbdp_category?post=5105"},{"taxonomy":"wpbdp_tag","embeddable":true,"href":"https:\/\/www.pedagogie.ac-nice.fr\/cdesc83\/wp-json\/wp\/v2\/wpbdp_tag?post=5105"}],"curies":[{"name":"wp","href":"https:\/\/api.w.org\/{rel}","templated":true}]}}

École de la 2e Chance du Var

<blockquote><p>Les Écoles de la 2e Chance (E2C) ont pour objectif d&rsquo;assurer <strong>l&rsquo;insertion sociale, citoyenne et professionnelle de jeunes adultes sans qualification et sans emploi</strong>. Les E2C sont rassemblées autour d&rsquo;une association : « Le Réseau des Écoles de la 2e Chance » (Réseau E2C France) depuis juin 2004 autour d&rsquo;une Charte des Principes Fondamentaux. <strong>En 2016, les Écoles de la 2e Chance ont accueilli 14 338  jeunes, sans qualification. Elles sont déployés dans 116 sites 12 Régions et 56 départements et 4 ultrapériphériques.</strong> Avec 62 % de sorties positives sur le territoire métropolitain, le dispositif est au cœur de la problématique sociale &amp; citoyenne des jeunes sans qualification en voie d&rsquo;exclusion. Les E2C sont un complément aux effort de l&rsquo;enseignement sur les décrocheurs et un outil des politiques publiques pour les emplois de demain. Le Réseau E2C France s&rsquo;inscrit pleinement dans le paysage institutionnel et a mis en place les outils indispensables pour assurer la qualité du dispositif par son <strong>processus de labellisation</strong>.</p></blockquote>

<p>Les Écoles de la 2e Chance (E2C) ont pour objectif d&rsquo;assurer l&rsquo;insertion sociale, citoyenne et professionnelle de jeunes adultes sans qualification et sans emploi. Les E2C sont rassemblées autour d&rsquo;une association : « Le Réseau des Écoles de la 2e Chance » (Réseau E2C France) depuis juin 2004 autour d&rsquo;une Charte des Principes Fondamentaux. En 2016, les Écoles de [&hellip;]</p>
