{"id":164,"date":"2020-12-04T11:26:57","date_gmt":"2020-12-04T10:26:57","guid":{"rendered":"https:\/\/www.pedagogie.ac-nice.fr\/daac-poesie\/?page_id=164"},"modified":"2020-12-04T11:26:57","modified_gmt":"2020-12-04T10:26:57","slug":"protection-des-donnees","status":"publish","type":"page","link":"https:\/\/www.pedagogie.ac-nice.fr\/daac-poesie\/protection-des-donnees\/","title":{"rendered":"Protection des donn\u00e9es"},"content":{"rendered":"<p><strong>Tu veux envoyer ton po\u00e8me pour participer au Printemps des po\u00e8tes 2021 ? Voici, la d\u00e9marche&#8230;<\/strong><\/p>\n<p>Tu as \u00e9crit ton texte po\u00e9tique et tu veux le partager avec nous&nbsp;?<br \/>\nRien de plus simple&nbsp;:<\/p>\n<ol>\n<li>envoie ton po\u00e8me dans la boite \u00ab\u00a0ENVOYER SON POEME\u00a0\u00bb \u00e0 droite de la page, juste l\u00e0 =&gt; =&gt; =&gt; =&gt;<\/li>\n<li>remplis l&rsquo;autorisation&nbsp;de publication (obligatoire)\n<ul>\n<li><strong><a href=\"https:\/\/cache.media.eduscol.education.fr\/file\/Actions_educatives\/63\/7\/MODELE_Autorisation_captation_Mineur_1245298_1253637.docx\">autorisation si tu es mineur<\/a><\/strong><\/li>\n<li><strong><a href=\"https:\/\/cache.media.eduscol.education.fr\/file\/Actions_educatives\/63\/9\/MODELE_Autorisation_captation_Majeur_1245296_1253639.docx\">autorisation si tu es majeur<\/a><\/strong><\/li>\n<li><strong><a href=\"https:\/\/eduscol.education.fr\/cid149770\/protection-des-donnees-personnelles.html\" target=\"_blank\" rel=\"noopener noreferrer\">pourquoi faut-il une autorisation ?<\/a><\/strong><\/li>\n<\/ul>\n<\/li>\n<li>envoie ton autorisation par courriel (<a href=\"mailto:livredaac@ac-nice.fr\">l<strong>ivredaac@ac-nice.fr<\/strong><\/a>)\n<ul>\n<li>attention : \u00e9cris en objet du courriel <em>Autorisation + ton nom et ton pr\u00e9nom<\/em><\/li>\n<\/ul>\n<\/li>\n<\/ol>\n<p>Tu as \u00e9crit ton texte po\u00e9tique mais tu veux le lire et envoyer l&rsquo;enregistrement de ta voix ?<br \/>\nC\u2019est simple mais il te faudra un peu plus de courage\u2026<\/p>\n<ol>\n<li>enregistre-toi et pour cela :\n<ul>\n<li>utiliser l\u2019enregistreur en ligne <a href=\"https:\/\/www.lelivrescolaire.fr\/labo-langues\">Le livre scolaire<\/a> ou l\u2019enregistreur vocal de ton t\u00e9l\u00e9phone, ta tablette, &#8230;<\/li>\n<li>&nbsp;utiliser \u00e9ventuellement un logiciel de traitement de son (<a href=\"https:\/\/occitanie-canope.canoprof.fr\/eleve\/audio\/traitement-audio\/res\/Fiche-nL3-Audacity-Manipulations.pdf\">Audacity<\/a>, <a href=\"https:\/\/www.maisondelaradio.fr\/page\/lappli-franceinfo-junior\">L&rsquo;appli France Info Junior<\/a>) pour am\u00e9liorer ton enregistrement et le mettre au format mp3<\/li>\n<\/ul>\n<\/li>\n<li>remplis l&rsquo;autorisation&nbsp;de publication (obligatoire)\n<ul>\n<li><strong><a href=\"https:\/\/cache.media.eduscol.education.fr\/file\/Actions_educatives\/63\/7\/MODELE_Autorisation_captation_Mineur_1245298_1253637.docx\">autorisation si tu es mineur<\/a><\/strong><\/li>\n<li><strong><a href=\"https:\/\/cache.media.eduscol.education.fr\/file\/Actions_educatives\/63\/9\/MODELE_Autorisation_captation_Majeur_1245296_1253639.docx\">autorisation si tu es majeur<\/a><\/strong><\/li>\n<li><strong><a href=\"https:\/\/eduscol.education.fr\/cid149770\/protection-des-donnees-personnelles.html\" target=\"_blank\" rel=\"noopener noreferrer\">pourquoi faut-il une autorisation ?<\/a><\/strong><\/li>\n<\/ul>\n<\/li>\n<li>envoie ton po\u00e8me en version papier, ton po\u00e8me en format audio mp3 et l\u2019autorisation par courriel <strong>(<a href=\"mailto:livredaac@ac-nice.fr\">livredaac@ac-nice.fr<\/a><\/strong>)<\/li>\n<\/ol>\n<p>Tu as d\u00e9j\u00e0 \u00e9crit ton texte po\u00e9tique mais tu veux le r\u00e9citer et envoyer la vid\u00e9o ?<br \/>\nTu es vraiment tr\u00e8s courageux\u00b7euse&nbsp;:<\/p>\n<ol>\n<li>filme-toi et pour cela, utilise :\n<ul>\n<li>la cam\u00e9ra de ton t\u00e9l\u00e9phone, de ta tablette ou de ton appareil photo<\/li>\n<li>un logiciel de traitement d\u2019image \u00e0 t\u00e9l\u00e9charger<\/li>\n<\/ul>\n<\/li>\n<li>remplis l&rsquo;autorisation&nbsp;de publication (obligatoire)\n<ul>\n<li><strong><a href=\"https:\/\/cache.media.eduscol.education.fr\/file\/Actions_educatives\/63\/7\/MODELE_Autorisation_captation_Mineur_1245298_1253637.docx\">autorisation si tu es mineur<\/a><\/strong><\/li>\n<li><strong><a href=\"https:\/\/cache.media.eduscol.education.fr\/file\/Actions_educatives\/63\/9\/MODELE_Autorisation_captation_Majeur_1245296_1253639.docx\">autorisation si tu es majeur<\/a><\/strong><\/li>\n<li><strong><a href=\"https:\/\/eduscol.education.fr\/cid149770\/protection-des-donnees-personnelles.html\" target=\"_blank\" rel=\"noopener noreferrer\">pourquoi faut-il une autorisation ?<\/a><\/strong><\/li>\n<\/ul>\n<\/li>\n<li>envoie ton po\u00e8me en version papier, ton po\u00e8me en format vid\u00e9o mp4 et l\u2019autorisation par courriel (<strong><a href=\"mailto:livredaac@ac-nice.fr\">livredaac@ac-nice.fr<\/a><\/strong>)<\/li>\n<\/ol>\n<p>A toi de jouer !<\/p>\n<p>&nbsp;<\/p>\n","protected":false},"excerpt":{"rendered":"<p>Tu veux envoyer ton po\u00e8me pour participer au Printemps des po\u00e8tes 2021 ? Voici, la d\u00e9marche&#8230; Tu as \u00e9crit ton texte po\u00e9tique et tu veux le partager avec nous&nbsp;? Rien de plus simple&nbsp;: envoie ton po\u00e8me dans la boite \u00ab\u00a0ENVOYER SON POEME\u00a0\u00bb \u00e0 droite de la page, juste l\u00e0 =&gt; =&gt; =&gt; =&gt; remplis l&rsquo;autorisation&nbsp;de [&hellip;]<\/p>\n","protected":false},"author":217,"featured_media":0,"parent":0,"menu_order":0,"comment_status":"closed","ping_status":"closed","template":"","meta":{"_et_pb_use_builder":"","_et_pb_old_content":"","_et_gb_content_width":"","ngg_post_thumbnail":0,"footnotes":""},"class_list":["post-164","page","type-page","status-publish","hentry"],"rttpg_featured_image_url":null,"rttpg_author":{"display_name":"Livre DAAC","author_link":"https:\/\/www.pedagogie.ac-nice.fr\/daac-poesie\/author\/tscartoni\/"},"rttpg_comment":0,"rttpg_category":null,"rttpg_excerpt":"Tu veux envoyer ton po\u00e8me pour participer au Printemps des po\u00e8tes 2021 ? Voici, la d\u00e9marche&#8230; Tu as \u00e9crit ton texte po\u00e9tique et tu veux le partager avec nous&nbsp;? Rien de plus simple&nbsp;: envoie ton po\u00e8me dans la boite \u00ab\u00a0ENVOYER SON POEME\u00a0\u00bb \u00e0 droite de la page, juste l\u00e0 =&gt; =&gt; =&gt; =&gt; remplis l&rsquo;autorisation&nbsp;de\u2026","post_mailing_queue_ids":[],"_links":{"self":[{"href":"https:\/\/www.pedagogie.ac-nice.fr\/daac-poesie\/wp-json\/wp\/v2\/pages\/164","targetHints":{"allow":["GET"]}}],"collection":[{"href":"https:\/\/www.pedagogie.ac-nice.fr\/daac-poesie\/wp-json\/wp\/v2\/pages"}],"about":[{"href":"https:\/\/www.pedagogie.ac-nice.fr\/daac-poesie\/wp-json\/wp\/v2\/types\/page"}],"author":[{"embeddable":true,"href":"https:\/\/www.pedagogie.ac-nice.fr\/daac-poesie\/wp-json\/wp\/v2\/users\/217"}],"replies":[{"embeddable":true,"href":"https:\/\/www.pedagogie.ac-nice.fr\/daac-poesie\/wp-json\/wp\/v2\/comments?post=164"}],"version-history":[{"count":1,"href":"https:\/\/www.pedagogie.ac-nice.fr\/daac-poesie\/wp-json\/wp\/v2\/pages\/164\/revisions"}],"predecessor-version":[{"id":165,"href":"https:\/\/www.pedagogie.ac-nice.fr\/daac-poesie\/wp-json\/wp\/v2\/pages\/164\/revisions\/165"}],"wp:attachment":[{"href":"https:\/\/www.pedagogie.ac-nice.fr\/daac-poesie\/wp-json\/wp\/v2\/media?parent=164"}],"curies":[{"name":"wp","href":"https:\/\/api.w.org\/{rel}","templated":true}]}}