{"id":10761,"date":"2022-01-21T12:11:30","date_gmt":"2022-01-21T11:11:30","guid":{"rendered":"https:\/\/www.pedagogie.ac-nice.fr\/daac\/?page_id=10761"},"modified":"2022-01-21T12:15:24","modified_gmt":"2022-01-21T11:15:24","slug":"camps-ad-83-camps-dinternes-civils","status":"publish","type":"page","link":"https:\/\/www.pedagogie.ac-nice.fr\/daac\/camps-ad-83-camps-dinternes-civils\/","title":{"rendered":"camps AD 83 camps d&rsquo;intern\u00e9s civils"},"content":{"rendered":"<p>[et_pb_section fb_built=\u00a0\u00bb1&Prime; _builder_version=\u00a0\u00bb4.10.7&Prime; _module_preset=\u00a0\u00bbdefault\u00a0\u00bb global_colors_info=\u00a0\u00bb{}\u00a0\u00bb][et_pb_row column_structure=\u00a0\u00bb2_5,3_5&Prime; _builder_version=\u00a0\u00bb4.10.7&Prime; _module_preset=\u00a0\u00bbdefault\u00a0\u00bb global_colors_info=\u00a0\u00bb{}\u00a0\u00bb][et_pb_column type=\u00a0\u00bb2_5&Prime; _builder_version=\u00a0\u00bb4.10.7&Prime; _module_preset=\u00a0\u00bbdefault\u00a0\u00bb global_colors_info=\u00a0\u00bb{}\u00a0\u00bb][et_pb_text admin_label=\u00a0\u00bbAD 83&Prime; _builder_version=\u00a0\u00bb4.10.7&Prime; _module_preset=\u00a0\u00bbdefault\u00a0\u00bb global_colors_info=\u00a0\u00bb{}\u00a0\u00bb]<\/p>\n<p><a href=\"https:\/\/archives.var.fr\/\" target=\"_blank\" rel=\"noopener\"><img loading=\"lazy\" decoding=\"async\" class=\"aligncenter wp-image-1383 size-medium\" src=\"https:\/\/www.pedagogie.ac-nice.fr\/daac\/wp-content\/uploads\/sites\/37\/2020\/11\/ADVAR-300x94.png\" alt=\"logo des archives d\u00e9partementales du Var. En un clic, retrouvez les ressources propos\u00e9es aux enseignants\" width=\"300\" height=\"94\" srcset=\"https:\/\/www.pedagogie.ac-nice.fr\/daac\/wp-content\/uploads\/sites\/37\/2020\/11\/ADVAR-300x94.png 300w, https:\/\/www.pedagogie.ac-nice.fr\/daac\/wp-content\/uploads\/sites\/37\/2020\/11\/ADVAR.png 472w\" sizes=\"(max-width: 300px) 100vw, 300px\" \/><\/a><\/p>\n<p>[\/et_pb_text][et_pb_divider _builder_version=\u00a0\u00bb4.10.7&Prime; _module_preset=\u00a0\u00bbdefault\u00a0\u00bb global_colors_info=\u00a0\u00bb{}\u00a0\u00bb][\/et_pb_divider][et_pb_text admin_label=\u00a0\u00bbRDV soir\u00a0\u00bb _builder_version=\u00a0\u00bb4.10.7&Prime; _module_preset=\u00a0\u00bbdefault\u00a0\u00bb global_colors_info=\u00a0\u00bb{}\u00a0\u00bb custom_margin=\u00a0\u00bb-17px|||||\u00a0\u00bb]<\/p>\n<p><a href=\"https:\/\/www.pedagogie.ac-nice.fr\/daac\/rdv-du-soir\/\" target=\"_blank\" rel=\"noopener\"><img loading=\"lazy\" decoding=\"async\" class=\"aligncenter wp-image-5391\" src=\"https:\/\/www.pedagogie.ac-nice.fr\/daac\/wp-content\/uploads\/sites\/37\/2021\/09\/rdv_soir_visuel.jpg\" alt=\"\" width=\"220\" height=\"149\"><\/a><\/p>\n<p>[\/et_pb_text][et_pb_divider _builder_version=\u00a0\u00bb4.10.7&Prime; _module_preset=\u00a0\u00bbdefault\u00a0\u00bb global_colors_info=\u00a0\u00bb{}\u00a0\u00bb custom_margin=\u00a0\u00bb26px|||||\u00a0\u00bb][\/et_pb_divider][et_pb_text admin_label=\u00a0\u00bbPatrimoine\u00a0\u00bb _builder_version=\u00a0\u00bb4.10.7&Prime; _module_preset=\u00a0\u00bbdefault\u00a0\u00bb global_colors_info=\u00a0\u00bb{}\u00a0\u00bb custom_margin=\u00a0\u00bb-26px|||||\u00a0\u00bb]<\/p>\n<p><a href=\"https:\/\/www.pedagogie.ac-nice.fr\/daac\/patrimoines-memoires-2021\/\" target=\"_blank\" rel=\"noopener\"><img loading=\"lazy\" decoding=\"async\" class=\"aligncenter wp-image-5925 size-medium\" src=\"https:\/\/www.pedagogie.ac-nice.fr\/daac\/wp-content\/uploads\/sites\/37\/2021\/09\/patrimoine_memoires-300x192.png\" alt=\"\" width=\"300\" height=\"192\" srcset=\"https:\/\/www.pedagogie.ac-nice.fr\/daac\/wp-content\/uploads\/sites\/37\/2021\/09\/patrimoine_memoires-300x192.png 300w, https:\/\/www.pedagogie.ac-nice.fr\/daac\/wp-content\/uploads\/sites\/37\/2021\/09\/patrimoine_memoires.png 347w\" sizes=\"(max-width: 300px) 100vw, 300px\" \/><\/a><\/p>\n<p>[\/et_pb_text][\/et_pb_column][et_pb_column type=\u00a0\u00bb3_5&Prime; _builder_version=\u00a0\u00bb4.10.7&Prime; _module_preset=\u00a0\u00bbdefault\u00a0\u00bb global_colors_info=\u00a0\u00bb{}\u00a0\u00bb][et_pb_text admin_label=\u00a0\u00bbphoto\u00a0\u00bb _builder_version=\u00a0\u00bb4.10.7&Prime; _module_preset=\u00a0\u00bbdefault\u00a0\u00bb hover_enabled=\u00a0\u00bb0&Prime; global_colors_info=\u00a0\u00bb{}\u00a0\u00bb sticky_enabled=\u00a0\u00bb0&Prime;]<\/p>\n<p><img loading=\"lazy\" decoding=\"async\" class=\"alignnone size-medium wp-image-10701 aligncenter\" src=\"https:\/\/www.pedagogie.ac-nice.fr\/daac\/wp-content\/uploads\/sites\/37\/2022\/01\/AD83_civils_2eGM-300x217.jpg\" alt=\"\" width=\"300\" height=\"217\" srcset=\"https:\/\/www.pedagogie.ac-nice.fr\/daac\/wp-content\/uploads\/sites\/37\/2022\/01\/AD83_civils_2eGM-300x217.jpg 300w, https:\/\/www.pedagogie.ac-nice.fr\/daac\/wp-content\/uploads\/sites\/37\/2022\/01\/AD83_civils_2eGM-768x556.jpg 768w, https:\/\/www.pedagogie.ac-nice.fr\/daac\/wp-content\/uploads\/sites\/37\/2022\/01\/AD83_civils_2eGM.jpg 900w\" sizes=\"(max-width: 300px) 100vw, 300px\" \/><\/p>\n<p>[\/et_pb_text][et_pb_text _builder_version=\u00a0\u00bb4.10.7&Prime; _module_preset=\u00a0\u00bbdefault\u00a0\u00bb global_colors_info=\u00a0\u00bb{}\u00a0\u00bb]<\/p>\n<h2 class=\"sous_titre\" style=\"text-align: center;\"><span style=\"color: #000000;\">\u00ab\u00a0Les camps d&rsquo;intern\u00e9s civils austro-allemands du Var durant la Grande Guerre\u00a0\u00bb par St\u00e9phane KRONENBERGER, docteur en histoire \u00e0 l&rsquo;universit\u00e9 C\u00f4te d&rsquo;Azur<\/span><\/h2>\n<p style=\"text-align: justify;\"><span style=\"color: #000000;\">Au cours du premier conflit mondial, la France d\u00e9cide pour la premi\u00e8re fois d\u2019interner des civils ennemis dans des camps dits de concentration, majoritairement implant\u00e9s dans des b\u00e2timents militaires ou religieux. \u00c9loign\u00e9es de la fronti\u00e8re allemande, les r\u00e9gions de l\u2019Ouest et du Sud de la France re\u00e7oivent la majorit\u00e9 de ces lieux de r\u00e9tention, dont trois se trouvent dans le Var \u00e0 Brignoles, Saint-Maximin et Saint-Tropez. Un quatri\u00e8me, au caract\u00e8re particulier, accueille \u00e0 Draguignan, durant leur temps de repos, les individus d\u00e9tach\u00e9s aux travaux agricoles.<\/span><\/p>\n<p style=\"text-align: center;\"><strong><span style=\"color: #ff00ff;\">Date et horaire : le jeudi 27 janvier 2022 \u00e0 18h00<\/span><\/strong><\/p>\n<p><span style=\"color: #000000;\">Lieu : Auditorium du P\u00f4le culturel Chabran, Draguignan<\/span><\/p>\n<p><span style=\"color: #000000;\">Entr\u00e9e gratuite sans r\u00e9servation avec le respect des consignes sanitaires en vigueur<\/span><\/p>\n<p><span style=\"color: #000000;\"><a style=\"color: #000000;\" href=\"https:\/\/archives.var.fr\/article.php?laref=13837&amp;titre=conference-janvier-2022\" target=\"_blank\" rel=\"noopener\">Toutes les informations ici<\/a><\/span><\/p>\n<p>[\/et_pb_text][\/et_pb_column][\/et_pb_row][\/et_pb_section]<\/p>\n","protected":false},"excerpt":{"rendered":"<p>\u00ab\u00a0Les camps d&rsquo;intern\u00e9s civils austro-allemands du Var durant la Grande Guerre\u00a0\u00bb par St\u00e9phane KRONENBERGER, docteur en histoire \u00e0 l&rsquo;universit\u00e9 C\u00f4te d&rsquo;Azur Au cours du premier conflit mondial, la France d\u00e9cide pour la premi\u00e8re fois d\u2019interner des civils ennemis dans des camps dits de concentration, majoritairement implant\u00e9s dans des b\u00e2timents militaires ou religieux. \u00c9loign\u00e9es de la [&hellip;]<\/p>\n","protected":false},"author":241,"featured_media":0,"parent":0,"menu_order":0,"comment_status":"closed","ping_status":"closed","template":"","meta":{"_et_pb_use_builder":"on","_et_pb_old_content":"","_et_gb_content_width":"","ngg_post_thumbnail":0,"footnotes":""},"class_list":["post-10761","page","type-page","status-publish","hentry"],"rttpg_featured_image_url":null,"rttpg_author":{"display_name":"daacadmin","author_link":"https:\/\/www.pedagogie.ac-nice.fr\/daac\/author\/daacadmin\/"},"rttpg_comment":0,"rttpg_category":null,"rttpg_excerpt":"\"Les camps d'intern\u00e9s civils austro-allemands du Var durant la Grande Guerre\" par St\u00e9phane KRONENBERGER, docteur en histoire \u00e0 l'universit\u00e9 C\u00f4te d'Azur Au cours du premier conflit mondial, la France d\u00e9cide pour la premi\u00e8re fois d\u2019interner des civils ennemis dans des camps dits de concentration, majoritairement implant\u00e9s dans des b\u00e2timents militaires ou religieux. \u00c9loign\u00e9es de la\u2026","post_mailing_queue_ids":[],"_links":{"self":[{"href":"https:\/\/www.pedagogie.ac-nice.fr\/daac\/wp-json\/wp\/v2\/pages\/10761","targetHints":{"allow":["GET"]}}],"collection":[{"href":"https:\/\/www.pedagogie.ac-nice.fr\/daac\/wp-json\/wp\/v2\/pages"}],"about":[{"href":"https:\/\/www.pedagogie.ac-nice.fr\/daac\/wp-json\/wp\/v2\/types\/page"}],"author":[{"embeddable":true,"href":"https:\/\/www.pedagogie.ac-nice.fr\/daac\/wp-json\/wp\/v2\/users\/241"}],"replies":[{"embeddable":true,"href":"https:\/\/www.pedagogie.ac-nice.fr\/daac\/wp-json\/wp\/v2\/comments?post=10761"}],"version-history":[{"count":6,"href":"https:\/\/www.pedagogie.ac-nice.fr\/daac\/wp-json\/wp\/v2\/pages\/10761\/revisions"}],"predecessor-version":[{"id":10771,"href":"https:\/\/www.pedagogie.ac-nice.fr\/daac\/wp-json\/wp\/v2\/pages\/10761\/revisions\/10771"}],"wp:attachment":[{"href":"https:\/\/www.pedagogie.ac-nice.fr\/daac\/wp-json\/wp\/v2\/media?parent=10761"}],"curies":[{"name":"wp","href":"https:\/\/api.w.org\/{rel}","templated":true}]}}

camps AD 83 camps d&rsquo;internés civils

<p>[et_pb_section fb_built= »1&Prime; _builder_version= »4.10.7&Prime; _module_preset= »default » global_colors_info= »{} »][et_pb_row column_structure= »2_5,3_5&Prime; _builder_version= »4.10.7&Prime; _module_preset= »default » global_colors_info= »{} »][et_pb_column type= »2_5&Prime; _builder_version= »4.10.7&Prime; _module_preset= »default » global_colors_info= »{} »][et_pb_text admin_label= »AD 83&Prime; _builder_version= »4.10.7&Prime; _module_preset= »default » global_colors_info= »{} »]</p>
<p><a href="https://archives.var.fr/" target="_blank" rel="noopener"><img loading="lazy" decoding="async" class="aligncenter wp-image-1383 size-medium" src="https://www.pedagogie.ac-nice.fr/daac/wp-content/uploads/sites/37/2020/11/ADVAR-300x94.png" alt="logo des archives départementales du Var. En un clic, retrouvez les ressources proposées aux enseignants" width="300" height="94" srcset="https://www.pedagogie.ac-nice.fr/daac/wp-content/uploads/sites/37/2020/11/ADVAR-300x94.png 300w, https://www.pedagogie.ac-nice.fr/daac/wp-content/uploads/sites/37/2020/11/ADVAR.png 472w" sizes="(max-width: 300px) 100vw, 300px" /></a></p>
<p>[/et_pb_text][et_pb_divider _builder_version= »4.10.7&Prime; _module_preset= »default » global_colors_info= »{} »][/et_pb_divider][et_pb_text admin_label= »RDV soir » _builder_version= »4.10.7&Prime; _module_preset= »default » global_colors_info= »{} » custom_margin= »-17px||||| »]</p>
<p><a href="https://www.pedagogie.ac-nice.fr/daac/rdv-du-soir/" target="_blank" rel="noopener"><img loading="lazy" decoding="async" class="aligncenter wp-image-5391" src="https://www.pedagogie.ac-nice.fr/daac/wp-content/uploads/sites/37/2021/09/rdv_soir_visuel.jpg" alt="" width="220" height="149"></a></p>
<p>[/et_pb_text][et_pb_divider _builder_version= »4.10.7&Prime; _module_preset= »default » global_colors_info= »{} » custom_margin= »26px||||| »][/et_pb_divider][et_pb_text admin_label= »Patrimoine » _builder_version= »4.10.7&Prime; _module_preset= »default » global_colors_info= »{} » custom_margin= »-26px||||| »]</p>
<p><a href="https://www.pedagogie.ac-nice.fr/daac/patrimoines-memoires-2021/" target="_blank" rel="noopener"><img loading="lazy" decoding="async" class="aligncenter wp-image-5925 size-medium" src="https://www.pedagogie.ac-nice.fr/daac/wp-content/uploads/sites/37/2021/09/patrimoine_memoires-300x192.png" alt="" width="300" height="192" srcset="https://www.pedagogie.ac-nice.fr/daac/wp-content/uploads/sites/37/2021/09/patrimoine_memoires-300x192.png 300w, https://www.pedagogie.ac-nice.fr/daac/wp-content/uploads/sites/37/2021/09/patrimoine_memoires.png 347w" sizes="(max-width: 300px) 100vw, 300px" /></a></p>
<p>[/et_pb_text][/et_pb_column][et_pb_column type= »3_5&Prime; _builder_version= »4.10.7&Prime; _module_preset= »default » global_colors_info= »{} »][et_pb_text admin_label= »photo » _builder_version= »4.10.7&Prime; _module_preset= »default » hover_enabled= »0&Prime; global_colors_info= »{} » sticky_enabled= »0&Prime;]</p>
<p><img loading="lazy" decoding="async" class="alignnone size-medium wp-image-10701 aligncenter" src="https://www.pedagogie.ac-nice.fr/daac/wp-content/uploads/sites/37/2022/01/AD83_civils_2eGM-300x217.jpg" alt="" width="300" height="217" srcset="https://www.pedagogie.ac-nice.fr/daac/wp-content/uploads/sites/37/2022/01/AD83_civils_2eGM-300x217.jpg 300w, https://www.pedagogie.ac-nice.fr/daac/wp-content/uploads/sites/37/2022/01/AD83_civils_2eGM-768x556.jpg 768w, https://www.pedagogie.ac-nice.fr/daac/wp-content/uploads/sites/37/2022/01/AD83_civils_2eGM.jpg 900w" sizes="(max-width: 300px) 100vw, 300px" /></p>
<p>[/et_pb_text][et_pb_text _builder_version= »4.10.7&Prime; _module_preset= »default » global_colors_info= »{} »]</p>
<h2 class="sous_titre" style="text-align: center;"><span style="color: #000000;">« Les camps d&rsquo;internés civils austro-allemands du Var durant la Grande Guerre » par Stéphane KRONENBERGER, docteur en histoire à l&rsquo;université Côte d&rsquo;Azur</span></h2>
<p style="text-align: justify;"><span style="color: #000000;">Au cours du premier conflit mondial, la France décide pour la première fois d’interner des civils ennemis dans des camps dits de concentration, majoritairement implantés dans des bâtiments militaires ou religieux. Éloignées de la frontière allemande, les régions de l’Ouest et du Sud de la France reçoivent la majorité de ces lieux de rétention, dont trois se trouvent dans le Var à Brignoles, Saint-Maximin et Saint-Tropez. Un quatrième, au caractère particulier, accueille à Draguignan, durant leur temps de repos, les individus détachés aux travaux agricoles.</span></p>
<p style="text-align: center;"><strong><span style="color: #ff00ff;">Date et horaire : le jeudi 27 janvier 2022 à 18h00</span></strong></p>
<p><span style="color: #000000;">Lieu : Auditorium du Pôle culturel Chabran, Draguignan</span></p>
<p><span style="color: #000000;">Entrée gratuite sans réservation avec le respect des consignes sanitaires en vigueur</span></p>
<p><span style="color: #000000;"><a style="color: #000000;" href="https://archives.var.fr/article.php?laref=13837&amp;titre=conference-janvier-2022" target="_blank" rel="noopener">Toutes les informations ici</a></span></p>
<p>[/et_pb_text][/et_pb_column][/et_pb_row][/et_pb_section]</p>

<p>« Les camps d&rsquo;internés civils austro-allemands du Var durant la Grande Guerre » par Stéphane KRONENBERGER, docteur en histoire à l&rsquo;université Côte d&rsquo;Azur Au cours du premier conflit mondial, la France décide pour la première fois d’interner des civils ennemis dans des camps dits de concentration, majoritairement implantés dans des bâtiments militaires ou religieux. Éloignées de la [&hellip;]</p>

"Les camps d'internés civils austro-allemands du Var durant la Grande Guerre" par Stéphane KRONENBERGER, docteur en histoire à l'université Côte d'Azur Au cours du premier conflit mondial, la France décide pour la première fois d’interner des civils ennemis dans des camps dits de concentration, majoritairement implantés dans des bâtiments militaires ou religieux. Éloignées de la…
