{"id":10927,"date":"2022-01-22T21:19:42","date_gmt":"2022-01-22T20:19:42","guid":{"rendered":"https:\/\/www.pedagogie.ac-nice.fr\/daac\/?page_id=10927"},"modified":"2022-01-23T09:07:53","modified_gmt":"2022-01-23T08:07:53","slug":"recitons-aujourdhui","status":"publish","type":"page","link":"https:\/\/www.pedagogie.ac-nice.fr\/daac\/recitons-aujourdhui\/","title":{"rendered":"R\u00e9citons aujourd&rsquo;hui"},"content":{"rendered":"<p>[et_pb_section fb_built=\u00a0\u00bb1&Prime; _builder_version=\u00a0\u00bb4.10.7&Prime; _module_preset=\u00a0\u00bbdefault\u00a0\u00bb global_colors_info=\u00a0\u00bb{}\u00a0\u00bb][et_pb_row column_structure=\u00a0\u00bb1_3,2_3&Prime; _builder_version=\u00a0\u00bb4.10.7&Prime; _module_preset=\u00a0\u00bbdefault\u00a0\u00bb global_colors_info=\u00a0\u00bb{}\u00a0\u00bb][et_pb_column type=\u00a0\u00bb1_3&Prime; _builder_version=\u00a0\u00bb4.10.7&Prime; _module_preset=\u00a0\u00bbdefault\u00a0\u00bb global_colors_info=\u00a0\u00bb{}\u00a0\u00bb][et_pb_text admin_label=\u00a0\u00bbvisuel domaine\u00a0\u00bb _builder_version=\u00a0\u00bb4.10.7&Prime; _module_preset=\u00a0\u00bbdefault\u00a0\u00bb global_colors_info=\u00a0\u00bb{}\u00a0\u00bb]<\/p>\n<p><a href=\"https:\/\/www.pedagogie.ac-nice.fr\/daac\/domaine-reseau-du-livre\/\" target=\"_blank\" rel=\"noopener\"><img loading=\"lazy\" decoding=\"async\" class=\"aligncenter wp-image-8025 size-full\" src=\"https:\/\/www.pedagogie.ac-nice.fr\/daac\/wp-content\/uploads\/sites\/37\/2021\/09\/actualites_livre-1.png\" alt=\"\" width=\"276\" height=\"183\"><\/a><\/p>\n<p>[\/et_pb_text][\/et_pb_column][et_pb_column type=\u00a0\u00bb2_3&Prime; _builder_version=\u00a0\u00bb4.10.7&Prime; _module_preset=\u00a0\u00bbdefault\u00a0\u00bb global_colors_info=\u00a0\u00bb{}\u00a0\u00bb][et_pb_text admin_label=\u00a0\u00bbvisuel r\u00e9citons aujourd&rsquo;hui\u00a0\u00bb _builder_version=\u00a0\u00bb4.10.7&Prime; _module_preset=\u00a0\u00bbdefault\u00a0\u00bb global_colors_info=\u00a0\u00bb{}\u00a0\u00bb]<\/p>\n<p><img loading=\"lazy\" decoding=\"async\" class=\"alignnone wp-image-10902 size-full\" src=\"https:\/\/www.pedagogie.ac-nice.fr\/daac\/wp-content\/uploads\/sites\/37\/2022\/01\/RecitonsBNF.jpg\" alt=\"\" width=\"643\" height=\"429\" srcset=\"https:\/\/www.pedagogie.ac-nice.fr\/daac\/wp-content\/uploads\/sites\/37\/2022\/01\/RecitonsBNF.jpg 643w, https:\/\/www.pedagogie.ac-nice.fr\/daac\/wp-content\/uploads\/sites\/37\/2022\/01\/RecitonsBNF-300x200.jpg 300w\" sizes=\"(max-width: 643px) 100vw, 643px\" \/><\/p>\n<p>[\/et_pb_text][et_pb_text _builder_version=\u00a0\u00bb4.10.7&Prime; _module_preset=\u00a0\u00bbdefault\u00a0\u00bb hover_enabled=\u00a0\u00bb0&Prime; global_colors_info=\u00a0\u00bb{}\u00a0\u00bb sticky_enabled=\u00a0\u00bb0&Prime;]<\/p>\n<p style=\"text-align: justify;\"><span style=\"font-family: georgia, palatino, serif; color: #0000ff;\">Le service de l\u2019\u00c9ducation Artistique et Culturelle de la Biblioth\u00e8que Nationale de France organise chaque ann\u00e9e un concours de r\u00e9citation qui cette ann\u00e9e change de forme et devient \u00ab\u00a0R\u00e9citons aujourd&rsquo;hui !\u00a0\u00bb. Les classes inscrites devront pr\u00e9senter un travail de r\u00e9citation sur <b>le th\u00e8me : \u00ab la figure de l\u2019explorateur \u00bb <\/b>en lien avec les deux expositions pr\u00e9sent\u00e9es au printemps 2022 \u00e0 la BnF : \u00ab Champollion \u00bb et \u00ab L\u2019exploration au XIXe si\u00e8cle \u00bb.<\/span><\/p>\n<p><strong><span style=\"color: #0000ff;\"><a style=\"color: #0000ff;\" href=\"https:\/\/www.bnf.fr\/fr\/evenements-et-concours-du-service-de-leducation-artistique-et-culturelle#bnf-r-citons-aujourd-hui-\" target=\"_blank\" rel=\"noopener\">Toutes les informations sur le site de la BNF ici<\/a><\/span><\/strong><\/p>\n<p><b><\/b><span style=\"color: #0563c1;\"><u><a href=\"https:\/\/www.bnf.fr\/fr\/evenements-et-concours-du-service-de-leducation-artistique-et-culturelle#bnf-r-citons-aujourd-hui-\" target=\"_blank\" rel=\"noopener\"><span style=\"color: #ed7d31;\"><span style=\"font-family: Times New Roman, serif;\"><span style=\"font-size: medium;\">https:\/\/www.bnf.fr\/fr\/evenements-et-concours-du-service-de-leducation-artistique-et-culturelle#bnf-r-citons-aujourd-hui-<\/span><\/span><\/span><\/a><\/u><\/span><\/p>\n<p>[\/et_pb_text][\/et_pb_column][\/et_pb_row][\/et_pb_section]<\/p>\n","protected":false},"excerpt":{"rendered":"<p>Le service de l\u2019\u00c9ducation Artistique et Culturelle de la Biblioth\u00e8que Nationale de France organise chaque ann\u00e9e un concours de r\u00e9citation qui cette ann\u00e9e change de forme et devient \u00ab\u00a0R\u00e9citons aujourd&rsquo;hui !\u00a0\u00bb. Les classes inscrites devront pr\u00e9senter un travail de r\u00e9citation sur le th\u00e8me : \u00ab la figure de l\u2019explorateur \u00bb en lien avec les deux [&hellip;]<\/p>\n","protected":false},"author":241,"featured_media":0,"parent":0,"menu_order":0,"comment_status":"closed","ping_status":"closed","template":"","meta":{"_et_pb_use_builder":"on","_et_pb_old_content":"","_et_gb_content_width":"","ngg_post_thumbnail":0,"footnotes":""},"class_list":["post-10927","page","type-page","status-publish","hentry"],"rttpg_featured_image_url":null,"rttpg_author":{"display_name":"daacadmin","author_link":"https:\/\/www.pedagogie.ac-nice.fr\/daac\/author\/daacadmin\/"},"rttpg_comment":0,"rttpg_category":null,"rttpg_excerpt":"Le service de l\u2019\u00c9ducation Artistique et Culturelle de la Biblioth\u00e8que Nationale de France organise chaque ann\u00e9e un concours de r\u00e9citation qui cette ann\u00e9e change de forme et devient \"R\u00e9citons aujourd'hui !\". Les classes inscrites devront pr\u00e9senter un travail de r\u00e9citation sur le th\u00e8me : \u00ab la figure de l\u2019explorateur \u00bb en lien avec les deux\u2026","post_mailing_queue_ids":[],"_links":{"self":[{"href":"https:\/\/www.pedagogie.ac-nice.fr\/daac\/wp-json\/wp\/v2\/pages\/10927","targetHints":{"allow":["GET"]}}],"collection":[{"href":"https:\/\/www.pedagogie.ac-nice.fr\/daac\/wp-json\/wp\/v2\/pages"}],"about":[{"href":"https:\/\/www.pedagogie.ac-nice.fr\/daac\/wp-json\/wp\/v2\/types\/page"}],"author":[{"embeddable":true,"href":"https:\/\/www.pedagogie.ac-nice.fr\/daac\/wp-json\/wp\/v2\/users\/241"}],"replies":[{"embeddable":true,"href":"https:\/\/www.pedagogie.ac-nice.fr\/daac\/wp-json\/wp\/v2\/comments?post=10927"}],"version-history":[{"count":5,"href":"https:\/\/www.pedagogie.ac-nice.fr\/daac\/wp-json\/wp\/v2\/pages\/10927\/revisions"}],"predecessor-version":[{"id":10937,"href":"https:\/\/www.pedagogie.ac-nice.fr\/daac\/wp-json\/wp\/v2\/pages\/10927\/revisions\/10937"}],"wp:attachment":[{"href":"https:\/\/www.pedagogie.ac-nice.fr\/daac\/wp-json\/wp\/v2\/media?parent=10927"}],"curies":[{"name":"wp","href":"https:\/\/api.w.org\/{rel}","templated":true}]}}

Récitons aujourd&rsquo;hui

<p>[et_pb_section fb_built= »1&Prime; _builder_version= »4.10.7&Prime; _module_preset= »default » global_colors_info= »{} »][et_pb_row column_structure= »1_3,2_3&Prime; _builder_version= »4.10.7&Prime; _module_preset= »default » global_colors_info= »{} »][et_pb_column type= »1_3&Prime; _builder_version= »4.10.7&Prime; _module_preset= »default » global_colors_info= »{} »][et_pb_text admin_label= »visuel domaine » _builder_version= »4.10.7&Prime; _module_preset= »default » global_colors_info= »{} »]</p>
<p><a href="https://www.pedagogie.ac-nice.fr/daac/domaine-reseau-du-livre/" target="_blank" rel="noopener"><img loading="lazy" decoding="async" class="aligncenter wp-image-8025 size-full" src="https://www.pedagogie.ac-nice.fr/daac/wp-content/uploads/sites/37/2021/09/actualites_livre-1.png" alt="" width="276" height="183"></a></p>
<p>[/et_pb_text][/et_pb_column][et_pb_column type= »2_3&Prime; _builder_version= »4.10.7&Prime; _module_preset= »default » global_colors_info= »{} »][et_pb_text admin_label= »visuel récitons aujourd&rsquo;hui » _builder_version= »4.10.7&Prime; _module_preset= »default » global_colors_info= »{} »]</p>
<p><img loading="lazy" decoding="async" class="alignnone wp-image-10902 size-full" src="https://www.pedagogie.ac-nice.fr/daac/wp-content/uploads/sites/37/2022/01/RecitonsBNF.jpg" alt="" width="643" height="429" srcset="https://www.pedagogie.ac-nice.fr/daac/wp-content/uploads/sites/37/2022/01/RecitonsBNF.jpg 643w, https://www.pedagogie.ac-nice.fr/daac/wp-content/uploads/sites/37/2022/01/RecitonsBNF-300x200.jpg 300w" sizes="(max-width: 643px) 100vw, 643px" /></p>
<p>[/et_pb_text][et_pb_text _builder_version= »4.10.7&Prime; _module_preset= »default » hover_enabled= »0&Prime; global_colors_info= »{} » sticky_enabled= »0&Prime;]</p>
<p style="text-align: justify;"><span style="font-family: georgia, palatino, serif; color: #0000ff;">Le service de l’Éducation Artistique et Culturelle de la Bibliothèque Nationale de France organise chaque année un concours de récitation qui cette année change de forme et devient « Récitons aujourd&rsquo;hui ! ». Les classes inscrites devront présenter un travail de récitation sur <b>le thème : « la figure de l’explorateur » </b>en lien avec les deux expositions présentées au printemps 2022 à la BnF : « Champollion » et « L’exploration au XIXe siècle ».</span></p>
<p><strong><span style="color: #0000ff;"><a style="color: #0000ff;" href="https://www.bnf.fr/fr/evenements-et-concours-du-service-de-leducation-artistique-et-culturelle#bnf-r-citons-aujourd-hui-" target="_blank" rel="noopener">Toutes les informations sur le site de la BNF ici</a></span></strong></p>
<p><b></b><span style="color: #0563c1;"><u><a href="https://www.bnf.fr/fr/evenements-et-concours-du-service-de-leducation-artistique-et-culturelle#bnf-r-citons-aujourd-hui-" target="_blank" rel="noopener"><span style="color: #ed7d31;"><span style="font-family: Times New Roman, serif;"><span style="font-size: medium;">https://www.bnf.fr/fr/evenements-et-concours-du-service-de-leducation-artistique-et-culturelle#bnf-r-citons-aujourd-hui-</span></span></span></a></u></span></p>
<p>[/et_pb_text][/et_pb_column][/et_pb_row][/et_pb_section]</p>

<p>Le service de l’Éducation Artistique et Culturelle de la Bibliothèque Nationale de France organise chaque année un concours de récitation qui cette année change de forme et devient « Récitons aujourd&rsquo;hui ! ». Les classes inscrites devront présenter un travail de récitation sur le thème : « la figure de l’explorateur » en lien avec les deux [&hellip;]</p>

Le service de l’Éducation Artistique et Culturelle de la Bibliothèque Nationale de France organise chaque année un concours de récitation qui cette année change de forme et devient "Récitons aujourd'hui !". Les classes inscrites devront présenter un travail de récitation sur le thème : « la figure de l’explorateur » en lien avec les deux…
