{"id":11836,"date":"2022-03-13T14:54:59","date_gmt":"2022-03-13T13:54:59","guid":{"rendered":"https:\/\/www.pedagogie.ac-nice.fr\/daac\/?page_id=11836"},"modified":"2023-02-15T12:26:38","modified_gmt":"2023-02-15T11:26:38","slug":"association-moteur","status":"publish","type":"page","link":"https:\/\/www.pedagogie.ac-nice.fr\/daac\/association-moteur\/","title":{"rendered":"Association Moteur"},"content":{"rendered":"<p>[et_pb_section fb_built=\u00a0\u00bb1&Prime; _builder_version=\u00a0\u00bb4.10.7&Prime; _module_preset=\u00a0\u00bbdefault\u00a0\u00bb global_colors_info=\u00a0\u00bb{}\u00a0\u00bb][et_pb_row column_structure=\u00a0\u00bb1_3,2_3&Prime; _builder_version=\u00a0\u00bb4.10.7&Prime; _module_preset=\u00a0\u00bbdefault\u00a0\u00bb global_colors_info=\u00a0\u00bb{}\u00a0\u00bb][et_pb_column type=\u00a0\u00bb1_3&Prime; _builder_version=\u00a0\u00bb4.10.7&Prime; _module_preset=\u00a0\u00bbdefault\u00a0\u00bb global_colors_info=\u00a0\u00bb{}\u00a0\u00bb][et_pb_text admin_label=\u00a0\u00bblogo cinema\u00a0\u00bb _builder_version=\u00a0\u00bb4.10.7&Prime; _module_preset=\u00a0\u00bbdefault\u00a0\u00bb global_colors_info=\u00a0\u00bb{}\u00a0\u00bb]<\/p>\n<p><a href=\"https:\/\/www.pedagogie.ac-nice.fr\/daac\/pole_cinema_2021\/\" target=\"_blank\" rel=\"noopener\"><img loading=\"lazy\" decoding=\"async\" class=\"aligncenter wp-image-5920 size-full\" src=\"https:\/\/www.pedagogie.ac-nice.fr\/daac\/wp-content\/uploads\/sites\/37\/2021\/09\/cinema.png\" alt=\"\" width=\"349\" height=\"213\" srcset=\"https:\/\/www.pedagogie.ac-nice.fr\/daac\/wp-content\/uploads\/sites\/37\/2021\/09\/cinema.png 349w, https:\/\/www.pedagogie.ac-nice.fr\/daac\/wp-content\/uploads\/sites\/37\/2021\/09\/cinema-300x183.png 300w\" sizes=\"(max-width: 349px) 100vw, 349px\" \/><\/a><\/p>\n<p>[\/et_pb_text][et_pb_divider _builder_version=\u00a0\u00bb4.10.7&Prime; _module_preset=\u00a0\u00bbdefault\u00a0\u00bb global_colors_info=\u00a0\u00bb{}\u00a0\u00bb][\/et_pb_divider][et_pb_text admin_label=\u00a0\u00bbvisuel moteur\u00a0\u00bb _builder_version=\u00a0\u00bb4.10.7&Prime; _module_preset=\u00a0\u00bbdefault\u00a0\u00bb global_colors_info=\u00a0\u00bb{}\u00a0\u00bb]<\/p>\n<p><img loading=\"lazy\" decoding=\"async\" class=\"alignnone  wp-image-11839 aligncenter\" src=\"https:\/\/www.pedagogie.ac-nice.fr\/daac\/wp-content\/uploads\/sites\/37\/2022\/03\/visuel_Moteur.jpg\" alt=\"\" width=\"401\" height=\"267\" srcset=\"https:\/\/www.pedagogie.ac-nice.fr\/daac\/wp-content\/uploads\/sites\/37\/2022\/03\/visuel_Moteur.jpg 465w, https:\/\/www.pedagogie.ac-nice.fr\/daac\/wp-content\/uploads\/sites\/37\/2022\/03\/visuel_Moteur-300x200.jpg 300w\" sizes=\"(max-width: 401px) 100vw, 401px\" \/><\/p>\n<p>[\/et_pb_text][\/et_pb_column][et_pb_column type=\u00a0\u00bb2_3&Prime; _builder_version=\u00a0\u00bb4.10.7&Prime; _module_preset=\u00a0\u00bbdefault\u00a0\u00bb global_colors_info=\u00a0\u00bb{}\u00a0\u00bb][et_pb_text _builder_version=\u00a0\u00bb4.10.7&Prime; _module_preset=\u00a0\u00bbdefault\u00a0\u00bb hover_enabled=\u00a0\u00bb0&Prime; global_colors_info=\u00a0\u00bb{}\u00a0\u00bb text_font=\u00a0\u00bbTrebuchet||||||||\u00a0\u00bb text_text_color=\u00a0\u00bb#000000&Prime; text_font_size=\u00a0\u00bb16px\u00a0\u00bb text_orientation=\u00a0\u00bbjustified\u00a0\u00bb sticky_enabled=\u00a0\u00bb0&Prime;]<\/p>\n<p style=\"text-align: center;\"><span style=\"color: #993366;\"><strong><span style=\"font-size: 18pt;\">L&rsquo;association Moteur ! vient de lancer la 6e \u00e9dition du concours \u00ab Moteur ! \u00bb, pr\u00e9sid\u00e9e par Agn\u00e8s Jaoui<\/span><\/strong><\/span><\/p>\n<p style=\"text-align: justify;\"><span style=\"color: #000000;\"><strong>Le concours \u00ab\u00a0Moteur\u00a0!\u00a0\u00bb<\/strong> s&rsquo;adresse \u00e0 tous les\u00a0\u00e9l\u00e8ves de 14 \u00e0 22 ans, invit\u00e9s \u00e0 r\u00e9aliser une vid\u00e9o\u00a0d&rsquo;1min30\u00a0sur une personne qui les inspire et leur permet de se projeter positivement dans l\u2019avenir.<\/span><\/p>\n<p style=\"text-align: center;\"><span style=\"color: #000000;\"><strong>Il est ouvert jusqu\u2019au 10 avril 2022.<\/strong><\/span><\/p>\n<p style=\"text-align: justify;\"><span style=\"color: #000000;\">Un jury s\u00e9lectionne 25 laur\u00e9ats qui sont invit\u00e9s\u00a0au Festival de Cannes, puis participent au\u00a0<strong>\u00ab\u00a0Campus de la Confiance Moteur\u00a0\u00bb\u00a0<\/strong>durant lequel ils exp\u00e9rimentent une palette de moyen d&rsquo;expressions (slam, th\u00e9\u00e2tre, \u00e9loquence, expression corporelle&#8230;).<\/span><\/p>\n<p><span style=\"color: #000000;\"><strong>Pour en savoir plus\u00a0:<\/strong><\/span><\/p>\n<p><span style=\"color: #000000;\">Concours \u00ab\u00a0Moteur\u00a0!\u00a0\u00bb\u00a0: <a style=\"color: #000000;\" href=\"https:\/\/imss91-ctp.trendmicro.com:443\/wis\/clicktime\/v1\/query?url=https%3a%2f%2fwww.leprojetmoteur.org&amp;umid=53CAC9DF-D9E0-8205-A502-65521E3FC0E0&amp;auth=ad5d1f4e78d7393a50d77a7acd54f2690c4d4fe6-de7fa1ec15a47440f6796e87e395714d24b659f1\" target=\"_blank\" rel=\"noopener\">https:\/\/www.leprojetmoteur.org\/<\/a><\/span><\/p>\n<p><span style=\"color: #000000;\">Campus de la confiance : <a style=\"color: #000000;\" href=\"https:\/\/ladigitale.dev\/digiplay\/#\/v\/622df76b1d9f6\" target=\"_blank\" rel=\"noopener\">pr\u00e9sentation de l&rsquo;association Moteur<\/a><\/span><\/p>\n<p><span style=\"color: #000000;\"><b>Contact\u00a0:<\/b> <a style=\"color: #000000;\" href=\"mailto:adele.vidal@asso-moteur.org\" target=\"_blank\" rel=\"noopener\">adele.vidal@asso-moteur.org<\/a><\/span><\/p>\n<p>[\/et_pb_text][\/et_pb_column][\/et_pb_row][\/et_pb_section]<\/p>\n","protected":false},"excerpt":{"rendered":"<p>L&rsquo;association Moteur ! vient de lancer la 6e \u00e9dition du concours \u00ab Moteur ! \u00bb, pr\u00e9sid\u00e9e par Agn\u00e8s Jaoui Le concours \u00ab\u00a0Moteur\u00a0!\u00a0\u00bb s&rsquo;adresse \u00e0 tous les\u00a0\u00e9l\u00e8ves de 14 \u00e0 22 ans, invit\u00e9s \u00e0 r\u00e9aliser une vid\u00e9o\u00a0d&rsquo;1min30\u00a0sur une personne qui les inspire et leur permet de se projeter positivement dans l\u2019avenir. Il est ouvert jusqu\u2019au 10 [&hellip;]<\/p>\n","protected":false},"author":241,"featured_media":0,"parent":0,"menu_order":0,"comment_status":"closed","ping_status":"closed","template":"","meta":{"_et_pb_use_builder":"on","_et_pb_old_content":"","_et_gb_content_width":"","ngg_post_thumbnail":0,"footnotes":""},"class_list":["post-11836","page","type-page","status-publish","hentry"],"rttpg_featured_image_url":null,"rttpg_author":{"display_name":"daacadmin","author_link":"https:\/\/www.pedagogie.ac-nice.fr\/daac\/author\/daacadmin\/"},"rttpg_comment":0,"rttpg_category":null,"rttpg_excerpt":"L'association Moteur ! vient de lancer la 6e \u00e9dition du concours \u00ab Moteur ! \u00bb, pr\u00e9sid\u00e9e par Agn\u00e8s Jaoui Le concours \u00ab\u00a0Moteur\u00a0!\u00a0\u00bb s'adresse \u00e0 tous les\u00a0\u00e9l\u00e8ves de 14 \u00e0 22 ans, invit\u00e9s \u00e0 r\u00e9aliser une vid\u00e9o\u00a0d'1min30\u00a0sur une personne qui les inspire et leur permet de se projeter positivement dans l\u2019avenir. Il est ouvert jusqu\u2019au 10\u2026","post_mailing_queue_ids":[],"_links":{"self":[{"href":"https:\/\/www.pedagogie.ac-nice.fr\/daac\/wp-json\/wp\/v2\/pages\/11836","targetHints":{"allow":["GET"]}}],"collection":[{"href":"https:\/\/www.pedagogie.ac-nice.fr\/daac\/wp-json\/wp\/v2\/pages"}],"about":[{"href":"https:\/\/www.pedagogie.ac-nice.fr\/daac\/wp-json\/wp\/v2\/types\/page"}],"author":[{"embeddable":true,"href":"https:\/\/www.pedagogie.ac-nice.fr\/daac\/wp-json\/wp\/v2\/users\/241"}],"replies":[{"embeddable":true,"href":"https:\/\/www.pedagogie.ac-nice.fr\/daac\/wp-json\/wp\/v2\/comments?post=11836"}],"version-history":[{"count":7,"href":"https:\/\/www.pedagogie.ac-nice.fr\/daac\/wp-json\/wp\/v2\/pages\/11836\/revisions"}],"predecessor-version":[{"id":14500,"href":"https:\/\/www.pedagogie.ac-nice.fr\/daac\/wp-json\/wp\/v2\/pages\/11836\/revisions\/14500"}],"wp:attachment":[{"href":"https:\/\/www.pedagogie.ac-nice.fr\/daac\/wp-json\/wp\/v2\/media?parent=11836"}],"curies":[{"name":"wp","href":"https:\/\/api.w.org\/{rel}","templated":true}]}}

<p>[et_pb_section fb_built= »1&Prime; _builder_version= »4.10.7&Prime; _module_preset= »default » global_colors_info= »{} »][et_pb_row column_structure= »1_3,2_3&Prime; _builder_version= »4.10.7&Prime; _module_preset= »default » global_colors_info= »{} »][et_pb_column type= »1_3&Prime; _builder_version= »4.10.7&Prime; _module_preset= »default » global_colors_info= »{} »][et_pb_text admin_label= »logo cinema » _builder_version= »4.10.7&Prime; _module_preset= »default » global_colors_info= »{} »]</p>
<p><a href="https://www.pedagogie.ac-nice.fr/daac/pole_cinema_2021/" target="_blank" rel="noopener"><img loading="lazy" decoding="async" class="aligncenter wp-image-5920 size-full" src="https://www.pedagogie.ac-nice.fr/daac/wp-content/uploads/sites/37/2021/09/cinema.png" alt="" width="349" height="213" srcset="https://www.pedagogie.ac-nice.fr/daac/wp-content/uploads/sites/37/2021/09/cinema.png 349w, https://www.pedagogie.ac-nice.fr/daac/wp-content/uploads/sites/37/2021/09/cinema-300x183.png 300w" sizes="(max-width: 349px) 100vw, 349px" /></a></p>
<p>[/et_pb_text][et_pb_divider _builder_version= »4.10.7&Prime; _module_preset= »default » global_colors_info= »{} »][/et_pb_divider][et_pb_text admin_label= »visuel moteur » _builder_version= »4.10.7&Prime; _module_preset= »default » global_colors_info= »{} »]</p>
<p><img loading="lazy" decoding="async" class="alignnone  wp-image-11839 aligncenter" src="https://www.pedagogie.ac-nice.fr/daac/wp-content/uploads/sites/37/2022/03/visuel_Moteur.jpg" alt="" width="401" height="267" srcset="https://www.pedagogie.ac-nice.fr/daac/wp-content/uploads/sites/37/2022/03/visuel_Moteur.jpg 465w, https://www.pedagogie.ac-nice.fr/daac/wp-content/uploads/sites/37/2022/03/visuel_Moteur-300x200.jpg 300w" sizes="(max-width: 401px) 100vw, 401px" /></p>
<p>[/et_pb_text][/et_pb_column][et_pb_column type= »2_3&Prime; _builder_version= »4.10.7&Prime; _module_preset= »default » global_colors_info= »{} »][et_pb_text _builder_version= »4.10.7&Prime; _module_preset= »default » hover_enabled= »0&Prime; global_colors_info= »{} » text_font= »Trebuchet|||||||| » text_text_color= »#000000&Prime; text_font_size= »16px » text_orientation= »justified » sticky_enabled= »0&Prime;]</p>
<p style="text-align: center;"><span style="color: #993366;"><strong><span style="font-size: 18pt;">L&rsquo;association Moteur ! vient de lancer la 6e édition du concours « Moteur ! », présidée par Agnès Jaoui</span></strong></span></p>
<p style="text-align: justify;"><span style="color: #000000;"><strong>Le concours « Moteur ! »</strong> s&rsquo;adresse à tous les élèves de 14 à 22 ans, invités à réaliser une vidéo d&rsquo;1min30 sur une personne qui les inspire et leur permet de se projeter positivement dans l’avenir.</span></p>
<p style="text-align: center;"><span style="color: #000000;"><strong>Il est ouvert jusqu’au 10 avril 2022.</strong></span></p>
<p style="text-align: justify;"><span style="color: #000000;">Un jury sélectionne 25 lauréats qui sont invités au Festival de Cannes, puis participent au <strong>« Campus de la Confiance Moteur » </strong>durant lequel ils expérimentent une palette de moyen d&rsquo;expressions (slam, théâtre, éloquence, expression corporelle&#8230;).</span></p>
<p><span style="color: #000000;"><strong>Pour en savoir plus :</strong></span></p>
<p><span style="color: #000000;">Concours « Moteur ! » : <a style="color: #000000;" href="https://imss91-ctp.trendmicro.com:443/wis/clicktime/v1/query?url=https%3a%2f%2fwww.leprojetmoteur.org&amp;umid=53CAC9DF-D9E0-8205-A502-65521E3FC0E0&amp;auth=ad5d1f4e78d7393a50d77a7acd54f2690c4d4fe6-de7fa1ec15a47440f6796e87e395714d24b659f1" target="_blank" rel="noopener">https://www.leprojetmoteur.org/</a></span></p>
<p><span style="color: #000000;">Campus de la confiance : <a style="color: #000000;" href="https://ladigitale.dev/digiplay/#/v/622df76b1d9f6" target="_blank" rel="noopener">présentation de l&rsquo;association Moteur</a></span></p>
<p><span style="color: #000000;"><b>Contact :</b> <a style="color: #000000;" href="mailto:adele.vidal@asso-moteur.org" target="_blank" rel="noopener">adele.vidal@asso-moteur.org</a></span></p>
<p>[/et_pb_text][/et_pb_column][/et_pb_row][/et_pb_section]</p>

<p>L&rsquo;association Moteur ! vient de lancer la 6e édition du concours « Moteur ! », présidée par Agnès Jaoui Le concours « Moteur ! » s&rsquo;adresse à tous les élèves de 14 à 22 ans, invités à réaliser une vidéo d&rsquo;1min30 sur une personne qui les inspire et leur permet de se projeter positivement dans l’avenir. Il est ouvert jusqu’au 10 [&hellip;]</p>

L'association Moteur ! vient de lancer la 6e édition du concours « Moteur ! », présidée par Agnès Jaoui Le concours « Moteur ! » s'adresse à tous les élèves de 14 à 22 ans, invités à réaliser une vidéo d'1min30 sur une personne qui les inspire et leur permet de se projeter positivement dans l’avenir. Il est ouvert jusqu’au 10…
