{"id":12558,"date":"2022-05-06T18:20:05","date_gmt":"2022-05-06T16:20:05","guid":{"rendered":"https:\/\/www.pedagogie.ac-nice.fr\/daac\/?page_id=12558"},"modified":"2023-02-21T17:07:29","modified_gmt":"2023-02-21T16:07:29","slug":"semaine-patrimoines-et-memoires-cd06","status":"publish","type":"page","link":"https:\/\/www.pedagogie.ac-nice.fr\/daac\/semaine-patrimoines-et-memoires-cd06\/","title":{"rendered":"Semaine Patrimoines et M\u00e9moires CD06"},"content":{"rendered":"<p>[et_pb_section fb_built=\u00a0\u00bb1&Prime; _builder_version=\u00a0\u00bb4.10.7&Prime; _module_preset=\u00a0\u00bbdefault\u00a0\u00bb global_colors_info=\u00a0\u00bb{}\u00a0\u00bb][et_pb_row column_structure=\u00a0\u00bb1_3,2_3&Prime; _builder_version=\u00a0\u00bb4.10.7&Prime; _module_preset=\u00a0\u00bbdefault\u00a0\u00bb global_colors_info=\u00a0\u00bb{}\u00a0\u00bb][et_pb_column type=\u00a0\u00bb1_3&Prime; _builder_version=\u00a0\u00bb4.10.7&Prime; _module_preset=\u00a0\u00bbdefault\u00a0\u00bb global_colors_info=\u00a0\u00bb{}\u00a0\u00bb][et_pb_text admin_label=\u00a0\u00bbDAac patrimoine\u00a0\u00bb _builder_version=\u00a0\u00bb4.10.7&Prime; _module_preset=\u00a0\u00bbdefault\u00a0\u00bb global_colors_info=\u00a0\u00bb{}\u00a0\u00bb]<\/p>\n<p><a href=\"https:\/\/www.pedagogie.ac-nice.fr\/daac\/patrimoines-memoires-2021\/\" target=\"_blank\" rel=\"noopener\"><img loading=\"lazy\" decoding=\"async\" class=\"aligncenter wp-image-5925\" src=\"https:\/\/www.pedagogie.ac-nice.fr\/daac\/wp-content\/uploads\/sites\/37\/2021\/09\/patrimoine_memoires.png\" alt=\"\" width=\"302\" height=\"193\" srcset=\"https:\/\/www.pedagogie.ac-nice.fr\/daac\/wp-content\/uploads\/sites\/37\/2021\/09\/patrimoine_memoires.png 347w, https:\/\/www.pedagogie.ac-nice.fr\/daac\/wp-content\/uploads\/sites\/37\/2021\/09\/patrimoine_memoires-300x192.png 300w\" sizes=\"(max-width: 302px) 100vw, 302px\" \/><\/a><\/p>\n<p>[\/et_pb_text][et_pb_divider _builder_version=\u00a0\u00bb4.10.7&Prime; _module_preset=\u00a0\u00bbdefault\u00a0\u00bb custom_margin=\u00a0\u00bb-18px|||||\u00a0\u00bb global_colors_info=\u00a0\u00bb{}\u00a0\u00bb][\/et_pb_divider][et_pb_text admin_label=\u00a0\u00bbCD06&Prime; _builder_version=\u00a0\u00bb4.10.7&Prime; _module_preset=\u00a0\u00bbdefault\u00a0\u00bb custom_margin=\u00a0\u00bb-21px|||||\u00a0\u00bb global_colors_info=\u00a0\u00bb{}\u00a0\u00bb]<\/p>\n<p><img loading=\"lazy\" decoding=\"async\" class=\"alignnone size-full wp-image-12561\" src=\"https:\/\/www.pedagogie.ac-nice.fr\/daac\/wp-content\/uploads\/sites\/37\/2022\/05\/logo_departement06.jpg\" alt=\"\" width=\"1120\" height=\"149\" srcset=\"https:\/\/www.pedagogie.ac-nice.fr\/daac\/wp-content\/uploads\/sites\/37\/2022\/05\/logo_departement06.jpg 1120w, https:\/\/www.pedagogie.ac-nice.fr\/daac\/wp-content\/uploads\/sites\/37\/2022\/05\/logo_departement06-300x40.jpg 300w, https:\/\/www.pedagogie.ac-nice.fr\/daac\/wp-content\/uploads\/sites\/37\/2022\/05\/logo_departement06-1024x136.jpg 1024w, https:\/\/www.pedagogie.ac-nice.fr\/daac\/wp-content\/uploads\/sites\/37\/2022\/05\/logo_departement06-768x102.jpg 768w, https:\/\/www.pedagogie.ac-nice.fr\/daac\/wp-content\/uploads\/sites\/37\/2022\/05\/logo_departement06-1080x144.jpg 1080w\" sizes=\"(max-width: 1120px) 100vw, 1120px\" \/><\/p>\n<p>[\/et_pb_text][et_pb_divider _builder_version=\u00a0\u00bb4.10.7&Prime; _module_preset=\u00a0\u00bbdefault\u00a0\u00bb custom_margin=\u00a0\u00bb-17px|||||\u00a0\u00bb global_colors_info=\u00a0\u00bb{}\u00a0\u00bb][\/et_pb_divider][et_pb_text admin_label=\u00a0\u00bbpartenariat\u00a0\u00bb _builder_version=\u00a0\u00bb4.10.7&Prime; _module_preset=\u00a0\u00bbdefault\u00a0\u00bb custom_margin=\u00a0\u00bb-24px|||||\u00a0\u00bb global_colors_info=\u00a0\u00bb{}\u00a0\u00bb]<\/p>\n<p><img loading=\"lazy\" decoding=\"async\" class=\"wp-image-6275 aligncenter\" src=\"https:\/\/www.pedagogie.ac-nice.fr\/daac\/wp-content\/uploads\/sites\/37\/2021\/09\/partenariat.png\" alt=\"\" width=\"229\" height=\"150\" srcset=\"https:\/\/www.pedagogie.ac-nice.fr\/daac\/wp-content\/uploads\/sites\/37\/2021\/09\/partenariat.png 344w, https:\/\/www.pedagogie.ac-nice.fr\/daac\/wp-content\/uploads\/sites\/37\/2021\/09\/partenariat-300x196.png 300w\" sizes=\"(max-width: 229px) 100vw, 229px\" \/><\/p>\n<p>[\/et_pb_text][et_pb_divider _builder_version=\u00a0\u00bb4.10.7&Prime; _module_preset=\u00a0\u00bbdefault\u00a0\u00bb custom_margin=\u00a0\u00bb-15px|||||\u00a0\u00bb global_colors_info=\u00a0\u00bb{}\u00a0\u00bb][\/et_pb_divider][et_pb_text admin_label=\u00a0\u00bbPour aller plus loin\u00a0\u00bb _builder_version=\u00a0\u00bb4.10.7&Prime; _module_preset=\u00a0\u00bbdefault\u00a0\u00bb custom_margin=\u00a0\u00bb-28px|||||\u00a0\u00bb global_colors_info=\u00a0\u00bb{}\u00a0\u00bb]<\/p>\n<p><img loading=\"lazy\" decoding=\"async\" class=\"alignnone  wp-image-6383 aligncenter\" src=\"https:\/\/www.pedagogie.ac-nice.fr\/daac\/wp-content\/uploads\/sites\/37\/2021\/09\/pour_aller_plus_loin.png\" alt=\"\" width=\"245\" height=\"132\" srcset=\"https:\/\/www.pedagogie.ac-nice.fr\/daac\/wp-content\/uploads\/sites\/37\/2021\/09\/pour_aller_plus_loin.png 349w, https:\/\/www.pedagogie.ac-nice.fr\/daac\/wp-content\/uploads\/sites\/37\/2021\/09\/pour_aller_plus_loin-300x162.png 300w\" sizes=\"(max-width: 245px) 100vw, 245px\" \/><\/p>\n<p>[\/et_pb_text][et_pb_text admin_label=\u00a0\u00bbADAM\u00a0\u00bb _builder_version=\u00a0\u00bb4.10.7&Prime; _module_preset=\u00a0\u00bbdefault\u00a0\u00bb custom_margin=\u00a0\u00bb-17px|||||\u00a0\u00bb global_colors_info=\u00a0\u00bb{}\u00a0\u00bb]<\/p>\n<p style=\"text-align: center;\"><a href=\"https:\/\/www.departement06.fr\/liste-des-expositions-en-pret-pour-les-mairies-offices-de-tourisme-et-associations\/les-fortifications-des-alpes-maritimes-2970.html\" target=\"_blank\" rel=\"noopener\"><img loading=\"lazy\" decoding=\"async\" class=\"aligncenter wp-image-1388 size-full\" src=\"https:\/\/www.pedagogie.ac-nice.fr\/daac\/wp-content\/uploads\/sites\/37\/2020\/11\/ADAM06.png\" alt=\"\" width=\"232\" height=\"160\" \/><\/a><a href=\"https:\/\/www.departement06.fr\/liste-des-expositions-en-pret-pour-les-mairies-offices-de-tourisme-et-associations\/les-fortifications-des-alpes-maritimes-2970.html\" target=\"_blank\" rel=\"noopener\"><span style=\"color: #000000;\">Les fortifications dans les Alpes Maritimes<\/span><\/a><\/p>\n<p>[\/et_pb_text][\/et_pb_column][et_pb_column type=\u00a0\u00bb2_3&Prime; _builder_version=\u00a0\u00bb4.10.7&Prime; _module_preset=\u00a0\u00bbdefault\u00a0\u00bb global_colors_info=\u00a0\u00bb{}\u00a0\u00bb][et_pb_text admin_label=\u00a0\u00bbtitre\u00a0\u00bb _builder_version=\u00a0\u00bb4.10.7&Prime; _module_preset=\u00a0\u00bbdefault\u00a0\u00bb hover_enabled=\u00a0\u00bb0&Prime; global_colors_info=\u00a0\u00bb{}\u00a0\u00bb text_font=\u00a0\u00bbTrebuchet||||||||\u00a0\u00bb sticky_enabled=\u00a0\u00bb0&Prime;]<\/p>\n<p style=\"text-align: center;\"><span style=\"font-size: 18pt; color: #993366;\"><strong>Semaine de la M\u00e9moire et du Patrimoine<\/strong><br \/><strong>9 &#8211; 13 mai 2022<\/strong><br \/><\/span><\/p>\n<p style=\"text-align: center;\"><span style=\"color: #993366;\"><strong><span style=\"font-size: 14pt;\">Au fort de la Dr\u00e8te<\/span><\/strong><\/span><\/p>\n<p>[\/et_pb_text][et_pb_text admin_label=\u00a0\u00bbphoto\u00a0\u00bb _builder_version=\u00a0\u00bb4.10.7&Prime; _module_preset=\u00a0\u00bbdefault\u00a0\u00bb global_colors_info=\u00a0\u00bb{}\u00a0\u00bb]<\/p>\n<p style=\"text-align: center;\"><img loading=\"lazy\" decoding=\"async\" class=\"alignnone size-full wp-image-12562\" src=\"https:\/\/www.pedagogie.ac-nice.fr\/daac\/wp-content\/uploads\/sites\/37\/2022\/05\/vue-fort-drete.jpg\" alt=\"\" width=\"1326\" height=\"887\" srcset=\"https:\/\/www.pedagogie.ac-nice.fr\/daac\/wp-content\/uploads\/sites\/37\/2022\/05\/vue-fort-drete.jpg 1326w, https:\/\/www.pedagogie.ac-nice.fr\/daac\/wp-content\/uploads\/sites\/37\/2022\/05\/vue-fort-drete-300x201.jpg 300w, https:\/\/www.pedagogie.ac-nice.fr\/daac\/wp-content\/uploads\/sites\/37\/2022\/05\/vue-fort-drete-1024x685.jpg 1024w, https:\/\/www.pedagogie.ac-nice.fr\/daac\/wp-content\/uploads\/sites\/37\/2022\/05\/vue-fort-drete-768x514.jpg 768w, https:\/\/www.pedagogie.ac-nice.fr\/daac\/wp-content\/uploads\/sites\/37\/2022\/05\/vue-fort-drete-1080x722.jpg 1080w\" sizes=\"(max-width: 1326px) 100vw, 1326px\" \/><br \/><span style=\"font-size: 10pt;\">\u00a9 Conseil d\u00e9partemental des Alpes Maritimes<\/span><\/p>\n<p>[\/et_pb_text][et_pb_text _builder_version=\u00a0\u00bb4.10.7&Prime; _module_preset=\u00a0\u00bbdefault\u00a0\u00bb hover_enabled=\u00a0\u00bb0&Prime; global_colors_info=\u00a0\u00bb{}\u00a0\u00bb text_font=\u00a0\u00bbTrebuchet||||||||\u00a0\u00bb sticky_enabled=\u00a0\u00bb0&Prime;]<\/p>\n<p style=\"text-align: justify;\"><span style=\"color: #000000;\"><strong>Les 9, 10, 12 et 13 mai 2022<\/strong>, plusieurs classes de 3\u00e8me de coll\u00e8ges ni\u00e7ois participeront \u00e0 la <strong>S<\/strong><strong>emaine de la M\u00e9moire et du Patrimoine<\/strong> organis\u00e9e au Fort de la Dr\u00e8te dans le cadre d&rsquo;un partenariat Conseil D\u00e9partemental des Alpes Maritimes et DAAC de l&rsquo;Acad\u00e9mie de Nice.<\/span><\/p>\n<p style=\"text-align: justify;\"><span style=\"color: #000000;\">Dans un cadre d&rsquo;exception, ils participeront \u00e0 une animation autour de la vie dans les tranch\u00e9es, organis\u00e9e par l&rsquo;Association d&rsquo;Histoire et d&rsquo;Arch\u00e9ologie Exp\u00e9rimentale. <\/span><\/p>\n<p style=\"text-align: justify;\"><span style=\"color: #000000;\">Ils travailleront sur des corpus documentaires issus des fonds des archives d\u00e9partementales des Alpes Maritimes. Plusieurs ateliers sur la 1\u00e8re Guerre Mondiale seront propos\u00e9s au choix. <\/span><\/p>\n<p style=\"text-align: justify;\"><span style=\"color: #000000;\">Une visite guid\u00e9e permettra aux \u00e9l\u00e8ves de d\u00e9couvrir le site du Fort de la Dr\u00e8te et l&rsquo;histoire de sa construction.<\/span><\/p>\n<p style=\"text-align: justify;\"><span style=\"color: #000000;\">Enfin, l&rsquo;exposition des archives d\u00e9partementales des Alpes Maritimes sur l&rsquo;histoire des fortifications permettra aux \u00e9l\u00e8ves de comprendre l&rsquo;\u00e9volution technologique des fortifications et les enjeux strat\u00e9giques de leur localisation dans le cadre de l&rsquo;histoire singuli\u00e8re de notre d\u00e9partement.<\/span><\/p>\n<p><span style=\"color: #000000;\"><strong>Charg\u00e9s de mission DAAC<\/strong><\/span><br \/><span style=\"color: #000000;\">Marc Deligios<\/span><br \/><span style=\"color: #000000;\">Juliette Lassalle<\/span><\/p>\n<p><span style=\"color: #000000;\"><strong>Coordination DAAC Patrimoines et M\u00e9moires<\/strong><\/span><br \/><span style=\"color: #000000;\">Ang\u00e8le Carpentier<\/span><\/p>\n<p>[\/et_pb_text][\/et_pb_column][\/et_pb_row][\/et_pb_section]<\/p>\n","protected":false},"excerpt":{"rendered":"<p>Les fortifications dans les Alpes MaritimesSemaine de la M\u00e9moire et du Patrimoine9 &#8211; 13 mai 2022 Au fort de la Dr\u00e8te\u00a9 Conseil d\u00e9partemental des Alpes MaritimesLes 9, 10, 12 et 13 mai 2022, plusieurs classes de 3\u00e8me de coll\u00e8ges ni\u00e7ois participeront \u00e0 la Semaine de la M\u00e9moire et du Patrimoine organis\u00e9e au Fort de la [&hellip;]<\/p>\n","protected":false},"author":241,"featured_media":0,"parent":0,"menu_order":0,"comment_status":"closed","ping_status":"closed","template":"","meta":{"_et_pb_use_builder":"on","_et_pb_old_content":"","_et_gb_content_width":"","ngg_post_thumbnail":0,"footnotes":""},"class_list":["post-12558","page","type-page","status-publish","hentry"],"rttpg_featured_image_url":null,"rttpg_author":{"display_name":"daacadmin","author_link":"https:\/\/www.pedagogie.ac-nice.fr\/daac\/author\/daacadmin\/"},"rttpg_comment":0,"rttpg_category":null,"rttpg_excerpt":"Les fortifications dans les Alpes MaritimesSemaine de la M\u00e9moire et du Patrimoine9 - 13 mai 2022 Au fort de la Dr\u00e8te\u00a9 Conseil d\u00e9partemental des Alpes MaritimesLes 9, 10, 12 et 13 mai 2022, plusieurs classes de 3\u00e8me de coll\u00e8ges ni\u00e7ois participeront \u00e0 la Semaine de la M\u00e9moire et du Patrimoine organis\u00e9e au Fort de la\u2026","post_mailing_queue_ids":[],"_links":{"self":[{"href":"https:\/\/www.pedagogie.ac-nice.fr\/daac\/wp-json\/wp\/v2\/pages\/12558","targetHints":{"allow":["GET"]}}],"collection":[{"href":"https:\/\/www.pedagogie.ac-nice.fr\/daac\/wp-json\/wp\/v2\/pages"}],"about":[{"href":"https:\/\/www.pedagogie.ac-nice.fr\/daac\/wp-json\/wp\/v2\/types\/page"}],"author":[{"embeddable":true,"href":"https:\/\/www.pedagogie.ac-nice.fr\/daac\/wp-json\/wp\/v2\/users\/241"}],"replies":[{"embeddable":true,"href":"https:\/\/www.pedagogie.ac-nice.fr\/daac\/wp-json\/wp\/v2\/comments?post=12558"}],"version-history":[{"count":6,"href":"https:\/\/www.pedagogie.ac-nice.fr\/daac\/wp-json\/wp\/v2\/pages\/12558\/revisions"}],"predecessor-version":[{"id":14728,"href":"https:\/\/www.pedagogie.ac-nice.fr\/daac\/wp-json\/wp\/v2\/pages\/12558\/revisions\/14728"}],"wp:attachment":[{"href":"https:\/\/www.pedagogie.ac-nice.fr\/daac\/wp-json\/wp\/v2\/media?parent=12558"}],"curies":[{"name":"wp","href":"https:\/\/api.w.org\/{rel}","templated":true}]}}

Semaine Patrimoines et Mémoires CD06

<p>[et_pb_section fb_built= »1&Prime; _builder_version= »4.10.7&Prime; _module_preset= »default » global_colors_info= »{} »][et_pb_row column_structure= »1_3,2_3&Prime; _builder_version= »4.10.7&Prime; _module_preset= »default » global_colors_info= »{} »][et_pb_column type= »1_3&Prime; _builder_version= »4.10.7&Prime; _module_preset= »default » global_colors_info= »{} »][et_pb_text admin_label= »DAac patrimoine » _builder_version= »4.10.7&Prime; _module_preset= »default » global_colors_info= »{} »]</p>
<p><a href="https://www.pedagogie.ac-nice.fr/daac/patrimoines-memoires-2021/" target="_blank" rel="noopener"><img loading="lazy" decoding="async" class="aligncenter wp-image-5925" src="https://www.pedagogie.ac-nice.fr/daac/wp-content/uploads/sites/37/2021/09/patrimoine_memoires.png" alt="" width="302" height="193" srcset="https://www.pedagogie.ac-nice.fr/daac/wp-content/uploads/sites/37/2021/09/patrimoine_memoires.png 347w, https://www.pedagogie.ac-nice.fr/daac/wp-content/uploads/sites/37/2021/09/patrimoine_memoires-300x192.png 300w" sizes="(max-width: 302px) 100vw, 302px" /></a></p>
<p>[/et_pb_text][et_pb_divider _builder_version= »4.10.7&Prime; _module_preset= »default » custom_margin= »-18px||||| » global_colors_info= »{} »][/et_pb_divider][et_pb_text admin_label= »CD06&Prime; _builder_version= »4.10.7&Prime; _module_preset= »default » custom_margin= »-21px||||| » global_colors_info= »{} »]</p>
<p><img loading="lazy" decoding="async" class="alignnone size-full wp-image-12561" src="https://www.pedagogie.ac-nice.fr/daac/wp-content/uploads/sites/37/2022/05/logo_departement06.jpg" alt="" width="1120" height="149" srcset="https://www.pedagogie.ac-nice.fr/daac/wp-content/uploads/sites/37/2022/05/logo_departement06.jpg 1120w, https://www.pedagogie.ac-nice.fr/daac/wp-content/uploads/sites/37/2022/05/logo_departement06-300x40.jpg 300w, https://www.pedagogie.ac-nice.fr/daac/wp-content/uploads/sites/37/2022/05/logo_departement06-1024x136.jpg 1024w, https://www.pedagogie.ac-nice.fr/daac/wp-content/uploads/sites/37/2022/05/logo_departement06-768x102.jpg 768w, https://www.pedagogie.ac-nice.fr/daac/wp-content/uploads/sites/37/2022/05/logo_departement06-1080x144.jpg 1080w" sizes="(max-width: 1120px) 100vw, 1120px" /></p>
<p>[/et_pb_text][et_pb_divider _builder_version= »4.10.7&Prime; _module_preset= »default » custom_margin= »-17px||||| » global_colors_info= »{} »][/et_pb_divider][et_pb_text admin_label= »partenariat » _builder_version= »4.10.7&Prime; _module_preset= »default » custom_margin= »-24px||||| » global_colors_info= »{} »]</p>
<p><img loading="lazy" decoding="async" class="wp-image-6275 aligncenter" src="https://www.pedagogie.ac-nice.fr/daac/wp-content/uploads/sites/37/2021/09/partenariat.png" alt="" width="229" height="150" srcset="https://www.pedagogie.ac-nice.fr/daac/wp-content/uploads/sites/37/2021/09/partenariat.png 344w, https://www.pedagogie.ac-nice.fr/daac/wp-content/uploads/sites/37/2021/09/partenariat-300x196.png 300w" sizes="(max-width: 229px) 100vw, 229px" /></p>
<p>[/et_pb_text][et_pb_divider _builder_version= »4.10.7&Prime; _module_preset= »default » custom_margin= »-15px||||| » global_colors_info= »{} »][/et_pb_divider][et_pb_text admin_label= »Pour aller plus loin » _builder_version= »4.10.7&Prime; _module_preset= »default » custom_margin= »-28px||||| » global_colors_info= »{} »]</p>
<p><img loading="lazy" decoding="async" class="alignnone  wp-image-6383 aligncenter" src="https://www.pedagogie.ac-nice.fr/daac/wp-content/uploads/sites/37/2021/09/pour_aller_plus_loin.png" alt="" width="245" height="132" srcset="https://www.pedagogie.ac-nice.fr/daac/wp-content/uploads/sites/37/2021/09/pour_aller_plus_loin.png 349w, https://www.pedagogie.ac-nice.fr/daac/wp-content/uploads/sites/37/2021/09/pour_aller_plus_loin-300x162.png 300w" sizes="(max-width: 245px) 100vw, 245px" /></p>
<p>[/et_pb_text][et_pb_text admin_label= »ADAM » _builder_version= »4.10.7&Prime; _module_preset= »default » custom_margin= »-17px||||| » global_colors_info= »{} »]</p>
<p style="text-align: center;"><a href="https://www.departement06.fr/liste-des-expositions-en-pret-pour-les-mairies-offices-de-tourisme-et-associations/les-fortifications-des-alpes-maritimes-2970.html" target="_blank" rel="noopener"><img loading="lazy" decoding="async" class="aligncenter wp-image-1388 size-full" src="https://www.pedagogie.ac-nice.fr/daac/wp-content/uploads/sites/37/2020/11/ADAM06.png" alt="" width="232" height="160" /></a><a href="https://www.departement06.fr/liste-des-expositions-en-pret-pour-les-mairies-offices-de-tourisme-et-associations/les-fortifications-des-alpes-maritimes-2970.html" target="_blank" rel="noopener"><span style="color: #000000;">Les fortifications dans les Alpes Maritimes</span></a></p>
<p>[/et_pb_text][/et_pb_column][et_pb_column type= »2_3&Prime; _builder_version= »4.10.7&Prime; _module_preset= »default » global_colors_info= »{} »][et_pb_text admin_label= »titre » _builder_version= »4.10.7&Prime; _module_preset= »default » hover_enabled= »0&Prime; global_colors_info= »{} » text_font= »Trebuchet|||||||| » sticky_enabled= »0&Prime;]</p>
<p style="text-align: center;"><span style="font-size: 18pt; color: #993366;"><strong>Semaine de la Mémoire et du Patrimoine</strong><br /><strong>9 &#8211; 13 mai 2022</strong><br /></span></p>
<p style="text-align: center;"><span style="color: #993366;"><strong><span style="font-size: 14pt;">Au fort de la Drète</span></strong></span></p>
<p>[/et_pb_text][et_pb_text admin_label= »photo » _builder_version= »4.10.7&Prime; _module_preset= »default » global_colors_info= »{} »]</p>
<p style="text-align: center;"><img loading="lazy" decoding="async" class="alignnone size-full wp-image-12562" src="https://www.pedagogie.ac-nice.fr/daac/wp-content/uploads/sites/37/2022/05/vue-fort-drete.jpg" alt="" width="1326" height="887" srcset="https://www.pedagogie.ac-nice.fr/daac/wp-content/uploads/sites/37/2022/05/vue-fort-drete.jpg 1326w, https://www.pedagogie.ac-nice.fr/daac/wp-content/uploads/sites/37/2022/05/vue-fort-drete-300x201.jpg 300w, https://www.pedagogie.ac-nice.fr/daac/wp-content/uploads/sites/37/2022/05/vue-fort-drete-1024x685.jpg 1024w, https://www.pedagogie.ac-nice.fr/daac/wp-content/uploads/sites/37/2022/05/vue-fort-drete-768x514.jpg 768w, https://www.pedagogie.ac-nice.fr/daac/wp-content/uploads/sites/37/2022/05/vue-fort-drete-1080x722.jpg 1080w" sizes="(max-width: 1326px) 100vw, 1326px" /><br /><span style="font-size: 10pt;">© Conseil départemental des Alpes Maritimes</span></p>
<p>[/et_pb_text][et_pb_text _builder_version= »4.10.7&Prime; _module_preset= »default » hover_enabled= »0&Prime; global_colors_info= »{} » text_font= »Trebuchet|||||||| » sticky_enabled= »0&Prime;]</p>
<p style="text-align: justify;"><span style="color: #000000;"><strong>Les 9, 10, 12 et 13 mai 2022</strong>, plusieurs classes de 3ème de collèges niçois participeront à la <strong>S</strong><strong>emaine de la Mémoire et du Patrimoine</strong> organisée au Fort de la Drète dans le cadre d&rsquo;un partenariat Conseil Départemental des Alpes Maritimes et DAAC de l&rsquo;Académie de Nice.</span></p>
<p style="text-align: justify;"><span style="color: #000000;">Dans un cadre d&rsquo;exception, ils participeront à une animation autour de la vie dans les tranchées, organisée par l&rsquo;Association d&rsquo;Histoire et d&rsquo;Archéologie Expérimentale. </span></p>
<p style="text-align: justify;"><span style="color: #000000;">Ils travailleront sur des corpus documentaires issus des fonds des archives départementales des Alpes Maritimes. Plusieurs ateliers sur la 1ère Guerre Mondiale seront proposés au choix. </span></p>
<p style="text-align: justify;"><span style="color: #000000;">Une visite guidée permettra aux élèves de découvrir le site du Fort de la Drète et l&rsquo;histoire de sa construction.</span></p>
<p style="text-align: justify;"><span style="color: #000000;">Enfin, l&rsquo;exposition des archives départementales des Alpes Maritimes sur l&rsquo;histoire des fortifications permettra aux élèves de comprendre l&rsquo;évolution technologique des fortifications et les enjeux stratégiques de leur localisation dans le cadre de l&rsquo;histoire singulière de notre département.</span></p>
<p><span style="color: #000000;"><strong>Chargés de mission DAAC</strong></span><br /><span style="color: #000000;">Marc Deligios</span><br /><span style="color: #000000;">Juliette Lassalle</span></p>
<p><span style="color: #000000;"><strong>Coordination DAAC Patrimoines et Mémoires</strong></span><br /><span style="color: #000000;">Angèle Carpentier</span></p>
<p>[/et_pb_text][/et_pb_column][/et_pb_row][/et_pb_section]</p>

<p>Les fortifications dans les Alpes MaritimesSemaine de la Mémoire et du Patrimoine9 &#8211; 13 mai 2022 Au fort de la Drète© Conseil départemental des Alpes MaritimesLes 9, 10, 12 et 13 mai 2022, plusieurs classes de 3ème de collèges niçois participeront à la Semaine de la Mémoire et du Patrimoine organisée au Fort de la [&hellip;]</p>

Les fortifications dans les Alpes MaritimesSemaine de la Mémoire et du Patrimoine9 - 13 mai 2022 Au fort de la Drète© Conseil départemental des Alpes MaritimesLes 9, 10, 12 et 13 mai 2022, plusieurs classes de 3ème de collèges niçois participeront à la Semaine de la Mémoire et du Patrimoine organisée au Fort de la…
