{"id":13024,"date":"2022-06-14T09:42:41","date_gmt":"2022-06-14T07:42:41","guid":{"rendered":"https:\/\/www.pedagogie.ac-nice.fr\/daac\/?page_id=13024"},"modified":"2022-06-15T13:09:05","modified_gmt":"2022-06-15T11:09:05","slug":"musiques-actuelles","status":"publish","type":"page","link":"https:\/\/www.pedagogie.ac-nice.fr\/daac\/musiques-actuelles\/","title":{"rendered":"Musiques Actuelles"},"content":{"rendered":"<p>[et_pb_section fb_built=\u00a0\u00bb1&Prime; _builder_version=\u00a0\u00bb4.10.7&Prime; _module_preset=\u00a0\u00bbdefault\u00a0\u00bb global_colors_info=\u00a0\u00bb{}\u00a0\u00bb][et_pb_row column_structure=\u00a0\u00bb1_3,2_3&Prime; _builder_version=\u00a0\u00bb4.10.7&Prime; _module_preset=\u00a0\u00bbdefault\u00a0\u00bb global_colors_info=\u00a0\u00bb{}\u00a0\u00bb][et_pb_column type=\u00a0\u00bb1_3&Prime; _builder_version=\u00a0\u00bb4.10.7&Prime; _module_preset=\u00a0\u00bbdefault\u00a0\u00bb global_colors_info=\u00a0\u00bb{}\u00a0\u00bb][et_pb_text admin_label=\u00a0\u00bbchant choral\u00a0\u00bb _builder_version=\u00a0\u00bb4.10.7&Prime; _module_preset=\u00a0\u00bbdefault\u00a0\u00bb global_colors_info=\u00a0\u00bb{}\u00a0\u00bb]<\/p>\n<p><a href=\"https:\/\/www.pedagogie.ac-nice.fr\/daac\/les-domaines-de-leac\/musique-chantchoral\/\" target=\"_blank\" rel=\"noopener\"><img loading=\"lazy\" decoding=\"async\" class=\"aligncenter wp-image-10318\" src=\"https:\/\/www.pedagogie.ac-nice.fr\/daac\/wp-content\/uploads\/sites\/37\/2021\/12\/Capture-decran-2021-12-17-161058.jpg\" alt=\"chant_choral\" width=\"322\" height=\"202\" srcset=\"https:\/\/www.pedagogie.ac-nice.fr\/daac\/wp-content\/uploads\/sites\/37\/2021\/12\/Capture-decran-2021-12-17-161058.jpg 547w, https:\/\/www.pedagogie.ac-nice.fr\/daac\/wp-content\/uploads\/sites\/37\/2021\/12\/Capture-decran-2021-12-17-161058-300x188.jpg 300w, https:\/\/www.pedagogie.ac-nice.fr\/daac\/wp-content\/uploads\/sites\/37\/2021\/12\/Capture-decran-2021-12-17-161058-400x250.jpg 400w\" sizes=\"(max-width: 322px) 100vw, 322px\" \/><\/a><\/p>\n<p>[\/et_pb_text][et_pb_divider _builder_version=\u00a0\u00bb4.10.7&Prime; _module_preset=\u00a0\u00bbdefault\u00a0\u00bb global_colors_info=\u00a0\u00bb{}\u00a0\u00bb][\/et_pb_divider][et_pb_text admin_label=\u00a0\u00bbdanse\u00a0\u00bb _builder_version=\u00a0\u00bb4.10.7&Prime; _module_preset=\u00a0\u00bbdefault\u00a0\u00bb global_colors_info=\u00a0\u00bb{}\u00a0\u00bb]<\/p>\n<p><a href=\"https:\/\/www.pedagogie.ac-nice.fr\/daac\/domaine-danse-asv\/\" target=\"_blank\" rel=\"noopener\"><img loading=\"lazy\" decoding=\"async\" class=\"size-full wp-image-5923 aligncenter\" src=\"https:\/\/www.pedagogie.ac-nice.fr\/daac\/wp-content\/uploads\/sites\/37\/2021\/09\/danse.png\" alt=\"\" width=\"346\" height=\"221\" srcset=\"https:\/\/www.pedagogie.ac-nice.fr\/daac\/wp-content\/uploads\/sites\/37\/2021\/09\/danse.png 346w, https:\/\/www.pedagogie.ac-nice.fr\/daac\/wp-content\/uploads\/sites\/37\/2021\/09\/danse-300x192.png 300w\" sizes=\"(max-width: 346px) 100vw, 346px\" \/><\/a><\/p>\n<p>[\/et_pb_text][et_pb_divider _builder_version=\u00a0\u00bb4.10.7&Prime; _module_preset=\u00a0\u00bbdefault\u00a0\u00bb global_colors_info=\u00a0\u00bb{}\u00a0\u00bb][\/et_pb_divider][et_pb_text admin_label=\u00a0\u00bbTraces\u00a0\u00bb _builder_version=\u00a0\u00bb4.10.7&Prime; _module_preset=\u00a0\u00bbdefault\u00a0\u00bb global_colors_info=\u00a0\u00bb{}\u00a0\u00bb]<\/p>\n<p><img loading=\"lazy\" decoding=\"async\" class=\"wp-image-11046 aligncenter\" src=\"https:\/\/www.pedagogie.ac-nice.fr\/daac\/wp-content\/uploads\/sites\/37\/2022\/01\/traces.jpg\" alt=\"\" width=\"352\" height=\"151\" srcset=\"https:\/\/www.pedagogie.ac-nice.fr\/daac\/wp-content\/uploads\/sites\/37\/2022\/01\/traces.jpg 681w, https:\/\/www.pedagogie.ac-nice.fr\/daac\/wp-content\/uploads\/sites\/37\/2022\/01\/traces-300x129.jpg 300w\" sizes=\"(max-width: 352px) 100vw, 352px\" \/><\/p>\n<p>[\/et_pb_text][et_pb_text admin_label=\u00a0\u00bbmusiques actuelles 2021-2022&Prime; _builder_version=\u00a0\u00bb4.10.7&Prime; _module_preset=\u00a0\u00bbdefault\u00a0\u00bb global_colors_info=\u00a0\u00bb{}\u00a0\u00bb]<\/p>\n<p style=\"text-align: center;\"><a href=\"https:\/\/www.pedagogie.ac-nice.fr\/daac\/musiques-actuelles_2021_22\/\" target=\"_blank\" rel=\"noopener\"><img loading=\"lazy\" decoding=\"async\" class=\"aligncenter wp-image-10367\" src=\"https:\/\/www.pedagogie.ac-nice.fr\/daac\/wp-content\/uploads\/sites\/37\/2022\/01\/photo_musiques_actuelles_2021-scaled.jpeg\" alt=\"\" width=\"256\" height=\"192\" srcset=\"https:\/\/www.pedagogie.ac-nice.fr\/daac\/wp-content\/uploads\/sites\/37\/2022\/01\/photo_musiques_actuelles_2021-scaled.jpeg 2560w, https:\/\/www.pedagogie.ac-nice.fr\/daac\/wp-content\/uploads\/sites\/37\/2022\/01\/photo_musiques_actuelles_2021-300x225.jpeg 300w, https:\/\/www.pedagogie.ac-nice.fr\/daac\/wp-content\/uploads\/sites\/37\/2022\/01\/photo_musiques_actuelles_2021-1024x768.jpeg 1024w, https:\/\/www.pedagogie.ac-nice.fr\/daac\/wp-content\/uploads\/sites\/37\/2022\/01\/photo_musiques_actuelles_2021-768x576.jpeg 768w, https:\/\/www.pedagogie.ac-nice.fr\/daac\/wp-content\/uploads\/sites\/37\/2022\/01\/photo_musiques_actuelles_2021-1536x1152.jpeg 1536w, https:\/\/www.pedagogie.ac-nice.fr\/daac\/wp-content\/uploads\/sites\/37\/2022\/01\/photo_musiques_actuelles_2021-2048x1536.jpeg 2048w, https:\/\/www.pedagogie.ac-nice.fr\/daac\/wp-content\/uploads\/sites\/37\/2022\/01\/photo_musiques_actuelles_2021-1080x810.jpeg 1080w\" sizes=\"(max-width: 256px) 100vw, 256px\" \/><\/a><strong><span style=\"color: #800000;\">Musiques actuelles \u00e9dition 2021-2022<\/span><\/strong><\/p>\n<p>[\/et_pb_text][\/et_pb_column][et_pb_column type=\u00a0\u00bb2_3&Prime; _builder_version=\u00a0\u00bb4.10.7&Prime; _module_preset=\u00a0\u00bbdefault\u00a0\u00bb global_colors_info=\u00a0\u00bb{}\u00a0\u00bb][et_pb_text admin_label=\u00a0\u00bbTitre\u00a0\u00bb _builder_version=\u00a0\u00bb4.10.7&Prime; _module_preset=\u00a0\u00bbdefault\u00a0\u00bb hover_enabled=\u00a0\u00bb0&Prime; global_colors_info=\u00a0\u00bb{}\u00a0\u00bb sticky_enabled=\u00a0\u00bb0&Prime;]<\/p>\n<p style=\"text-align: center;\"><span style=\"color: #ff00ff; font-size: 14pt;\"><strong>Concours Danses et Musiques Actuelles de la DAAC<br \/><span style=\"color: #ff00ff;\">Appel \u00e0 projet 2022-2023<\/span><br \/><\/strong><\/span><\/p>\n<p>[\/et_pb_text][et_pb_text admin_label=\u00a0\u00bbTexte pr\u00e9sentation\u00a0\u00bb _builder_version=\u00a0\u00bb4.10.7&Prime; _module_preset=\u00a0\u00bbdefault\u00a0\u00bb hover_enabled=\u00a0\u00bb0&Prime; global_colors_info=\u00a0\u00bb{}\u00a0\u00bb sticky_enabled=\u00a0\u00bb0&Prime;]<\/p>\n<p style=\"text-align: justify;\"><span style=\"color: #0000ff;\">Depuis 2021, la DAAC organise un tremplin d\u00e9di\u00e9 aux musiques actuelles.<\/span><\/p>\n<p style=\"text-align: justify;\"><strong><span style=\"color: #0000ff;\">En 2022, le concours se d\u00e9veloppe et prend de l\u2019envergure, en donnant sa place \u00e0 l\u2019art chor\u00e9graphique, si proche de la musique.<\/span><\/strong><\/p>\n<div style=\"text-align: justify;\"><span style=\"color: #0000ff;\">Afin de valoriser les ateliers instrumentaux et les projets chor\u00e9graphiques des \u00e9tablissements du second degr\u00e9,&nbsp;<strong>La D\u00e9l\u00e9gation Acad\u00e9mique de l\u2019Acad\u00e9mie de Nice<\/strong>&nbsp;cr\u00e9e un concours r\u00e9serv\u00e9 aux danses et musiques actuelles.<\/span><\/div>\n<div style=\"text-align: justify;\"><span style=\"color: #0000ff;\">Ce concours est ouvert aux groupes form\u00e9s lors d\u2019ateliers scolaires de cr\u00e9ation artistique dans les coll\u00e8ges et lyc\u00e9es de l\u2019acad\u00e9mie de Nice. Il est \u00e9galement ouvert aux classes qui se sont engag\u00e9es dans un projet danse dans le cadre des enseignements interdisciplinaires, afin de donner de la visibilit\u00e9 \u00e0 la cr\u00e9ativit\u00e9 de nos \u00e9l\u00e8ves.<\/span><\/div>\n<p>[\/et_pb_text][et_pb_text _builder_version=\u00a0\u00bb4.10.7&Prime; _module_preset=\u00a0\u00bbdefault\u00a0\u00bb hover_enabled=\u00a0\u00bb0&Prime; global_colors_info=\u00a0\u00bb{}\u00a0\u00bb sticky_enabled=\u00a0\u00bb0&Prime;]<\/p>\n<p style=\"text-align: center;\" align=\"justify\"><strong><span style=\"color: #ff00ff; font-size: 14pt;\">Appel \u00e0 projet 2022-2023<\/span><\/strong><\/p>\n<p class=\"western\" style=\"text-align: justify;\" align=\"justify\"><span style=\"color: #0000ff;\">Afin de valoriser les ateliers instrum<\/span><span style=\"color: #0000ff;\">entaux et chor\u00e9graphiques des \u00e9tablissements du second degr\u00e9, l&rsquo;Acad\u00e9mie de Nice et particuli\u00e8rement la DAAC cr\u00e9e un<strong> plan acad\u00e9mique de danses et musiques actuelles<\/strong>.<\/span><\/p>\n<p class=\"western\" style=\"text-align: justify;\" align=\"justify\"><span style=\"color: #0000ff;\">Ce plan acad\u00e9mique se constitue d&rsquo;un concours de musique, qui est ouvert pour les groupes form\u00e9s lors d&rsquo;ateliers scolaires de cr\u00e9ation artistique dans les <strong>coll\u00e8ges et lyc\u00e9es<\/strong> des Alpes Maritimes et du Var.<\/span><\/p>\n<p style=\"text-align: justify;\"><span style=\"color: #0000ff;\">Chaque groupe compos\u00e9 d&rsquo;<strong>au moins 2 musiciens et\/ ou danseurs<\/strong> peut se pr\u00e9senter aux pr\u00e9-s\u00e9lections. Il suffira d&rsquo;envoyer,<\/span> <strong><span style=\"color: #ff00ff;\">avant le 1er d\u00e9cembre 2022<\/span><\/strong><span style=\"color: #0000ff;\">, un fichier sonore et\/ou vid\u00e9o du groupe.<\/span><\/p>\n<p align=\"justify\"><strong><span style=\"color: #ff00ff;\">D\u00e9tails et Toutes les informations ici :<a href=\"https:\/\/www.pedagogie.ac-nice.fr\/daac\/wp-content\/uploads\/sites\/37\/2022\/06\/Plan_academique_danses_musiques_actuelles_2022_23.pdf\" target=\"_blank\" rel=\"noopener\"><img loading=\"lazy\" decoding=\"async\" class=\"aligncenter wp-image-8629\" src=\"https:\/\/www.pedagogie.ac-nice.fr\/daac\/wp-content\/uploads\/sites\/37\/2021\/10\/fichier_pdf.jpg\" alt=\"\" width=\"105\" height=\"110\"><\/a><\/span><\/strong><\/p>\n<p>[\/et_pb_text][\/et_pb_column][\/et_pb_row][\/et_pb_section]<\/p>\n","protected":false},"excerpt":{"rendered":"<p>Musiques actuelles \u00e9dition 2021-2022Concours Danses et Musiques Actuelles de la DAACAppel \u00e0 projet 2022-2023Depuis 2021, la DAAC organise un tremplin d\u00e9di\u00e9 aux musiques actuelles. En 2022, le concours se d\u00e9veloppe et prend de l\u2019envergure, en donnant sa place \u00e0 l\u2019art chor\u00e9graphique, si proche de la musique. Afin de valoriser les ateliers instrumentaux et les projets [&hellip;]<\/p>\n","protected":false},"author":241,"featured_media":0,"parent":0,"menu_order":0,"comment_status":"closed","ping_status":"closed","template":"","meta":{"_et_pb_use_builder":"on","_et_pb_old_content":"","_et_gb_content_width":"","ngg_post_thumbnail":0,"footnotes":""},"class_list":["post-13024","page","type-page","status-publish","hentry"],"rttpg_featured_image_url":null,"rttpg_author":{"display_name":"daacadmin","author_link":"https:\/\/www.pedagogie.ac-nice.fr\/daac\/author\/daacadmin\/"},"rttpg_comment":0,"rttpg_category":null,"rttpg_excerpt":"Musiques actuelles \u00e9dition 2021-2022Concours Danses et Musiques Actuelles de la DAACAppel \u00e0 projet 2022-2023Depuis 2021, la DAAC organise un tremplin d\u00e9di\u00e9 aux musiques actuelles. En 2022, le concours se d\u00e9veloppe et prend de l\u2019envergure, en donnant sa place \u00e0 l\u2019art chor\u00e9graphique, si proche de la musique. Afin de valoriser les ateliers instrumentaux et les projets\u2026","post_mailing_queue_ids":[],"_links":{"self":[{"href":"https:\/\/www.pedagogie.ac-nice.fr\/daac\/wp-json\/wp\/v2\/pages\/13024","targetHints":{"allow":["GET"]}}],"collection":[{"href":"https:\/\/www.pedagogie.ac-nice.fr\/daac\/wp-json\/wp\/v2\/pages"}],"about":[{"href":"https:\/\/www.pedagogie.ac-nice.fr\/daac\/wp-json\/wp\/v2\/types\/page"}],"author":[{"embeddable":true,"href":"https:\/\/www.pedagogie.ac-nice.fr\/daac\/wp-json\/wp\/v2\/users\/241"}],"replies":[{"embeddable":true,"href":"https:\/\/www.pedagogie.ac-nice.fr\/daac\/wp-json\/wp\/v2\/comments?post=13024"}],"version-history":[{"count":8,"href":"https:\/\/www.pedagogie.ac-nice.fr\/daac\/wp-json\/wp\/v2\/pages\/13024\/revisions"}],"predecessor-version":[{"id":13046,"href":"https:\/\/www.pedagogie.ac-nice.fr\/daac\/wp-json\/wp\/v2\/pages\/13024\/revisions\/13046"}],"wp:attachment":[{"href":"https:\/\/www.pedagogie.ac-nice.fr\/daac\/wp-json\/wp\/v2\/media?parent=13024"}],"curies":[{"name":"wp","href":"https:\/\/api.w.org\/{rel}","templated":true}]}}

<p>[et_pb_section fb_built= »1&Prime; _builder_version= »4.10.7&Prime; _module_preset= »default » global_colors_info= »{} »][et_pb_row column_structure= »1_3,2_3&Prime; _builder_version= »4.10.7&Prime; _module_preset= »default » global_colors_info= »{} »][et_pb_column type= »1_3&Prime; _builder_version= »4.10.7&Prime; _module_preset= »default » global_colors_info= »{} »][et_pb_text admin_label= »chant choral » _builder_version= »4.10.7&Prime; _module_preset= »default » global_colors_info= »{} »]</p>
<p><a href="https://www.pedagogie.ac-nice.fr/daac/les-domaines-de-leac/musique-chantchoral/" target="_blank" rel="noopener"><img loading="lazy" decoding="async" class="aligncenter wp-image-10318" src="https://www.pedagogie.ac-nice.fr/daac/wp-content/uploads/sites/37/2021/12/Capture-decran-2021-12-17-161058.jpg" alt="chant_choral" width="322" height="202" srcset="https://www.pedagogie.ac-nice.fr/daac/wp-content/uploads/sites/37/2021/12/Capture-decran-2021-12-17-161058.jpg 547w, https://www.pedagogie.ac-nice.fr/daac/wp-content/uploads/sites/37/2021/12/Capture-decran-2021-12-17-161058-300x188.jpg 300w, https://www.pedagogie.ac-nice.fr/daac/wp-content/uploads/sites/37/2021/12/Capture-decran-2021-12-17-161058-400x250.jpg 400w" sizes="(max-width: 322px) 100vw, 322px" /></a></p>
<p>[/et_pb_text][et_pb_divider _builder_version= »4.10.7&Prime; _module_preset= »default » global_colors_info= »{} »][/et_pb_divider][et_pb_text admin_label= »danse » _builder_version= »4.10.7&Prime; _module_preset= »default » global_colors_info= »{} »]</p>
<p><a href="https://www.pedagogie.ac-nice.fr/daac/domaine-danse-asv/" target="_blank" rel="noopener"><img loading="lazy" decoding="async" class="size-full wp-image-5923 aligncenter" src="https://www.pedagogie.ac-nice.fr/daac/wp-content/uploads/sites/37/2021/09/danse.png" alt="" width="346" height="221" srcset="https://www.pedagogie.ac-nice.fr/daac/wp-content/uploads/sites/37/2021/09/danse.png 346w, https://www.pedagogie.ac-nice.fr/daac/wp-content/uploads/sites/37/2021/09/danse-300x192.png 300w" sizes="(max-width: 346px) 100vw, 346px" /></a></p>
<p>[/et_pb_text][et_pb_divider _builder_version= »4.10.7&Prime; _module_preset= »default » global_colors_info= »{} »][/et_pb_divider][et_pb_text admin_label= »Traces » _builder_version= »4.10.7&Prime; _module_preset= »default » global_colors_info= »{} »]</p>
<p><img loading="lazy" decoding="async" class="wp-image-11046 aligncenter" src="https://www.pedagogie.ac-nice.fr/daac/wp-content/uploads/sites/37/2022/01/traces.jpg" alt="" width="352" height="151" srcset="https://www.pedagogie.ac-nice.fr/daac/wp-content/uploads/sites/37/2022/01/traces.jpg 681w, https://www.pedagogie.ac-nice.fr/daac/wp-content/uploads/sites/37/2022/01/traces-300x129.jpg 300w" sizes="(max-width: 352px) 100vw, 352px" /></p>
<p>[/et_pb_text][et_pb_text admin_label= »musiques actuelles 2021-2022&Prime; _builder_version= »4.10.7&Prime; _module_preset= »default » global_colors_info= »{} »]</p>
<p style="text-align: center;"><a href="https://www.pedagogie.ac-nice.fr/daac/musiques-actuelles_2021_22/" target="_blank" rel="noopener"><img loading="lazy" decoding="async" class="aligncenter wp-image-10367" src="https://www.pedagogie.ac-nice.fr/daac/wp-content/uploads/sites/37/2022/01/photo_musiques_actuelles_2021-scaled.jpeg" alt="" width="256" height="192" srcset="https://www.pedagogie.ac-nice.fr/daac/wp-content/uploads/sites/37/2022/01/photo_musiques_actuelles_2021-scaled.jpeg 2560w, https://www.pedagogie.ac-nice.fr/daac/wp-content/uploads/sites/37/2022/01/photo_musiques_actuelles_2021-300x225.jpeg 300w, https://www.pedagogie.ac-nice.fr/daac/wp-content/uploads/sites/37/2022/01/photo_musiques_actuelles_2021-1024x768.jpeg 1024w, https://www.pedagogie.ac-nice.fr/daac/wp-content/uploads/sites/37/2022/01/photo_musiques_actuelles_2021-768x576.jpeg 768w, https://www.pedagogie.ac-nice.fr/daac/wp-content/uploads/sites/37/2022/01/photo_musiques_actuelles_2021-1536x1152.jpeg 1536w, https://www.pedagogie.ac-nice.fr/daac/wp-content/uploads/sites/37/2022/01/photo_musiques_actuelles_2021-2048x1536.jpeg 2048w, https://www.pedagogie.ac-nice.fr/daac/wp-content/uploads/sites/37/2022/01/photo_musiques_actuelles_2021-1080x810.jpeg 1080w" sizes="(max-width: 256px) 100vw, 256px" /></a><strong><span style="color: #800000;">Musiques actuelles édition 2021-2022</span></strong></p>
<p>[/et_pb_text][/et_pb_column][et_pb_column type= »2_3&Prime; _builder_version= »4.10.7&Prime; _module_preset= »default » global_colors_info= »{} »][et_pb_text admin_label= »Titre » _builder_version= »4.10.7&Prime; _module_preset= »default » hover_enabled= »0&Prime; global_colors_info= »{} » sticky_enabled= »0&Prime;]</p>
<p style="text-align: center;"><span style="color: #ff00ff; font-size: 14pt;"><strong>Concours Danses et Musiques Actuelles de la DAAC<br /><span style="color: #ff00ff;">Appel à projet 2022-2023</span><br /></strong></span></p>
<p>[/et_pb_text][et_pb_text admin_label= »Texte présentation » _builder_version= »4.10.7&Prime; _module_preset= »default » hover_enabled= »0&Prime; global_colors_info= »{} » sticky_enabled= »0&Prime;]</p>
<p style="text-align: justify;"><span style="color: #0000ff;">Depuis 2021, la DAAC organise un tremplin dédié aux musiques actuelles.</span></p>
<p style="text-align: justify;"><strong><span style="color: #0000ff;">En 2022, le concours se développe et prend de l’envergure, en donnant sa place à l’art chorégraphique, si proche de la musique.</span></strong></p>
<div style="text-align: justify;"><span style="color: #0000ff;">Afin de valoriser les ateliers instrumentaux et les projets chorégraphiques des établissements du second degré,&nbsp;<strong>La Délégation Académique de l’Académie de Nice</strong>&nbsp;crée un concours réservé aux danses et musiques actuelles.</span></div>
<div style="text-align: justify;"><span style="color: #0000ff;">Ce concours est ouvert aux groupes formés lors d’ateliers scolaires de création artistique dans les collèges et lycées de l’académie de Nice. Il est également ouvert aux classes qui se sont engagées dans un projet danse dans le cadre des enseignements interdisciplinaires, afin de donner de la visibilité à la créativité de nos élèves.</span></div>
<p>[/et_pb_text][et_pb_text _builder_version= »4.10.7&Prime; _module_preset= »default » hover_enabled= »0&Prime; global_colors_info= »{} » sticky_enabled= »0&Prime;]</p>
<p style="text-align: center;" align="justify"><strong><span style="color: #ff00ff; font-size: 14pt;">Appel à projet 2022-2023</span></strong></p>
<p class="western" style="text-align: justify;" align="justify"><span style="color: #0000ff;">Afin de valoriser les ateliers instrum</span><span style="color: #0000ff;">entaux et chorégraphiques des établissements du second degré, l&rsquo;Académie de Nice et particulièrement la DAAC crée un<strong> plan académique de danses et musiques actuelles</strong>.</span></p>
<p class="western" style="text-align: justify;" align="justify"><span style="color: #0000ff;">Ce plan académique se constitue d&rsquo;un concours de musique, qui est ouvert pour les groupes formés lors d&rsquo;ateliers scolaires de création artistique dans les <strong>collèges et lycées</strong> des Alpes Maritimes et du Var.</span></p>
<p style="text-align: justify;"><span style="color: #0000ff;">Chaque groupe composé d&rsquo;<strong>au moins 2 musiciens et/ ou danseurs</strong> peut se présenter aux pré-sélections. Il suffira d&rsquo;envoyer,</span> <strong><span style="color: #ff00ff;">avant le 1er décembre 2022</span></strong><span style="color: #0000ff;">, un fichier sonore et/ou vidéo du groupe.</span></p>
<p align="justify"><strong><span style="color: #ff00ff;">Détails et Toutes les informations ici :<a href="https://www.pedagogie.ac-nice.fr/daac/wp-content/uploads/sites/37/2022/06/Plan_academique_danses_musiques_actuelles_2022_23.pdf" target="_blank" rel="noopener"><img loading="lazy" decoding="async" class="aligncenter wp-image-8629" src="https://www.pedagogie.ac-nice.fr/daac/wp-content/uploads/sites/37/2021/10/fichier_pdf.jpg" alt="" width="105" height="110"></a></span></strong></p>
<p>[/et_pb_text][/et_pb_column][/et_pb_row][/et_pb_section]</p>

<p>Musiques actuelles édition 2021-2022Concours Danses et Musiques Actuelles de la DAACAppel à projet 2022-2023Depuis 2021, la DAAC organise un tremplin dédié aux musiques actuelles. En 2022, le concours se développe et prend de l’envergure, en donnant sa place à l’art chorégraphique, si proche de la musique. Afin de valoriser les ateliers instrumentaux et les projets [&hellip;]</p>

Musiques actuelles édition 2021-2022Concours Danses et Musiques Actuelles de la DAACAppel à projet 2022-2023Depuis 2021, la DAAC organise un tremplin dédié aux musiques actuelles. En 2022, le concours se développe et prend de l’envergure, en donnant sa place à l’art chorégraphique, si proche de la musique. Afin de valoriser les ateliers instrumentaux et les projets…
