{"id":13953,"date":"2022-10-19T09:03:49","date_gmt":"2022-10-19T07:03:49","guid":{"rendered":"https:\/\/www.pedagogie.ac-nice.fr\/daac\/?page_id=13953"},"modified":"2023-08-29T10:34:20","modified_gmt":"2023-08-29T08:34:20","slug":"mercredi-enseignants","status":"publish","type":"page","link":"https:\/\/www.pedagogie.ac-nice.fr\/daac\/mercredi-enseignants\/","title":{"rendered":"Mercredi enseignants"},"content":{"rendered":"<p>[et_pb_section fb_built=\u00a0\u00bb1&Prime; _builder_version=\u00a0\u00bb4.10.7&Prime; _module_preset=\u00a0\u00bbdefault\u00a0\u00bb global_colors_info=\u00a0\u00bb{}\u00a0\u00bb][et_pb_row _builder_version=\u00a0\u00bb4.10.7&Prime; _module_preset=\u00a0\u00bbdefault\u00a0\u00bb global_colors_info=\u00a0\u00bb{}\u00a0\u00bb][et_pb_column type=\u00a0\u00bb4_4&Prime; _builder_version=\u00a0\u00bb4.10.7&Prime; _module_preset=\u00a0\u00bbdefault\u00a0\u00bb global_colors_info=\u00a0\u00bb{}\u00a0\u00bb][et_pb_text _builder_version=\u00a0\u00bb4.10.7&Prime; _module_preset=\u00a0\u00bbdefault\u00a0\u00bb text_font=\u00a0\u00bbTrebuchet||||||||\u00a0\u00bb text_text_color=\u00a0\u00bb#000000&Prime; text_font_size=\u00a0\u00bb16px\u00a0\u00bb text_orientation=\u00a0\u00bbjustified\u00a0\u00bb global_colors_info=\u00a0\u00bb{}\u00a0\u00bb]<\/p>\n<p style=\"text-align: center;\"><img loading=\"lazy\" decoding=\"async\" src=\"https:\/\/www.pedagogie.ac-nice.fr\/daac\/wp-content\/uploads\/sites\/37\/2023\/08\/espac-cult-lympia-300x61.png\" width=\"300\" height=\"61\" alt=\"\" class=\"wp-image-15090 alignnone size-medium\" srcset=\"https:\/\/www.pedagogie.ac-nice.fr\/daac\/wp-content\/uploads\/sites\/37\/2023\/08\/espac-cult-lympia-300x61.png 300w, https:\/\/www.pedagogie.ac-nice.fr\/daac\/wp-content\/uploads\/sites\/37\/2023\/08\/espac-cult-lympia-1024x208.png 1024w, https:\/\/www.pedagogie.ac-nice.fr\/daac\/wp-content\/uploads\/sites\/37\/2023\/08\/espac-cult-lympia-768x156.png 768w, https:\/\/www.pedagogie.ac-nice.fr\/daac\/wp-content\/uploads\/sites\/37\/2023\/08\/espac-cult-lympia-1080x219.png 1080w, https:\/\/www.pedagogie.ac-nice.fr\/daac\/wp-content\/uploads\/sites\/37\/2023\/08\/espac-cult-lympia-1280x264.png 1280w, https:\/\/www.pedagogie.ac-nice.fr\/daac\/wp-content\/uploads\/sites\/37\/2023\/08\/espac-cult-lympia.png 1302w\" sizes=\"(max-width: 300px) 100vw, 300px\" \/><\/p>\n<p style=\"text-align: center;\"><strong>Mercredi des enseignants<\/strong><br \/><strong>le 13 septembre 2023 de 14h30 \u00e0 16h30 \u00e0 l\u2019espace culturel d\u00e9partemental LYMPIA<\/strong><\/p>\n<p>Pr\u00e9sentation de la programmation culturelle de l\u2019<span style=\"color: #993366;\">espace culturel LYMPIA<\/span> et visite de l\u2019exposition temporaire <span style=\"color: #993366;\">\u00ab Vasarely, d\u2019un art programmatique au num\u00e9rique \u00bb<\/span> du 17 juin au 22 octobre 2023<\/p>\n<p style=\"text-align: center;\"><img loading=\"lazy\" decoding=\"async\" src=\"https:\/\/www.pedagogie.ac-nice.fr\/daac\/wp-content\/uploads\/sites\/37\/2023\/08\/vasarely-213x300.png\" width=\"213\" height=\"300\" alt=\"\" class=\"wp-image-15089 alignnone size-medium\" srcset=\"https:\/\/www.pedagogie.ac-nice.fr\/daac\/wp-content\/uploads\/sites\/37\/2023\/08\/vasarely-213x300.png 213w, https:\/\/www.pedagogie.ac-nice.fr\/daac\/wp-content\/uploads\/sites\/37\/2023\/08\/vasarely.png 454w\" sizes=\"(max-width: 213px) 100vw, 213px\" \/><\/p>\n<p><a href=\"https:\/\/www.pedagogie.ac-nice.fr\/daac\/wp-content\/uploads\/sites\/37\/2023\/08\/DAAC-VM-LYMPIA_2023_09_13.pdf\" target=\"_blank\" rel=\"noopener\">Pour en savoir plus<\/a><\/p>\n<p>[\/et_pb_text][et_pb_divider _builder_version=\u00a0\u00bb4.10.7&Prime; _module_preset=\u00a0\u00bbdefault\u00a0\u00bb global_colors_info=\u00a0\u00bb{}\u00a0\u00bb][\/et_pb_divider][et_pb_text _builder_version=\u00a0\u00bb4.10.7&Prime; _module_preset=\u00a0\u00bbdefault\u00a0\u00bb text_font=\u00a0\u00bbTrebuchet||||||||\u00a0\u00bb text_text_color=\u00a0\u00bb#000000&Prime; text_font_size=\u00a0\u00bb16px\u00a0\u00bb text_orientation=\u00a0\u00bbjustified\u00a0\u00bb global_colors_info=\u00a0\u00bb{}\u00a0\u00bb]<\/p>\n<p style=\"text-align: center;\"><img loading=\"lazy\" decoding=\"async\" src=\"https:\/\/www.pedagogie.ac-nice.fr\/daac\/wp-content\/uploads\/sites\/37\/2020\/12\/Musee_arts_asiastiques.jpg\" width=\"210\" height=\"119\" alt=\"\" class=\"wp-image-1860 alignnone size-full\" \/><\/p>\n<p>Mercredi des enseignants le 27 septembre 2023 de 14h30 \u00e0 16h30 au mus\u00e9e d\u00e9partemental des arts asiatiques<\/p>\n<p><span style=\"color: #993366;\">\u00ab Tatouages du monde flottant, le corps imag\u00e9 au Japon \u00bb<\/span> du 1er juillet au 3 d\u00e9cembre 2023<\/p>\n<p style=\"text-align: center;\"><img loading=\"lazy\" decoding=\"async\" src=\"https:\/\/www.pedagogie.ac-nice.fr\/daac\/wp-content\/uploads\/sites\/37\/2023\/08\/tatouage-du-monde-flottant-200x300.png\" width=\"200\" height=\"300\" alt=\"\" class=\"wp-image-15088 alignnone size-medium\" srcset=\"https:\/\/www.pedagogie.ac-nice.fr\/daac\/wp-content\/uploads\/sites\/37\/2023\/08\/tatouage-du-monde-flottant-200x300.png 200w, https:\/\/www.pedagogie.ac-nice.fr\/daac\/wp-content\/uploads\/sites\/37\/2023\/08\/tatouage-du-monde-flottant.png 433w\" sizes=\"(max-width: 200px) 100vw, 200px\" \/><\/p>\n<p><a href=\"https:\/\/www.pedagogie.ac-nice.fr\/daac\/wp-content\/uploads\/sites\/37\/2023\/08\/DAAC-VM-MAA_2023_09_27.pdf\" target=\"_blank\" rel=\"noopener\">Pour en savoir plus<\/a><\/p>\n<p>[\/et_pb_text][et_pb_divider _builder_version=\u00a0\u00bb4.10.7&Prime; _module_preset=\u00a0\u00bbdefault\u00a0\u00bb global_colors_info=\u00a0\u00bb{}\u00a0\u00bb][\/et_pb_divider][et_pb_text _builder_version=\u00a0\u00bb4.10.7&Prime; _module_preset=\u00a0\u00bbdefault\u00a0\u00bb text_font=\u00a0\u00bbTrebuchet||||||||\u00a0\u00bb text_text_color=\u00a0\u00bb#000000&Prime; text_font_size=\u00a0\u00bb16px\u00a0\u00bb global_colors_info=\u00a0\u00bb{}\u00a0\u00bb]<\/p>\n<p>&nbsp;<\/p>\n<p><img loading=\"lazy\" decoding=\"async\" src=\"https:\/\/www.pedagogie.ac-nice.fr\/daac\/wp-content\/uploads\/sites\/37\/2023\/06\/macm-300x216.jpg\" width=\"300\" height=\"216\" alt=\"\" class=\"wp-image-14959 alignnone size-medium\" style=\"display: block; margin-left: auto; margin-right: auto;\" srcset=\"https:\/\/www.pedagogie.ac-nice.fr\/daac\/wp-content\/uploads\/sites\/37\/2023\/06\/macm-300x216.jpg 300w, https:\/\/www.pedagogie.ac-nice.fr\/daac\/wp-content\/uploads\/sites\/37\/2023\/06\/macm.jpg 595w\" sizes=\"(max-width: 300px) 100vw, 300px\" \/><\/p>\n<p><span>Le\u00a0<\/span><b>Mus\u00e9e d&rsquo;art classique de Mougins<\/b><span>, en partenariat avec la d\u00e9l\u00e9gation acad\u00e9mique \u00e0 l&rsquo;\u00e9ducation artistique et culturelle, propose aux enseignants une visite des\u00a0<\/span><b>collections permanentes<span>\u00a0<\/span><\/b><span>ainsi que de<\/span><b><span>\u00a0<\/span><span style=\"color: #993366;\">l&rsquo;exposition temporaire \u00ab Picasso vu par les autres \u00bb<\/span><\/b><span style=\"color: #993366;\"><b>\u00a0<\/b><\/span><span>qui aura lieu<\/span><b><span>\u00a0<\/span>le mercredi 7 juin \u00e0 14h<\/b><span>.<\/span><\/p>\n<p><a href=\"https:\/\/www.pedagogie.ac-nice.fr\/daac\/wp-content\/uploads\/sites\/37\/2023\/06\/DAAC-VM-MACM_2023_06_7-.pdf\" target=\"_blank\" rel=\"noopener\"><span>Pour en savoir plus<\/span><\/a><\/p>\n<p>[\/et_pb_text][et_pb_divider _builder_version=\u00a0\u00bb4.10.7&Prime; _module_preset=\u00a0\u00bbdefault\u00a0\u00bb global_colors_info=\u00a0\u00bb{}\u00a0\u00bb][\/et_pb_divider][et_pb_text _builder_version=\u00a0\u00bb4.10.7&Prime; _module_preset=\u00a0\u00bbdefault\u00a0\u00bb text_font=\u00a0\u00bbTrebuchet||||||||\u00a0\u00bb text_text_color=\u00a0\u00bb#000000&Prime; text_font_size=\u00a0\u00bb16px\u00a0\u00bb text_orientation=\u00a0\u00bbjustified\u00a0\u00bb custom_padding=\u00a0\u00bb12px|||||\u00a0\u00bb global_colors_info=\u00a0\u00bb{}\u00a0\u00bb]<\/p>\n<p style=\"text-align: center;\"><strong><span style=\"color: #993366;\">VISITE R\u00c9SERV\u00c9E AUX ENSEIGNANTS<\/span><\/strong><br \/><strong><span style=\"color: #993366;\">Le mercredi 02 F\u00e9vrier 2023, 15h, visite de l\u2019exposition de Serigne Ibrahima Dieye.<\/span><\/strong><\/p>\n<p><span style=\"color: #333300;\">Lieu de rendez &#8211; vous: Suquet des artistes, 7 rue Saint Dizier (entr\u00e9e dans le parking).<\/span><br \/><span style=\"color: #333300;\">Pour r\u00e9server la visite r\u00e9serv\u00e9e aux enseignants, merci de contacter par mail <a href=\"mailto:Isabelle.Becker@ac-nice.fr\">Isabelle.Becker@ac-nice.fr<\/a> &#8211; <\/span><span style=\"color: #333300;\">\u00a0charg\u00e9e de mission pour le P\u00f4le d\u2019Art Moderne et Contemporain de Cannes par la DAAC.<\/span><br \/><span style=\"color: #333300;\">La m\u00e9diatrice du P\u00f4le d\u2019art moderne et contemporain Gwena\u00eblle Maillart vous accueillera lors de cette visite.<\/span><\/p>\n<p><span style=\"color: #333300;\">Pour r\u00e9server une visite pour une classe: gwena\u00eblle.maillart@ville-cannes.fr<\/span><\/p>\n<p><span style=\"color: #333300;\"><a href=\"https:\/\/www.pedagogie.ac-nice.fr\/daac\/wp-content\/uploads\/sites\/37\/2023\/01\/DAAC-VM-S.I.DIEYE_.pdf\" target=\"_blank\" rel=\"noopener\" style=\"color: #333300;\">Pour en savoir plus<\/a><\/span><\/p>\n<p>[\/et_pb_text][et_pb_divider _builder_version=\u00a0\u00bb4.10.7&Prime; _module_preset=\u00a0\u00bbdefault\u00a0\u00bb global_colors_info=\u00a0\u00bb{}\u00a0\u00bb][\/et_pb_divider][et_pb_text _builder_version=\u00a0\u00bb4.10.7&Prime; _module_preset=\u00a0\u00bbdefault\u00a0\u00bb text_font=\u00a0\u00bbTrebuchet||||||||\u00a0\u00bb text_text_color=\u00a0\u00bb#000000&Prime; text_font_size=\u00a0\u00bb16px\u00a0\u00bb text_orientation=\u00a0\u00bbjustified\u00a0\u00bb global_colors_info=\u00a0\u00bb{}\u00a0\u00bb]<\/p>\n<h5 class=\"et_pb_toggle_title\" style=\"text-align: center;\"><strong><span style=\"color: #993366;\">MERCREDI 8 F\u00c9VRIER \u00c0 14H \u00ab RENCONTRES DU MERCREDI DES ENSEIGNANTS AU MUS\u00c9E DE VENCE\u00bb<\/span><\/strong><\/h5>\n<div class=\"et_pb_toggle_content clearfix\">\n<p>Le Mus\u00e9e de Vence et la DAAC vous invitent \u00e0 venir d\u00e9couvrir la collection permanente, les expositions et le Mus\u00e9e num\u00e9rique gratuit \u00ab Micro-Folie \u00bb cr\u00e9e en<br \/>collaboration avec 12 \u00e9tablissements culturels nationaux fondateurs, initi\u00e9 par la cit\u00e9 des Sciences de La Villette.<\/p>\n<p><a href=\"https:\/\/www.pedagogie.ac-nice.fr\/daac\/wp-content\/uploads\/sites\/37\/2023\/01\/Document-visite-du-Mercredi-Rencontre-des-enseignants-Vence-1-1.pdf\" target=\"_blank\" rel=\"noopener\">Pour en savoir plus<\/a><\/p>\n<\/div>\n<p>[\/et_pb_text][et_pb_divider _builder_version=\u00a0\u00bb4.10.7&Prime; _module_preset=\u00a0\u00bbdefault\u00a0\u00bb global_colors_info=\u00a0\u00bb{}\u00a0\u00bb][\/et_pb_divider][et_pb_text _builder_version=\u00a0\u00bb4.10.7&Prime; _module_preset=\u00a0\u00bbdefault\u00a0\u00bb text_font=\u00a0\u00bbTrebuchet||||||||\u00a0\u00bb text_text_color=\u00a0\u00bb#000000&Prime; text_font_size=\u00a0\u00bb16px\u00a0\u00bb text_orientation=\u00a0\u00bbjustified\u00a0\u00bb global_colors_info=\u00a0\u00bb{}\u00a0\u00bb]<\/p>\n<div class=\"et_pb_toggle et_pb_module et_pb_accordion_item et_pb_accordion_item_1 et_pb_toggle_open\">\n<h5 class=\"et_pb_toggle_title\" style=\"text-align: center;\"><span style=\"color: #993366;\">FORMATION ENSEIGNANTS MUS\u00c9E FERNAND L\u00c9GER 11 JANVIER 2023<\/span><\/h5>\n<div class=\"et_pb_toggle_content clearfix\">\n<p><span><img decoding=\"async\" loading=\"lazy\" src=\"https:\/\/www.pedagogie.ac-nice.fr\/daac\/wp-content\/uploads\/sites\/37\/2022\/12\/test-1920_960-musee06-leger-2-300x138.jpg\" width=\"300\" height=\"138\" alt=\"\" class=\"wp-image-14109 alignnone size-medium\" srcset=\"https:\/\/www.pedagogie.ac-nice.fr\/daac\/wp-content\/uploads\/sites\/37\/2022\/12\/test-1920_960-musee06-leger-2-300x138.jpg 300w, https:\/\/www.pedagogie.ac-nice.fr\/daac\/wp-content\/uploads\/sites\/37\/2022\/12\/test-1920_960-musee06-leger-2-1024x469.jpg 1024w, https:\/\/www.pedagogie.ac-nice.fr\/daac\/wp-content\/uploads\/sites\/37\/2022\/12\/test-1920_960-musee06-leger-2-768x352.jpg 768w, https:\/\/www.pedagogie.ac-nice.fr\/daac\/wp-content\/uploads\/sites\/37\/2022\/12\/test-1920_960-musee06-leger-2-1536x704.jpg 1536w, https:\/\/www.pedagogie.ac-nice.fr\/daac\/wp-content\/uploads\/sites\/37\/2022\/12\/test-1920_960-musee06-leger-2-1080x495.jpg 1080w, https:\/\/www.pedagogie.ac-nice.fr\/daac\/wp-content\/uploads\/sites\/37\/2022\/12\/test-1920_960-musee06-leger-2.jpg 1813w\" sizes=\"(max-width: 300px) 100vw, 300px\" style=\"display: block; margin-left: auto; margin-right: auto;\" \/><\/span><\/p>\n<p><span>La formation destin\u00e9e aux enseignants, au mus\u00e9e national Fernand L\u00e9ger, se tiendra le mercredi 11 janvier.<\/span><\/p>\n<p><span>Pour en savoir plus :<\/span><\/p>\n<ul>\n<li><span><a href=\"https:\/\/www.pedagogie.ac-nice.fr\/daac\/wp-content\/uploads\/sites\/37\/2022\/12\/programme-en-lien-avec-la-collection-.pdf\">PROGRAMMES D\u2019ENSEIGNEMENTS EN LIEN AVEC LA COLLECTION PERMANENTE ET TEMPORAIRE.<\/a><\/span><\/li>\n<li><span><a href=\"https:\/\/www.pedagogie.ac-nice.fr\/daac\/wp-content\/uploads\/sites\/37\/2022\/12\/Formation-musee-Leger-enseignants.pdf\">Mercredi 11 janvier \u00e0 14h30 Formation \u00e0 destination des enseignants au mus\u00e9e national Fernand L\u00e9ger<\/a><\/span><\/li>\n<\/ul>\n<\/div>\n<\/div>\n<p>[\/et_pb_text][et_pb_divider _builder_version=\u00a0\u00bb4.10.7&Prime; _module_preset=\u00a0\u00bbdefault\u00a0\u00bb global_colors_info=\u00a0\u00bb{}\u00a0\u00bb][\/et_pb_divider][et_pb_text _builder_version=\u00a0\u00bb4.10.7&Prime; _module_preset=\u00a0\u00bbdefault\u00a0\u00bb text_font=\u00a0\u00bbTrebuchet||||||||\u00a0\u00bb text_text_color=\u00a0\u00bb#000000&Prime; text_font_size=\u00a0\u00bb35px\u00a0\u00bb custom_padding=\u00a0\u00bb|13px||||\u00a0\u00bb global_colors_info=\u00a0\u00bb{}\u00a0\u00bb]<\/p>\n<p>2022<\/p>\n<p>[\/et_pb_text][et_pb_text _builder_version=\u00a0\u00bb4.10.7&Prime; _module_preset=\u00a0\u00bbdefault\u00a0\u00bb text_font=\u00a0\u00bbTrebuchet||||||||\u00a0\u00bb text_text_color=\u00a0\u00bb#000000&Prime; text_font_size=\u00a0\u00bb16px\u00a0\u00bb text_orientation=\u00a0\u00bbjustified\u00a0\u00bb global_colors_info=\u00a0\u00bb{}\u00a0\u00bb]<\/p>\n<p align=\"justify\"><a href=\"https:\/\/www.pedagogie.ac-nice.fr\/daac\/wp-content\/uploads\/sites\/37\/2022\/11\/VM.Matisse-23.11.22.pdf\" target=\"_blank\" rel=\"noopener\"><span style=\"color: #000000;\"><span style=\"font-family: Trebuchet MS, sans-serif;\"><span style=\"font-size: medium;\">Le mus\u00e9e Matisse, en partenariat avec la D\u00e9l\u00e9gation acad\u00e9mique \u00e0 l&rsquo;\u00e9ducation artistique et culturelle (DAAC) vous invite \u00e0 venir d\u00e9couvrir l&rsquo;exposition\u00a0<span style=\"color: #993366;\"><b>Agn\u00e8s Thurnauer,\u00a0 on se retrouve chez toi-<\/b>, le mercredi 23 novembre 2022 \u00e0 14h.<\/span><\/span><\/span><\/span><\/a><\/p>\n<p align=\"justify\"><a href=\"https:\/\/www.pedagogie.ac-nice.fr\/daac\/wp-content\/uploads\/sites\/37\/2022\/11\/VM.Matisse-23.11.22.pdf\" target=\"_blank\" rel=\"noopener\"><span style=\"color: #000000;\"><span style=\"font-family: Trebuchet MS, sans-serif;\"><span style=\"font-size: medium;\">Cette visite guid\u00e9e est ouverte aux enseignants de coll\u00e8ge et lyc\u00e9e de toutes les disciplines et aux professeurs des \u00e9coles. Elle permettra la d\u00e9couverte du lieu, des expositions et des offres p\u00e9dagogiques.<\/span><\/span><\/span><\/a><\/p>\n<p align=\"justify\"><a href=\"https:\/\/www.pedagogie.ac-nice.fr\/daac\/wp-content\/uploads\/sites\/37\/2022\/11\/VM.Matisse-23.11.22.pdf\" target=\"_blank\" rel=\"noopener\"><span><span style=\"color: #000000;\"><span style=\"font-family: Trebuchet MS, sans-serif;\"><span style=\"font-size: medium;\">Inscriptions:\u00a0<\/span><\/span><\/span><\/span><span><span style=\"color: #00acff;\"><span style=\"font-family: Trebuchet MS, sans-serif;\"><span style=\"font-size: medium;\">Stephanie.Sellier@ac-nice.fr<\/span><\/span><\/span><\/span><\/a><\/p>\n<p style=\"text-align: center;\"><span style=\"color: #993366; font-size: large;\"><b><\/b><\/span><\/p>\n<p style=\"text-align: justify;\">\n<p>[\/et_pb_text][et_pb_divider _builder_version=\u00a0\u00bb4.10.7&Prime; _module_preset=\u00a0\u00bbdefault\u00a0\u00bb global_colors_info=\u00a0\u00bb{}\u00a0\u00bb][\/et_pb_divider][et_pb_text _builder_version=\u00a0\u00bb4.10.7&Prime; _module_preset=\u00a0\u00bbdefault\u00a0\u00bb text_font=\u00a0\u00bbTrebuchet||||||||\u00a0\u00bb text_text_color=\u00a0\u00bb#000000&Prime; text_font_size=\u00a0\u00bb16px\u00a0\u00bb text_orientation=\u00a0\u00bbjustified\u00a0\u00bb global_colors_info=\u00a0\u00bb{}\u00a0\u00bb]<\/p>\n<p style=\"text-align: center;\"><span style=\"color: #993366; font-size: large;\"><b>Photographier les vodous : Catherine De Clippel<\/b>, le mercredi 9 novembre \u00e0 15h<\/span><\/p>\n<p style=\"text-align: center;\"><span style=\"color: #993366; font-size: large;\">Centre de la photographie de Mougins<\/span><\/p>\n<p style=\"text-align: justify;\">Le Centre de la photographie de Mougins, en partenariat avec la D\u00e9l\u00e9gation acad\u00e9mique \u00e0 l&rsquo;\u00e9ducation artistique et culturelle (DAAC) vous invite \u00e0 venir d\u00e9couvrir l&rsquo; exposition temporaire <strong><span style=\"color: #993366;\">Photographier les vodous : Catherine De Clippel<\/span><\/strong>, le mercredi 9 novembre \u00e0 15h.<br \/>Cette visite guid\u00e9e est ouverte aux enseignants de coll\u00e8ge et lyc\u00e9e de toutes les disciplines et aux professeurs des \u00e9coles. Elle permettra la d\u00e9couverte du lieu, des expositions et des offres p\u00e9dagogiques.<\/p>\n<p style=\"text-align: justify;\"><a href=\"https:\/\/www.pedagogie.ac-nice.fr\/daac\/wp-content\/uploads\/sites\/37\/2022\/10\/DAAC-VM-Centrephotographiemougins.9-11-22-2.pdf\" target=\"_blank\" rel=\"noopener\">Pour en savoir plus.<\/a><\/p>\n<p>[\/et_pb_text][et_pb_divider _builder_version=\u00a0\u00bb4.10.7&Prime; _module_preset=\u00a0\u00bbdefault\u00a0\u00bb global_colors_info=\u00a0\u00bb{}\u00a0\u00bb][\/et_pb_divider][et_pb_text _builder_version=\u00a0\u00bb4.10.7&Prime; _module_preset=\u00a0\u00bbdefault\u00a0\u00bb text_font=\u00a0\u00bbTrebuchet||||||||\u00a0\u00bb text_text_color=\u00a0\u00bb#000000&Prime; text_font_size=\u00a0\u00bb16px\u00a0\u00bb text_orientation=\u00a0\u00bbjustified\u00a0\u00bb global_colors_info=\u00a0\u00bb{}\u00a0\u00bb]<\/p>\n<p class=\"v1CorpsA\" style=\"text-align: center;\"><span class=\"v1Aucun\" style=\"color: #993366; font-size: large;\"><b>Nouvelle exposition temporaire \u00ab Devenir fleur<\/b>\u00bb<\/span><\/p>\n<p class=\"v1CorpsA\"><span class=\"v1Aucun\"><span>Le\u00a0<\/span><\/span><span class=\"v1Aucun\"><b><span lang=\"DE\">MAMAC<\/span><\/b><\/span><span class=\"v1Aucun\"><span>, en lien avec la d\u00e9l\u00e9gation acad\u00e9mique \u00e0 l&rsquo;\u00e9ducation artistique et culturelle, vous invite \u00e0 d\u00e9couvrir sa\u00a0<b>nouvelle exposition temporaire \u00ab\u00a0Devenir fleur,<\/b>\u00bb dans le cadre de la Biennale des Arts de Nice 2022, Fleurs! <\/span><\/span><\/p>\n<p class=\"v1CorpsA\"><span><\/span><span>Venez participer \u00e0 la visite comment\u00e9e de l&rsquo;exposition par Rebecca Fran\u00e7ois et L\u00e9lia Decourt, le\u00a0<span class=\"v1Aucun\"><b>vendredi 25 novembre \u00e0 16h30<\/b><\/span>. Le parcours de visite s&rsquo;\u00e9tend sur 1.200 m<\/span><span lang=\"IT\">\u00e8<\/span><span lang=\"ES-TRAD\">tres carr<\/span><span>\u00e9 et se d\u00e9roule en trois temps forts.<\/span><span><\/span><\/p>\n<p class=\"v1Pardfaut\"><span lang=\"RU\">1<span>\u00a0<\/span><\/span><span>\u2013\u00a0<\/span><span lang=\"EN-US\">ETRE FLEUR<\/span><span><\/span><\/p>\n<p class=\"v1Pardfaut\"><span>2 \u2013\u00a0<\/span><span lang=\"ES-TRAD\">JARDIN DES M<\/span><span>\u00c9TAMORPHOSES<\/span><span><\/span><\/p>\n<p class=\"v1Pardfaut\"><span>3 \u2013\u00a0<\/span><span lang=\"ES-TRAD\">LA BOTANIQUE DU POUVOIR<\/span><\/p>\n<p class=\"v1Pardfaut\"><a href=\"https:\/\/www.pedagogie.ac-nice.fr\/daac\/wp-content\/uploads\/sites\/37\/2022\/10\/Visite-expo-MAMAC-Daniel-Devenir-fleur.pdf\" target=\"_blank\" rel=\"noopener\"><span lang=\"ES-TRAD\">En savoir plus<\/span><\/a><\/p>\n<p>[\/et_pb_text][\/et_pb_column][\/et_pb_row][\/et_pb_section]<\/p>\n","protected":false},"excerpt":{"rendered":"<p>Mercredi des enseignantsle 13 septembre 2023 de 14h30 \u00e0 16h30 \u00e0 l\u2019espace culturel d\u00e9partemental LYMPIA Pr\u00e9sentation de la programmation culturelle de l\u2019espace culturel LYMPIA et visite de l\u2019exposition temporaire \u00ab Vasarely, d\u2019un art programmatique au num\u00e9rique \u00bb du 17 juin au 22 octobre 2023 Pour en savoir plus Mercredi des enseignants le 27 septembre 2023 [&hellip;]<\/p>\n","protected":false},"author":241,"featured_media":0,"parent":0,"menu_order":0,"comment_status":"closed","ping_status":"closed","template":"","meta":{"_et_pb_use_builder":"on","_et_pb_old_content":"","_et_gb_content_width":"","ngg_post_thumbnail":0,"footnotes":""},"class_list":["post-13953","page","type-page","status-publish","hentry"],"rttpg_featured_image_url":null,"rttpg_author":{"display_name":"daacadmin","author_link":"https:\/\/www.pedagogie.ac-nice.fr\/daac\/author\/daacadmin\/"},"rttpg_comment":0,"rttpg_category":null,"rttpg_excerpt":"Mercredi des enseignantsle 13 septembre 2023 de 14h30 \u00e0 16h30 \u00e0 l\u2019espace culturel d\u00e9partemental LYMPIA Pr\u00e9sentation de la programmation culturelle de l\u2019espace culturel LYMPIA et visite de l\u2019exposition temporaire \u00ab Vasarely, d\u2019un art programmatique au num\u00e9rique \u00bb du 17 juin au 22 octobre 2023 Pour en savoir plus Mercredi des enseignants le 27 septembre 2023\u2026","post_mailing_queue_ids":[],"_links":{"self":[{"href":"https:\/\/www.pedagogie.ac-nice.fr\/daac\/wp-json\/wp\/v2\/pages\/13953","targetHints":{"allow":["GET"]}}],"collection":[{"href":"https:\/\/www.pedagogie.ac-nice.fr\/daac\/wp-json\/wp\/v2\/pages"}],"about":[{"href":"https:\/\/www.pedagogie.ac-nice.fr\/daac\/wp-json\/wp\/v2\/types\/page"}],"author":[{"embeddable":true,"href":"https:\/\/www.pedagogie.ac-nice.fr\/daac\/wp-json\/wp\/v2\/users\/241"}],"replies":[{"embeddable":true,"href":"https:\/\/www.pedagogie.ac-nice.fr\/daac\/wp-json\/wp\/v2\/comments?post=13953"}],"version-history":[{"count":26,"href":"https:\/\/www.pedagogie.ac-nice.fr\/daac\/wp-json\/wp\/v2\/pages\/13953\/revisions"}],"predecessor-version":[{"id":15096,"href":"https:\/\/www.pedagogie.ac-nice.fr\/daac\/wp-json\/wp\/v2\/pages\/13953\/revisions\/15096"}],"wp:attachment":[{"href":"https:\/\/www.pedagogie.ac-nice.fr\/daac\/wp-json\/wp\/v2\/media?parent=13953"}],"curies":[{"name":"wp","href":"https:\/\/api.w.org\/{rel}","templated":true}]}}