{"id":14888,"date":"2023-04-28T12:01:01","date_gmt":"2023-04-28T10:01:01","guid":{"rendered":"https:\/\/www.pedagogie.ac-nice.fr\/daac\/?page_id=14888"},"modified":"2023-04-28T12:04:30","modified_gmt":"2023-04-28T10:04:30","slug":"college-au-cinema-2023","status":"publish","type":"page","link":"https:\/\/www.pedagogie.ac-nice.fr\/daac\/college-au-cinema-2023\/","title":{"rendered":"Coll\u00e8ge au cin\u00e9ma 2023"},"content":{"rendered":"<p>[et_pb_section fb_built=\u00a0\u00bb1&Prime; _builder_version=\u00a0\u00bb3.22&Prime; global_colors_info=\u00a0\u00bb{}\u00a0\u00bb][et_pb_row _builder_version=\u00a0\u00bb3.25&Prime; background_size=\u00a0\u00bbinitial\u00a0\u00bb background_position=\u00a0\u00bbtop_left\u00a0\u00bb background_repeat=\u00a0\u00bbrepeat\u00a0\u00bb global_colors_info=\u00a0\u00bb{}\u00a0\u00bb][et_pb_column type=\u00a0\u00bb4_4&Prime; _builder_version=\u00a0\u00bb3.25&Prime; custom_padding=\u00a0\u00bb|||\u00a0\u00bb global_colors_info=\u00a0\u00bb{}\u00a0\u00bb custom_padding__hover=\u00a0\u00bb|||\u00a0\u00bb][et_pb_text _builder_version=\u00a0\u00bb4.10.7&Prime; background_size=\u00a0\u00bbinitial\u00a0\u00bb background_position=\u00a0\u00bbtop_left\u00a0\u00bb background_repeat=\u00a0\u00bbrepeat\u00a0\u00bb hover_enabled=\u00a0\u00bb0&Prime; global_colors_info=\u00a0\u00bb{}\u00a0\u00bb sticky_enabled=\u00a0\u00bb0&Prime; text_font=\u00a0\u00bbTrebuchet||||||||\u00a0\u00bb text_text_color=\u00a0\u00bb#000000&Prime; text_font_size=\u00a0\u00bb16px\u00a0\u00bb]<\/p>\n<ul>\n<li><span style=\"font-family: 'trebuchet ms', geneva, sans-serif;\">Les films s\u00e9lectionn\u00e9s pour l&rsquo;\u00e9dition 2023-2024 de Coll\u00e8ge au Cin\u00e9ma sont :<\/span><\/li>\n<\/ul>\n<p><span style=\"font-family: 'trebuchet ms', geneva, sans-serif;\">&#8211;<u>\u00a0en 6\u00e8me \/ 5\u00e8me :\u00a0<\/u><\/span><\/p>\n<p><span style=\"font-family: 'trebuchet ms', geneva, sans-serif;\">1er trimestre :\u00a0<span style=\"color: #993366;\"><strong>\u00a0<em>ET L&rsquo;Extraterrestre<\/em><\/strong><\/span><em><span style=\"color: #993366;\">\u00a0<\/span>\u00a0<\/em><\/span><\/p>\n<p><span style=\"font-family: 'trebuchet ms', geneva, sans-serif;\"><a href=\"https:\/\/transmettrelecinema.com\/film\/e-t-lextra-terrestre\/\">https:\/\/transmettrelecinema.com\/film\/e-t-lextra-terrestre\/<\/a><em>\u00a0\u00a0\u00a0 \u00a0\u00a0\u00a0 \u00a0\u00a0\u00a0 \u00a0\u00a0\u00a0 \u00a0<\/em><\/span><\/p>\n<p><span style=\"font-family: 'trebuchet ms', geneva, sans-serif;\"><a href=\"https:\/\/online.fliphtml5.com\/ybpj\/xqzi\/#p=35\">https:\/\/online.fliphtml5.com\/ybpj\/xqzi\/#p=35<\/a><\/span><\/p>\n<p><span style=\"font-family: 'trebuchet ms', geneva, sans-serif;\">2\u00e8me trimestre :\u00a0<span style=\"color: #993366;\"><strong><em>Les Temps Modernes<\/em><\/strong><em>\u00a0<\/em><\/span><\/span><\/p>\n<p><span style=\"font-family: 'trebuchet ms', geneva, sans-serif;\"><a href=\"https:\/\/transmettrelecinema.com\/film\/temps-modernes-les\/\">https:\/\/transmettrelecinema.com\/film\/temps-modernes-les\/<\/a><\/span><\/p>\n<p><span style=\"font-family: 'trebuchet ms', geneva, sans-serif;\"><a href=\"https:\/\/online.fliphtml5.com\/ybpj\/xqzi\/#p=108\">https:\/\/online.fliphtml5.com\/ybpj\/xqzi\/#p=108<\/a><\/span><\/p>\n<p><span style=\"font-family: 'trebuchet ms', geneva, sans-serif;\">3\u00e8me trimestre :\u00a0<span style=\"color: #993366;\"><strong><em>Spartacus et Cassandra<\/em><\/strong><\/span><em>\u00a0<\/em><\/span><\/p>\n<p><span style=\"font-family: 'trebuchet ms', geneva, sans-serif;\"><a href=\"https:\/\/transmettrelecinema.com\/film\/spartacus-cassandra\/\">https:\/\/transmettrelecinema.com\/film\/spartacus-cassandra\/<\/a><em>\u00a0\u00a0\u00a0 \u00a0\u00a0\u00a0 \u00a0\u00a0\u00a0<\/em><\/span><\/p>\n<p><span style=\"font-family: 'trebuchet ms', geneva, sans-serif;\"><a href=\"https:\/\/online.fliphtml5.com\/ybpj\/xqzi\/#p=104\">https:\/\/online.fliphtml5.com\/ybpj\/xqzi\/#p=104<\/a><\/span><\/p>\n<p>&nbsp;<\/p>\n<p><span style=\"font-family: 'trebuchet ms', geneva, sans-serif;\">&#8211;\u00a0<u>en 4\u00e8me \/ 3\u00e8me :\u00a0<\/u><\/span><\/p>\n<p><span style=\"font-family: 'trebuchet ms', geneva, sans-serif;\">1er trimestre :<strong>\u00a0<span style=\"color: #993366;\"><em>Gagarine\u00a0<\/em><\/span><\/strong><\/span><\/p>\n<p><span style=\"font-family: 'trebuchet ms', geneva, sans-serif;\"><a href=\"https:\/\/transmettrelecinema.com\/film\/gagarine\/\">https:\/\/transmettrelecinema.com\/film\/gagarine\/<\/a><em>\u00a0\u00a0\u00a0<\/em><\/span><\/p>\n<p><span style=\"font-family: 'trebuchet ms', geneva, sans-serif;\"><a href=\"https:\/\/online.fliphtml5.com\/ybpj\/xqzi\/#p=42\">https:\/\/online.fliphtml5.com\/ybpj\/xqzi\/#p=42<\/a><\/span><\/p>\n<p><span style=\"font-family: 'trebuchet ms', geneva, sans-serif;\">2\u00e8me trimestre :<strong>\u00a0<span style=\"color: #993366;\"><em>Pour une poign\u00e9e de dollars<\/em><\/span><\/strong><em><span style=\"color: #993366;\">\u00a0<\/span>\u00a0<\/em><\/span><\/p>\n<p><span style=\"font-family: 'trebuchet ms', geneva, sans-serif;\"><a href=\"https:\/\/transmettrelecinema.com\/film\/pour-une-poignee-de-dollars\/\">https:\/\/transmettrelecinema.com\/film\/pour-une-poignee-de-dollars\/<\/a><em>\u00a0\u00a0\u00a0 \u00a0\u00a0\u00a0 \u00a0\u00a0\u00a0 \u00a0\u00a0<\/em><\/span><\/p>\n<p><span style=\"font-family: 'trebuchet ms', geneva, sans-serif;\"><a href=\"https:\/\/online.fliphtml5.com\/ybpj\/xqzi\/#p=90\">https:\/\/online.fliphtml5.com\/ybpj\/xqzi\/#p=90<\/a><\/span><\/p>\n<p><span style=\"font-family: 'trebuchet ms', geneva, sans-serif;\">3\u00e8me trimestre :\u00a0<span style=\"color: #993366;\"><strong><em>Jeune Juliette<\/em><\/strong><\/span><em><span style=\"color: #993366;\">\u00a0<\/span>\u00a0<\/em><\/span><\/p>\n<p><span style=\"font-family: 'trebuchet ms', geneva, sans-serif;\"><a href=\"https:\/\/transmettrelecinema.com\/film\/jeune-juliette\/\">https:\/\/transmettrelecinema.com\/film\/jeune-juliette\/<\/a><\/span><\/p>\n<p><span style=\"font-family: 'trebuchet ms', geneva, sans-serif;\"><a href=\"https:\/\/online.fliphtml5.com\/ybpj\/xqzi\/#p=60\">https:\/\/online.fliphtml5.com\/ybpj\/xqzi\/#p=60<\/a><\/span><\/p>\n<p><span style=\"font-family: 'trebuchet ms', geneva, sans-serif;\">Liens vers le site Transmettre le cin\u00e9ma et le catalogue du CNC, con\u00e7u par le comit\u00e9 de r\u00e9flexion CNC, Education Nationale et professionnels du cin\u00e9ma.<\/span><\/p>\n<p><span style=\"font-family: 'trebuchet ms', geneva, sans-serif;\"><a href=\"https:\/\/transmettrelecinema.com\/college-au-cinema\/\">https:\/\/transmettrelecinema.com\/college-au-cinema\/<\/a><\/span><\/p>\n<p><span style=\"font-family: 'trebuchet ms', geneva, sans-serif;\"><a href=\"https:\/\/www.cnc.fr\/professionnels\/catalogue-college-au-cinema_1094851\">https:\/\/www.cnc.fr\/professionnels\/catalogue-college-au-cinema_1094851<\/a><\/span><\/p>\n<p>&nbsp;<\/p>\n<ul>\n<li><span style=\"font-family: 'trebuchet ms', geneva, sans-serif;\">Le prix des places a augment\u00e9 et passe de 2,50\u20ac \u00e0 2,80\u20ac<\/span><\/li>\n<li><span style=\"font-family: 'trebuchet ms', geneva, sans-serif;\">Il est d\u00e9sormais possible d&rsquo;utiliser le Pass Culture pour ce dispositif, les 6\u00b0\/5\u00b0 devant \u00e9galement entrer dans le Pass en septembre 23<\/span><\/li>\n<li><span style=\"font-family: 'trebuchet ms', geneva, sans-serif;\">Dans les Alpes-Maritimes, le Conseil D\u00e9partemental financera toujours 90 places\/coll\u00e8ge\/trimestre ainsi que le forfait bus.<\/span><\/li>\n<\/ul>\n<p><span style=\"font-family: 'trebuchet ms', geneva, sans-serif;\">Nous vous rappelons que les classes inscrites suivent les 3 projections.<\/span><\/p>\n<p><span style=\"font-family: 'trebuchet ms', geneva, sans-serif;\">En juin, une validation d&rsquo;inscription vous sera envoy\u00e9e et une confirmation sera demand\u00e9e avec le nombre de classes, d&rsquo;\u00e9l\u00e8ves et les noms des enseignants ainsi que la charte \u00e0 signer d\u00e9but septembre.<\/span><\/p>\n<p>\u00a0<span style=\"font-family: 'trebuchet ms', geneva, sans-serif;\">Merci pour votre engagement dans l&rsquo;EAC et dans le dispositif Coll\u00e8ge au Cin\u00e9ma.<\/span><\/p>\n<p>\u00a0<span style=\"font-family: 'trebuchet ms', geneva, sans-serif;\">Pour toute information compl\u00e9mentaire :<\/span><\/p>\n<p><span style=\"font-family: 'trebuchet ms', geneva, sans-serif;\">Caroline Doizelet, Charg\u00e9e de mission DAAC pour CAC :\u00a0<a href=\"mailto:caroline.doizelet@ac-nice.fr\">caroline.doizelet@ac-nice.fr<\/a><\/span><\/p>\n<p><span style=\"font-family: 'trebuchet ms', geneva, sans-serif;\">Florence Vargas-Luiggi, Coordonnatrice Cin\u00e9ma, DAAC :\u00a0<a href=\"mailto:florence.vargas-luiggi@ac-nice.fr\">florence.vargas-luiggi@ac-nice.fr<\/a><\/span><\/p>\n<p>[\/et_pb_text][\/et_pb_column][\/et_pb_row][\/et_pb_section]<\/p>\n","protected":false},"excerpt":{"rendered":"<p>Les films s\u00e9lectionn\u00e9s pour l&rsquo;\u00e9dition 2023-2024 de Coll\u00e8ge au Cin\u00e9ma sont : &#8211;\u00a0en 6\u00e8me \/ 5\u00e8me :\u00a0 1er trimestre :\u00a0\u00a0ET L&rsquo;Extraterrestre\u00a0\u00a0 https:\/\/transmettrelecinema.com\/film\/e-t-lextra-terrestre\/\u00a0\u00a0\u00a0 \u00a0\u00a0\u00a0 \u00a0\u00a0\u00a0 \u00a0\u00a0\u00a0 \u00a0 https:\/\/online.fliphtml5.com\/ybpj\/xqzi\/#p=35 2\u00e8me trimestre :\u00a0Les Temps Modernes\u00a0 https:\/\/transmettrelecinema.com\/film\/temps-modernes-les\/ https:\/\/online.fliphtml5.com\/ybpj\/xqzi\/#p=108 3\u00e8me trimestre :\u00a0Spartacus et Cassandra\u00a0 https:\/\/transmettrelecinema.com\/film\/spartacus-cassandra\/\u00a0\u00a0\u00a0 \u00a0\u00a0\u00a0 \u00a0\u00a0\u00a0 https:\/\/online.fliphtml5.com\/ybpj\/xqzi\/#p=104 &nbsp; &#8211;\u00a0en 4\u00e8me \/ 3\u00e8me :\u00a0 1er trimestre :\u00a0Gagarine\u00a0 https:\/\/transmettrelecinema.com\/film\/gagarine\/\u00a0\u00a0\u00a0 https:\/\/online.fliphtml5.com\/ybpj\/xqzi\/#p=42 2\u00e8me [&hellip;]<\/p>\n","protected":false},"author":241,"featured_media":0,"parent":0,"menu_order":0,"comment_status":"closed","ping_status":"closed","template":"","meta":{"_et_pb_use_builder":"on","_et_pb_old_content":"<ul><li><span style=\"font-family: 'trebuchet ms', geneva, sans-serif;\">Les films s\u00e9lectionn\u00e9s pour l'\u00e9dition 2023-2024 de Coll\u00e8ge au Cin\u00e9ma sont :<\/span><\/li><\/ul><p>\u00a0<\/p><p><span style=\"font-family: 'trebuchet ms', geneva, sans-serif;\">-<u>\u00a0en 6\u00e8me \/ 5\u00e8me :\u00a0<\/u><\/span><\/p><p><span style=\"font-family: 'trebuchet ms', geneva, sans-serif;\">1er trimestre :\u00a0<strong>\u00a0<em>ET L'Extraterrestre<\/em><\/strong><em>\u00a0\u00a0<\/em><\/span><\/p><p><span style=\"font-family: 'trebuchet ms', geneva, sans-serif;\"><a href=\"https:\/\/transmettrelecinema.com\/film\/e-t-lextra-terrestre\/\">https:\/\/transmettrelecinema.com\/film\/e-t-lextra-terrestre\/<\/a><em>\u00a0\u00a0\u00a0 \u00a0\u00a0\u00a0 \u00a0\u00a0\u00a0 \u00a0\u00a0\u00a0 \u00a0<\/em><\/span><\/p><p><span style=\"font-family: 'trebuchet ms', geneva, sans-serif;\"><a href=\"https:\/\/online.fliphtml5.com\/ybpj\/xqzi\/#p=35\">https:\/\/online.fliphtml5.com\/ybpj\/xqzi\/#p=35<\/a><\/span><\/p><p><span style=\"font-family: 'trebuchet ms', geneva, sans-serif;\">2\u00e8me trimestre :\u00a0<strong><em>Les Temps Modernes<\/em><\/strong><em>\u00a0<\/em><\/span><\/p><p><span style=\"font-family: 'trebuchet ms', geneva, sans-serif;\"><a href=\"https:\/\/transmettrelecinema.com\/film\/temps-modernes-les\/\">https:\/\/transmettrelecinema.com\/film\/temps-modernes-les\/<\/a><\/span><\/p><p><span style=\"font-family: 'trebuchet ms', geneva, sans-serif;\"><a href=\"https:\/\/online.fliphtml5.com\/ybpj\/xqzi\/#p=108\">https:\/\/online.fliphtml5.com\/ybpj\/xqzi\/#p=108<\/a><\/span><\/p><p><span style=\"font-family: 'trebuchet ms', geneva, sans-serif;\">3\u00e8me trimestre :\u00a0<strong><em>Spartacus et Cassandra<\/em><\/strong><em>\u00a0<\/em><\/span><\/p><p><span style=\"font-family: 'trebuchet ms', geneva, sans-serif;\"><a href=\"https:\/\/transmettrelecinema.com\/film\/spartacus-cassandra\/\">https:\/\/transmettrelecinema.com\/film\/spartacus-cassandra\/<\/a><em>\u00a0\u00a0\u00a0 \u00a0\u00a0\u00a0 \u00a0\u00a0\u00a0<\/em><\/span><\/p><p><span style=\"font-family: 'trebuchet ms', geneva, sans-serif;\"><a href=\"https:\/\/online.fliphtml5.com\/ybpj\/xqzi\/#p=104\">https:\/\/online.fliphtml5.com\/ybpj\/xqzi\/#p=104<\/a><\/span><\/p><p>\u00a0<\/p><p><span style=\"font-family: 'trebuchet ms', geneva, sans-serif;\">-\u00a0<u>en 4\u00e8me \/ 3\u00e8me :\u00a0<\/u><\/span><\/p><p><span style=\"font-family: 'trebuchet ms', geneva, sans-serif;\">1er trimestre :<strong>\u00a0<em>Gagarine\u00a0<\/em><\/strong><\/span><\/p><p><span style=\"font-family: 'trebuchet ms', geneva, sans-serif;\"><a href=\"https:\/\/transmettrelecinema.com\/film\/gagarine\/\">https:\/\/transmettrelecinema.com\/film\/gagarine\/<\/a><em>\u00a0\u00a0\u00a0<\/em><\/span><\/p><p><span style=\"font-family: 'trebuchet ms', geneva, sans-serif;\"><a href=\"https:\/\/online.fliphtml5.com\/ybpj\/xqzi\/#p=42\">https:\/\/online.fliphtml5.com\/ybpj\/xqzi\/#p=42<\/a><\/span><\/p><p><span style=\"font-family: 'trebuchet ms', geneva, sans-serif;\">2\u00e8me trimestre :<strong>\u00a0<em>Pour une poign\u00e9e de dollars<\/em><\/strong><em>\u00a0\u00a0<\/em><\/span><\/p><p><span style=\"font-family: 'trebuchet ms', geneva, sans-serif;\"><a href=\"https:\/\/transmettrelecinema.com\/film\/pour-une-poignee-de-dollars\/\">https:\/\/transmettrelecinema.com\/film\/pour-une-poignee-de-dollars\/<\/a><em>\u00a0\u00a0\u00a0 \u00a0\u00a0\u00a0 \u00a0\u00a0\u00a0 \u00a0\u00a0<\/em><\/span><\/p><p><span style=\"font-family: 'trebuchet ms', geneva, sans-serif;\"><a href=\"https:\/\/online.fliphtml5.com\/ybpj\/xqzi\/#p=90\">https:\/\/online.fliphtml5.com\/ybpj\/xqzi\/#p=90<\/a><\/span><\/p><p><span style=\"font-family: 'trebuchet ms', geneva, sans-serif;\">3\u00e8me trimestre :\u00a0<strong><em>Jeune Juliette<\/em><\/strong><em>\u00a0\u00a0<\/em><\/span><\/p><p><span style=\"font-family: 'trebuchet ms', geneva, sans-serif;\"><a href=\"https:\/\/transmettrelecinema.com\/film\/jeune-juliette\/\">https:\/\/transmettrelecinema.com\/film\/jeune-juliette\/<\/a><\/span><\/p><p><span style=\"font-family: 'trebuchet ms', geneva, sans-serif;\"><a href=\"https:\/\/online.fliphtml5.com\/ybpj\/xqzi\/#p=60\">https:\/\/online.fliphtml5.com\/ybpj\/xqzi\/#p=60<\/a><\/span><\/p><p><span style=\"font-family: 'trebuchet ms', geneva, sans-serif;\">Liens vers le site Transmettre le cin\u00e9ma et le catalogue du CNC, con\u00e7u par le comit\u00e9 de r\u00e9flexion CNC, Education Nationale et professionnels du cin\u00e9ma.<\/span><\/p><p><span style=\"font-family: 'trebuchet ms', geneva, sans-serif;\"><a href=\"https:\/\/transmettrelecinema.com\/college-au-cinema\/\">https:\/\/transmettrelecinema.com\/college-au-cinema\/<\/a><\/span><\/p><p><span style=\"font-family: 'trebuchet ms', geneva, sans-serif;\"><a href=\"https:\/\/www.cnc.fr\/professionnels\/catalogue-college-au-cinema_1094851\">https:\/\/www.cnc.fr\/professionnels\/catalogue-college-au-cinema_1094851<\/a><\/span><\/p><p>\u00a0<\/p><ul><li><span style=\"font-family: 'trebuchet ms', geneva, sans-serif;\">Le prix des places a augment\u00e9 et passe de 2,50\u20ac \u00e0 2,80\u20ac<\/span><\/li><li><span style=\"font-family: 'trebuchet ms', geneva, sans-serif;\">Il est d\u00e9sormais possible d'utiliser le Pass Culture pour ce dispositif, les 6\u00b0\/5\u00b0 devant \u00e9galement entrer dans le Pass en septembre 23<\/span><\/li><li><span style=\"font-family: 'trebuchet ms', geneva, sans-serif;\">Dans les Alpes-Maritimes, le Conseil D\u00e9partemental financera toujours 90 places\/coll\u00e8ge\/trimestre ainsi que le forfait bus.<\/span><\/li><\/ul><p><span style=\"font-family: 'trebuchet ms', geneva, sans-serif;\">Nous vous rappelons que les classes inscrites suivent les 3 projections.<\/span><\/p><p><span style=\"font-family: 'trebuchet ms', geneva, sans-serif;\">En juin, une validation d'inscription vous sera envoy\u00e9e et une confirmation sera demand\u00e9e avec le nombre de classes, d'\u00e9l\u00e8ves et les noms des enseignants ainsi que la charte \u00e0 signer d\u00e9but septembre.<\/span><\/p><p>\u00a0<\/p><p><span style=\"font-family: 'trebuchet ms', geneva, sans-serif;\">Merci pour votre engagement dans l'EAC et dans le dispositif Coll\u00e8ge au Cin\u00e9ma.<\/span><\/p><p>\u00a0<\/p><p><span style=\"font-family: 'trebuchet ms', geneva, sans-serif;\">Pour toute information compl\u00e9mentaire :<\/span><\/p><p><span style=\"font-family: 'trebuchet ms', geneva, sans-serif;\">Caroline Doizelet, Charg\u00e9e de mission DAAC pour CAC :\u00a0<a href=\"mailto:caroline.doizelet@ac-nice.fr\">caroline.doizelet@ac-nice.fr<\/a><\/span><\/p><p><span style=\"font-family: 'trebuchet ms', geneva, sans-serif;\">Florence Vargas-Luiggi, Coordonnatrice Cin\u00e9ma, DAAC :\u00a0<a href=\"mailto:florence.vargas-luiggi@ac-nice.fr\">florence.vargas-luiggi@ac-nice.fr<\/a><\/span><\/p>","_et_gb_content_width":"","ngg_post_thumbnail":0,"footnotes":""},"class_list":["post-14888","page","type-page","status-publish","hentry"],"rttpg_featured_image_url":null,"rttpg_author":{"display_name":"daacadmin","author_link":"https:\/\/www.pedagogie.ac-nice.fr\/daac\/author\/daacadmin\/"},"rttpg_comment":0,"rttpg_category":null,"rttpg_excerpt":"Les films s\u00e9lectionn\u00e9s pour l'\u00e9dition 2023-2024 de Coll\u00e8ge au Cin\u00e9ma sont : -\u00a0en 6\u00e8me \/ 5\u00e8me :\u00a0 1er trimestre :\u00a0\u00a0ET L'Extraterrestre\u00a0\u00a0 https:\/\/transmettrelecinema.com\/film\/e-t-lextra-terrestre\/\u00a0\u00a0\u00a0 \u00a0\u00a0\u00a0 \u00a0\u00a0\u00a0 \u00a0\u00a0\u00a0 \u00a0 https:\/\/online.fliphtml5.com\/ybpj\/xqzi\/#p=35 2\u00e8me trimestre :\u00a0Les Temps Modernes\u00a0 https:\/\/transmettrelecinema.com\/film\/temps-modernes-les\/ https:\/\/online.fliphtml5.com\/ybpj\/xqzi\/#p=108 3\u00e8me trimestre :\u00a0Spartacus et Cassandra\u00a0 https:\/\/transmettrelecinema.com\/film\/spartacus-cassandra\/\u00a0\u00a0\u00a0 \u00a0\u00a0\u00a0 \u00a0\u00a0\u00a0 https:\/\/online.fliphtml5.com\/ybpj\/xqzi\/#p=104 &nbsp; -\u00a0en 4\u00e8me \/ 3\u00e8me :\u00a0 1er trimestre :\u00a0Gagarine\u00a0 https:\/\/transmettrelecinema.com\/film\/gagarine\/\u00a0\u00a0\u00a0 https:\/\/online.fliphtml5.com\/ybpj\/xqzi\/#p=42 2\u00e8me\u2026","post_mailing_queue_ids":[],"_links":{"self":[{"href":"https:\/\/www.pedagogie.ac-nice.fr\/daac\/wp-json\/wp\/v2\/pages\/14888","targetHints":{"allow":["GET"]}}],"collection":[{"href":"https:\/\/www.pedagogie.ac-nice.fr\/daac\/wp-json\/wp\/v2\/pages"}],"about":[{"href":"https:\/\/www.pedagogie.ac-nice.fr\/daac\/wp-json\/wp\/v2\/types\/page"}],"author":[{"embeddable":true,"href":"https:\/\/www.pedagogie.ac-nice.fr\/daac\/wp-json\/wp\/v2\/users\/241"}],"replies":[{"embeddable":true,"href":"https:\/\/www.pedagogie.ac-nice.fr\/daac\/wp-json\/wp\/v2\/comments?post=14888"}],"version-history":[{"count":4,"href":"https:\/\/www.pedagogie.ac-nice.fr\/daac\/wp-json\/wp\/v2\/pages\/14888\/revisions"}],"predecessor-version":[{"id":14894,"href":"https:\/\/www.pedagogie.ac-nice.fr\/daac\/wp-json\/wp\/v2\/pages\/14888\/revisions\/14894"}],"wp:attachment":[{"href":"https:\/\/www.pedagogie.ac-nice.fr\/daac\/wp-json\/wp\/v2\/media?parent=14888"}],"curies":[{"name":"wp","href":"https:\/\/api.w.org\/{rel}","templated":true}]}}