{"id":15514,"date":"2024-05-18T16:52:56","date_gmt":"2024-05-18T14:52:56","guid":{"rendered":"https:\/\/www.pedagogie.ac-nice.fr\/daac\/?page_id=15514"},"modified":"2024-05-18T16:53:00","modified_gmt":"2024-05-18T14:53:00","slug":"mentions-legales-2","status":"publish","type":"page","link":"https:\/\/www.pedagogie.ac-nice.fr\/daac\/mentions-legales-2\/","title":{"rendered":"MENTIONS LEGALES"},"content":{"rendered":"<p>[et_pb_section fb_built=\u00a0\u00bb1&Prime; _builder_version=\u00a0\u00bb3.22&Prime; global_colors_info=\u00a0\u00bb{}\u00a0\u00bb][et_pb_row _builder_version=\u00a0\u00bb3.25&Prime; background_size=\u00a0\u00bbinitial\u00a0\u00bb background_position=\u00a0\u00bbtop_left\u00a0\u00bb background_repeat=\u00a0\u00bbrepeat\u00a0\u00bb global_colors_info=\u00a0\u00bb{}\u00a0\u00bb][et_pb_column type=\u00a0\u00bb4_4&Prime; _builder_version=\u00a0\u00bb3.25&Prime; custom_padding=\u00a0\u00bb|||\u00a0\u00bb global_colors_info=\u00a0\u00bb{}\u00a0\u00bb custom_padding__hover=\u00a0\u00bb|||\u00a0\u00bb][et_pb_text _builder_version=\u00a0\u00bb4.10.7&Prime; text_font=\u00a0\u00bbTrebuchet||||||||\u00a0\u00bb text_text_color=\u00a0\u00bb#000000&Prime; background_size=\u00a0\u00bbinitial\u00a0\u00bb background_position=\u00a0\u00bbtop_left\u00a0\u00bb background_repeat=\u00a0\u00bbrepeat\u00a0\u00bb global_colors_info=\u00a0\u00bb{}\u00a0\u00bb]<\/p>\n<p><strong><span>La d\u00e9l\u00e9gation acad\u00e9mique \u00e0 l\u2019\u00e9ducation artistique et \u00e0 l\u2019action culturelle (DAAC) impulse, pilote et accompagne les projets et les dispositifs artistiques\u00a0et culturels dans l\u2019acad\u00e9mie de Nice.<\/span><\/strong><\/p>\n<p><strong>Raison sociale et h\u00e9bergeur\u00a0:<\/strong><\/p>\n<p>Rectorat de l&rsquo;acad\u00e9mie de Nice<br \/>53 avenue Cap de Croix<br \/>06181 Nice cedex 2<\/p>\n<p>T\u00e9l\u00e9phone 04 93 53 70 70<br \/>T\u00e9l\u00e9copie 04 93 53 70 83<\/p>\n<p>Nous contacter:<\/p>\n<p><a href=\"mailto:webmestre.daac@ac-nice.fr\">webmestre.daac@ac-nice.fr<\/a><\/p>\n<p>&nbsp;<\/p>\n<h3 id=\"summary-item-4\">Droits de reproduction des documents publics ou officiels<\/h3>\n<p>Depuis la publication de l&rsquo;ordonnance n\u00b0 2005-650 du 6 juin 2005 relative \u00e0 la libert\u00e9 d&rsquo;acc\u00e8s aux documents administratifs et \u00e0 la r\u00e9utilisation des informations publiques, ces informations peuvent \u00eatre r\u00e9utilis\u00e9es \u00e0 d&rsquo;autres fins que celles pour lesquelles elles ont \u00e9t\u00e9 produites, et particuli\u00e8rement les informations faisant l&rsquo;objet d&rsquo;une diffusion publique.\u00a0<strong>Les documents publics ou officiels ne sont couverts par aucun droit d&rsquo;auteur et peuvent donc \u00eatre reproduits librement. Le graphisme, l&rsquo;iconographie ainsi que le contenu \u00e9ditorial demeurent la propri\u00e9t\u00e9 de l&rsquo;\u00c9tat, et, \u00e0 ce titre, font l&rsquo;objet des protections pr\u00e9vues par le Code de la propri\u00e9t\u00e9 intellectuelle<\/strong>.<\/p>\n<p>L&rsquo;article L.122-5 du code de la propri\u00e9t\u00e9 intellectuelle pose le principe selon lequel, \u00ab\u00a0lorsque l&rsquo;\u0153uvre a \u00e9t\u00e9 divulgu\u00e9e, l&rsquo;auteur ne peut interdire la diffusion, m\u00eame int\u00e9grale, par la voie de presse ou de t\u00e9l\u00e9diffusion, \u00e0 titre d&rsquo;information d&rsquo;actualit\u00e9, des discours destin\u00e9s au public prononc\u00e9s dans les assembl\u00e9es politiques, (&#8230;), ainsi que dans les r\u00e9unions publiques d&rsquo;ordre politique et les c\u00e9r\u00e9monies officielles\u00a0\u00bb.<br \/>C&rsquo;est donc le cas notamment pour les discours et interventions du recteur de l&rsquo;acad\u00e9mie de Nice qui s&rsquo;apparentent \u00e0 une exception au droit d&rsquo;auteur. De m\u00eame,\u00a0<strong>les documents publics ou officiels tels que les communiqu\u00e9s officiels de l&rsquo;acad\u00e9mie de Nice et du minist\u00e8re de l&rsquo;\u00e9ducation nationale ne sont couverts par aucun droit d&rsquo;auteur, et peuvent en cons\u00e9quence \u00eatre reproduits librement<\/strong>.<\/p>\n<p><strong>Si la reprise de ces contenus de fa\u00e7on partielle ou int\u00e9grale est autoris\u00e9e, elle doit \u00eatre obligatoirement assortie de la mention du nom de l&rsquo;auteur, de la source, et \u00e9ventuellement d&rsquo;un lien renvoyant vers le document original en ligne sur le site<\/strong>. La mention \u00ab\u00a0\u00a9www.pedagogie.ac-nice.fr\/daac\/\u00a0\u00bb devra donc \u00eatre indiqu\u00e9e. Tous les autres contenus pr\u00e9sents sur le site sont couverts par le droit d&rsquo;auteur. Toute reprise est d\u00e8s lors conditionn\u00e9e \u00e0 l&rsquo;accord de l&rsquo;auteur en vertu de l&rsquo;article L.122-4 du Code de la propri\u00e9t\u00e9 Intellectuelle.<br \/>Les informations utilis\u00e9es ne doivent l&rsquo;\u00eatre qu&rsquo;\u00e0 des fins personnelles, associatives ou professionnelles ; toute diffusion ou utilisation \u00e0 des fins commerciales ou publicitaires \u00e9tant interdites.<\/p>\n<h2 id=\"summary-item-7\">Responsabilit\u00e9 face aux liens vers d&rsquo;autres sites<\/h2>\n<p>Le site www.pedagogie.ac-nice.fr\/daac\/ propose de nombreux liens vers d&rsquo;autres sites, essentiellement des sites officiels (gouvernement, institutions, organismes publics, etc.) mais aussi vers des sites, fran\u00e7ais ou \u00e9trangers, d&rsquo;associations, d&rsquo;organismes professionnels du secteur \u00e9ducatif ou d&rsquo;entreprises partenaires sur des op\u00e9rations ponctuelles.<\/p>\n<p>Chaque fois, il est syst\u00e9matiquement pr\u00e9cis\u00e9 vers quel site nous vous proposons d&rsquo;aller. Ces pages, dont les adresses sont r\u00e9guli\u00e8rement v\u00e9rifi\u00e9es, ne font pas partie du site ac-nice.fr : elles n&rsquo;engagent pas la responsabilit\u00e9 de la r\u00e9daction du site qui ne peut \u00eatre tenue pour responsable des contenus vers lesquels ces liens pointent. Ils ne visent qu&rsquo;\u00e0 permettre \u00e0 l&rsquo;internaute d&rsquo;acc\u00e9der plus facilement \u00e0 d&rsquo;autres ressources documentaires sur le sujet consult\u00e9.<\/p>\n<h2 id=\"summary-item-12\">Accessibilit\u00e9 du site<\/h2>\n<p><span>Le site fait actuellement l&rsquo;objet d&rsquo;une refonte pour se rendre conforme aux exigences d&rsquo;accessibilit\u00e9 tendant vers la note \u00e0 AA.<\/span><\/p>\n<p><span>Veuillez contacter <a href=\"mailto:webmestre.daac@ac-nice.fr\">webmestre.daac@ac-nice.fr<\/a> pour toute information compl\u00e9mentaire.\u00a0<\/span><\/p>\n<p>[\/et_pb_text][\/et_pb_column][\/et_pb_row][\/et_pb_section]<\/p>\n","protected":false},"excerpt":{"rendered":"<p>La d\u00e9l\u00e9gation acad\u00e9mique \u00e0 l\u2019\u00e9ducation artistique et \u00e0 l\u2019action culturelle (DAAC) impulse, pilote et accompagne les projets et les dispositifs artistiques\u00a0et culturels dans l\u2019acad\u00e9mie de Nice. Raison sociale et h\u00e9bergeur\u00a0: Rectorat de l&rsquo;acad\u00e9mie de Nice53 avenue Cap de Croix06181 Nice cedex 2 T\u00e9l\u00e9phone 04 93 53 70 70T\u00e9l\u00e9copie 04 93 53 70 83 Nous contacter: [&hellip;]<\/p>\n","protected":false},"author":241,"featured_media":0,"parent":0,"menu_order":0,"comment_status":"closed","ping_status":"closed","template":"","meta":{"_et_pb_use_builder":"on","_et_pb_old_content":"<p><span style=\"font-family: 'trebuchet ms', geneva, sans-serif;\">LE<\/span><\/p>","_et_gb_content_width":"","ngg_post_thumbnail":0,"footnotes":""},"class_list":["post-15514","page","type-page","status-publish","hentry"],"rttpg_featured_image_url":null,"rttpg_author":{"display_name":"daacadmin","author_link":"https:\/\/www.pedagogie.ac-nice.fr\/daac\/author\/daacadmin\/"},"rttpg_comment":0,"rttpg_category":null,"rttpg_excerpt":"La d\u00e9l\u00e9gation acad\u00e9mique \u00e0 l\u2019\u00e9ducation artistique et \u00e0 l\u2019action culturelle (DAAC) impulse, pilote et accompagne les projets et les dispositifs artistiques\u00a0et culturels dans l\u2019acad\u00e9mie de Nice. Raison sociale et h\u00e9bergeur\u00a0: Rectorat de l'acad\u00e9mie de Nice53 avenue Cap de Croix06181 Nice cedex 2 T\u00e9l\u00e9phone 04 93 53 70 70T\u00e9l\u00e9copie 04 93 53 70 83 Nous contacter:\u2026","post_mailing_queue_ids":[],"_links":{"self":[{"href":"https:\/\/www.pedagogie.ac-nice.fr\/daac\/wp-json\/wp\/v2\/pages\/15514","targetHints":{"allow":["GET"]}}],"collection":[{"href":"https:\/\/www.pedagogie.ac-nice.fr\/daac\/wp-json\/wp\/v2\/pages"}],"about":[{"href":"https:\/\/www.pedagogie.ac-nice.fr\/daac\/wp-json\/wp\/v2\/types\/page"}],"author":[{"embeddable":true,"href":"https:\/\/www.pedagogie.ac-nice.fr\/daac\/wp-json\/wp\/v2\/users\/241"}],"replies":[{"embeddable":true,"href":"https:\/\/www.pedagogie.ac-nice.fr\/daac\/wp-json\/wp\/v2\/comments?post=15514"}],"version-history":[{"count":4,"href":"https:\/\/www.pedagogie.ac-nice.fr\/daac\/wp-json\/wp\/v2\/pages\/15514\/revisions"}],"predecessor-version":[{"id":15520,"href":"https:\/\/www.pedagogie.ac-nice.fr\/daac\/wp-json\/wp\/v2\/pages\/15514\/revisions\/15520"}],"wp:attachment":[{"href":"https:\/\/www.pedagogie.ac-nice.fr\/daac\/wp-json\/wp\/v2\/media?parent=15514"}],"curies":[{"name":"wp","href":"https:\/\/api.w.org\/{rel}","templated":true}]}}

<p>[et_pb_section fb_built= »1&Prime; _builder_version= »3.22&Prime; global_colors_info= »{} »][et_pb_row _builder_version= »3.25&Prime; background_size= »initial » background_position= »top_left » background_repeat= »repeat » global_colors_info= »{} »][et_pb_column type= »4_4&Prime; _builder_version= »3.25&Prime; custom_padding= »||| » global_colors_info= »{} » custom_padding__hover= »||| »][et_pb_text _builder_version= »4.10.7&Prime; text_font= »Trebuchet|||||||| » text_text_color= »#000000&Prime; background_size= »initial » background_position= »top_left » background_repeat= »repeat » global_colors_info= »{} »]</p>
<p><strong><span>La délégation académique à l’éducation artistique et à l’action culturelle (DAAC) impulse, pilote et accompagne les projets et les dispositifs artistiques et culturels dans l’académie de Nice.</span></strong></p>
<p><strong>Raison sociale et hébergeur :</strong></p>
<p>Rectorat de l&rsquo;académie de Nice<br />53 avenue Cap de Croix<br />06181 Nice cedex 2</p>
<p>Téléphone 04 93 53 70 70<br />Télécopie 04 93 53 70 83</p>
<p>Nous contacter:</p>
<p><a href="mailto:webmestre.daac@ac-nice.fr">webmestre.daac@ac-nice.fr</a></p>
<p>&nbsp;</p>
<h3 id="summary-item-4">Droits de reproduction des documents publics ou officiels</h3>
<p>Depuis la publication de l&rsquo;ordonnance n° 2005-650 du 6 juin 2005 relative à la liberté d&rsquo;accès aux documents administratifs et à la réutilisation des informations publiques, ces informations peuvent être réutilisées à d&rsquo;autres fins que celles pour lesquelles elles ont été produites, et particulièrement les informations faisant l&rsquo;objet d&rsquo;une diffusion publique. <strong>Les documents publics ou officiels ne sont couverts par aucun droit d&rsquo;auteur et peuvent donc être reproduits librement. Le graphisme, l&rsquo;iconographie ainsi que le contenu éditorial demeurent la propriété de l&rsquo;État, et, à ce titre, font l&rsquo;objet des protections prévues par le Code de la propriété intellectuelle</strong>.</p>
<p>L&rsquo;article L.122-5 du code de la propriété intellectuelle pose le principe selon lequel, « lorsque l&rsquo;œuvre a été divulguée, l&rsquo;auteur ne peut interdire la diffusion, même intégrale, par la voie de presse ou de télédiffusion, à titre d&rsquo;information d&rsquo;actualité, des discours destinés au public prononcés dans les assemblées politiques, (&#8230;), ainsi que dans les réunions publiques d&rsquo;ordre politique et les cérémonies officielles ».<br />C&rsquo;est donc le cas notamment pour les discours et interventions du recteur de l&rsquo;académie de Nice qui s&rsquo;apparentent à une exception au droit d&rsquo;auteur. De même, <strong>les documents publics ou officiels tels que les communiqués officiels de l&rsquo;académie de Nice et du ministère de l&rsquo;éducation nationale ne sont couverts par aucun droit d&rsquo;auteur, et peuvent en conséquence être reproduits librement</strong>.</p>
<p><strong>Si la reprise de ces contenus de façon partielle ou intégrale est autorisée, elle doit être obligatoirement assortie de la mention du nom de l&rsquo;auteur, de la source, et éventuellement d&rsquo;un lien renvoyant vers le document original en ligne sur le site</strong>. La mention « ©www.pedagogie.ac-nice.fr/daac/ » devra donc être indiquée. Tous les autres contenus présents sur le site sont couverts par le droit d&rsquo;auteur. Toute reprise est dès lors conditionnée à l&rsquo;accord de l&rsquo;auteur en vertu de l&rsquo;article L.122-4 du Code de la propriété Intellectuelle.<br />Les informations utilisées ne doivent l&rsquo;être qu&rsquo;à des fins personnelles, associatives ou professionnelles ; toute diffusion ou utilisation à des fins commerciales ou publicitaires étant interdites.</p>
<h2 id="summary-item-7">Responsabilité face aux liens vers d&rsquo;autres sites</h2>
<p>Le site www.pedagogie.ac-nice.fr/daac/ propose de nombreux liens vers d&rsquo;autres sites, essentiellement des sites officiels (gouvernement, institutions, organismes publics, etc.) mais aussi vers des sites, français ou étrangers, d&rsquo;associations, d&rsquo;organismes professionnels du secteur éducatif ou d&rsquo;entreprises partenaires sur des opérations ponctuelles.</p>
<p>Chaque fois, il est systématiquement précisé vers quel site nous vous proposons d&rsquo;aller. Ces pages, dont les adresses sont régulièrement vérifiées, ne font pas partie du site ac-nice.fr : elles n&rsquo;engagent pas la responsabilité de la rédaction du site qui ne peut être tenue pour responsable des contenus vers lesquels ces liens pointent. Ils ne visent qu&rsquo;à permettre à l&rsquo;internaute d&rsquo;accéder plus facilement à d&rsquo;autres ressources documentaires sur le sujet consulté.</p>
<h2 id="summary-item-12">Accessibilité du site</h2>
<p><span>Le site fait actuellement l&rsquo;objet d&rsquo;une refonte pour se rendre conforme aux exigences d&rsquo;accessibilité tendant vers la note à AA.</span></p>
<p><span>Veuillez contacter <a href="mailto:webmestre.daac@ac-nice.fr">webmestre.daac@ac-nice.fr</a> pour toute information complémentaire. </span></p>
<p>[/et_pb_text][/et_pb_column][/et_pb_row][/et_pb_section]</p>

<p>La délégation académique à l’éducation artistique et à l’action culturelle (DAAC) impulse, pilote et accompagne les projets et les dispositifs artistiques et culturels dans l’académie de Nice. Raison sociale et hébergeur : Rectorat de l&rsquo;académie de Nice53 avenue Cap de Croix06181 Nice cedex 2 Téléphone 04 93 53 70 70Télécopie 04 93 53 70 83 Nous contacter: [&hellip;]</p>

La délégation académique à l’éducation artistique et à l’action culturelle (DAAC) impulse, pilote et accompagne les projets et les dispositifs artistiques et culturels dans l’académie de Nice. Raison sociale et hébergeur : Rectorat de l'académie de Nice53 avenue Cap de Croix06181 Nice cedex 2 Téléphone 04 93 53 70 70Télécopie 04 93 53 70 83 Nous contacter:…
