{"id":1629,"date":"2020-12-11T15:31:52","date_gmt":"2020-12-11T14:31:52","guid":{"rendered":"https:\/\/www.pedagogie.ac-nice.fr\/daac\/?page_id=1629"},"modified":"2020-12-11T22:39:05","modified_gmt":"2020-12-11T21:39:05","slug":"a-voix-haute","status":"publish","type":"page","link":"https:\/\/www.pedagogie.ac-nice.fr\/daac\/a-voix-haute\/","title":{"rendered":"A Voix haute"},"content":{"rendered":"<p style=\"text-align: center;\"><span style=\"font-size: 18pt;\">Nuits de la lecture et concours&nbsp; <\/span><\/p>\n<p style=\"text-align: center;\"><span style=\"font-size: 18pt;\">\u00ab A voix haute ! \u00bb<\/span><\/p>\n<p style=\"text-align: justify;\"><a href=\"https:\/\/www.pedagogie.ac-nice.fr\/daac\/wp-content\/uploads\/sites\/37\/2020\/12\/lecture_voix_haute.png\"><img loading=\"lazy\" decoding=\"async\" class=\"size-full wp-image-1640 aligncenter\" src=\"https:\/\/www.pedagogie.ac-nice.fr\/daac\/wp-content\/uploads\/sites\/37\/2020\/12\/lecture_voix_haute.png\" alt=\"concours_lecture_voi_haute\" width=\"264\" height=\"155\"><\/a>En 2021, la manifestation poursuit son d\u00e9veloppement et se transforme en \u00ab Nuits de la lecture \u00bb pour une programmation in situ et digitale encore plus riche et \u00e9tendue sur 4 soir\u00e9es, <strong>du jeudi 21 au dimanche 24 janvier, avec un temps fort le samedi 23.<\/strong><\/p>\n<p style=\"text-align: justify;\">Un grand concours national de lecture \u00e0 voix haute, intitul\u00e9 <strong>\u00ab Si on lisait \u00e0 voix haute \u00bb<\/strong>, est organis\u00e9 par France T\u00e9l\u00e9visions et \u00ab La grande librairie \u00bb, en partenariat avec le minist\u00e8re. Il se d\u00e9roule durant toute l&rsquo;ann\u00e9e scolaire, du travail des professeurs avec leurs \u00e9l\u00e8ves et de la d\u00e9signation du candidat de la classe jusqu&rsquo;\u00e0 la grande finale en direct.<\/p>\n<p>Toutes les informations ici : <a href=\"https:\/\/eduscol.education.fr\/1686\/concours-de-lecture-si-lisait-voix-haute-la-grande-librairie\" target=\"_blank\" rel=\"noopener\"><img loading=\"lazy\" decoding=\"async\" class=\"alignnone wp-image-1633 size-full\" src=\"https:\/\/www.pedagogie.ac-nice.fr\/daac\/wp-content\/uploads\/sites\/37\/2020\/12\/logo_puce_jaune.png\" alt=\"\" width=\"72\" height=\"70\"><\/a><\/p>\n","protected":false},"excerpt":{"rendered":"<p>Nuits de la lecture et concours&nbsp; \u00ab A voix haute ! \u00bb En 2021, la manifestation poursuit son d\u00e9veloppement et se transforme en \u00ab Nuits de la lecture \u00bb pour une programmation in situ et digitale encore plus riche et \u00e9tendue sur 4 soir\u00e9es, du jeudi 21 au dimanche 24 janvier, avec un temps fort [&hellip;]<\/p>\n","protected":false},"author":241,"featured_media":0,"parent":0,"menu_order":0,"comment_status":"closed","ping_status":"closed","template":"","meta":{"_et_pb_use_builder":"","_et_pb_old_content":"","_et_gb_content_width":"","ngg_post_thumbnail":0,"footnotes":""},"class_list":["post-1629","page","type-page","status-publish","hentry"],"rttpg_featured_image_url":null,"rttpg_author":{"display_name":"daacadmin","author_link":"https:\/\/www.pedagogie.ac-nice.fr\/daac\/author\/daacadmin\/"},"rttpg_comment":0,"rttpg_category":null,"rttpg_excerpt":"Nuits de la lecture et concours&nbsp; \u00ab A voix haute ! \u00bb En 2021, la manifestation poursuit son d\u00e9veloppement et se transforme en \u00ab Nuits de la lecture \u00bb pour une programmation in situ et digitale encore plus riche et \u00e9tendue sur 4 soir\u00e9es, du jeudi 21 au dimanche 24 janvier, avec un temps fort\u2026","post_mailing_queue_ids":[],"_links":{"self":[{"href":"https:\/\/www.pedagogie.ac-nice.fr\/daac\/wp-json\/wp\/v2\/pages\/1629","targetHints":{"allow":["GET"]}}],"collection":[{"href":"https:\/\/www.pedagogie.ac-nice.fr\/daac\/wp-json\/wp\/v2\/pages"}],"about":[{"href":"https:\/\/www.pedagogie.ac-nice.fr\/daac\/wp-json\/wp\/v2\/types\/page"}],"author":[{"embeddable":true,"href":"https:\/\/www.pedagogie.ac-nice.fr\/daac\/wp-json\/wp\/v2\/users\/241"}],"replies":[{"embeddable":true,"href":"https:\/\/www.pedagogie.ac-nice.fr\/daac\/wp-json\/wp\/v2\/comments?post=1629"}],"version-history":[{"count":3,"href":"https:\/\/www.pedagogie.ac-nice.fr\/daac\/wp-json\/wp\/v2\/pages\/1629\/revisions"}],"predecessor-version":[{"id":1701,"href":"https:\/\/www.pedagogie.ac-nice.fr\/daac\/wp-json\/wp\/v2\/pages\/1629\/revisions\/1701"}],"wp:attachment":[{"href":"https:\/\/www.pedagogie.ac-nice.fr\/daac\/wp-json\/wp\/v2\/media?parent=1629"}],"curies":[{"name":"wp","href":"https:\/\/api.w.org\/{rel}","templated":true}]}}