{"id":1750,"date":"2020-12-14T20:05:46","date_gmt":"2020-12-14T19:05:46","guid":{"rendered":"https:\/\/www.pedagogie.ac-nice.fr\/daac\/?page_id=1750"},"modified":"2020-12-14T20:10:49","modified_gmt":"2020-12-14T19:10:49","slug":"liaison-ecole-college-83-var","status":"publish","type":"page","link":"https:\/\/www.pedagogie.ac-nice.fr\/daac\/liaison-ecole-college-83-var\/","title":{"rendered":"La coordonnatrice EAC Ecoles-Coll\u00e8ge dans le d\u00e9partement du Var"},"content":{"rendered":"<p style=\"text-align: left;\">Dans le d\u00e9partement du Var, Florence Vargas-Luiggi, coordonnatrice d\u00e9partementale EAC, a un r\u00f4le d\u2019appui pour le 1er degr\u00e9.<\/p>\n<p style=\"text-align: justify;\">Elle accompagne les \u00e9tablissements scolaires dans le d\u00e9veloppement de la liaison \u00e9cole(s)\/coll\u00e8ge, en concertation avec l&rsquo;Inspecteur d&rsquo;Acad\u00e9mie Adjoint du Var, l\u2019IEN en charge de ce domaine au niveau d\u00e9partemental et en lien avec les coordonnateurs sectoriels de la DAAC ainsi que les conseill\u00e8res p\u00e9dagogiques d\u00e9partementales.<\/p>\n<p style=\"text-align: justify;\">Elle est \u00e9galement la principale interlocutrice des r\u00e9f\u00e9rents culturels des \u00e9tablissements du second degr\u00e9 et est \u00e0 l\u2019\u00e9coute des porteurs de projets dans les \u00e9coles du 1er degr\u00e9.<\/p>\n<p><strong>Les axes forts de l\u2019ann\u00e9e 2020-2021 concernent :<\/strong><\/p>\n<ul>\n<li style=\"text-align: justify;\">le d\u00e9veloppement de l&rsquo;EAC dans les zones \u00ab\u00a0blanches\u00a0\u00bb du d\u00e9partement.<\/li>\n<li>le suivi de l\u2019<a href=\"https:\/\/www.pedagogie.ac-nice.fr\/daac\/adage\/\" target=\"_blank\" rel=\"noopener\">Application Adage<\/a> d\u00e9di\u00e9e \u00e0 la g\u00e9n\u00e9ralisation de l\u2019EAC sur le territoire : appels \u00e0 projet et recensement.<\/li>\n<li>Le d\u00e9ploiement de la liaison \u00e9cole\/coll\u00e8ge sur les projets EAC de cycle 3 du d\u00e9partement du Var.<\/li>\n<\/ul>\n<p><strong>Contact<\/strong> : <a title=\"Composer un message \u00e0 florence.vargas-luiggi@ac-nice\">florence.vargas-luiggi@ac-nice<\/a>.<\/p>\n","protected":false},"excerpt":{"rendered":"<p>Dans le d\u00e9partement du Var, Florence Vargas-Luiggi, coordonnatrice d\u00e9partementale EAC, a un r\u00f4le d\u2019appui pour le 1er degr\u00e9. Elle accompagne les \u00e9tablissements scolaires dans le d\u00e9veloppement de la liaison \u00e9cole(s)\/coll\u00e8ge, en concertation avec l&rsquo;Inspecteur d&rsquo;Acad\u00e9mie Adjoint du Var, l\u2019IEN en charge de ce domaine au niveau d\u00e9partemental et en lien avec les coordonnateurs sectoriels de [&hellip;]<\/p>\n","protected":false},"author":241,"featured_media":0,"parent":0,"menu_order":0,"comment_status":"closed","ping_status":"closed","template":"","meta":{"_et_pb_use_builder":"","_et_pb_old_content":"","_et_gb_content_width":"","ngg_post_thumbnail":0,"footnotes":""},"class_list":["post-1750","page","type-page","status-publish","hentry"],"rttpg_featured_image_url":null,"rttpg_author":{"display_name":"daacadmin","author_link":"https:\/\/www.pedagogie.ac-nice.fr\/daac\/author\/daacadmin\/"},"rttpg_comment":0,"rttpg_category":null,"rttpg_excerpt":"Dans le d\u00e9partement du Var, Florence Vargas-Luiggi, coordonnatrice d\u00e9partementale EAC, a un r\u00f4le d\u2019appui pour le 1er degr\u00e9. Elle accompagne les \u00e9tablissements scolaires dans le d\u00e9veloppement de la liaison \u00e9cole(s)\/coll\u00e8ge, en concertation avec l&rsquo;Inspecteur d&rsquo;Acad\u00e9mie Adjoint du Var, l\u2019IEN en charge de ce domaine au niveau d\u00e9partemental et en lien avec les coordonnateurs sectoriels de\u2026","post_mailing_queue_ids":[],"_links":{"self":[{"href":"https:\/\/www.pedagogie.ac-nice.fr\/daac\/wp-json\/wp\/v2\/pages\/1750","targetHints":{"allow":["GET"]}}],"collection":[{"href":"https:\/\/www.pedagogie.ac-nice.fr\/daac\/wp-json\/wp\/v2\/pages"}],"about":[{"href":"https:\/\/www.pedagogie.ac-nice.fr\/daac\/wp-json\/wp\/v2\/types\/page"}],"author":[{"embeddable":true,"href":"https:\/\/www.pedagogie.ac-nice.fr\/daac\/wp-json\/wp\/v2\/users\/241"}],"replies":[{"embeddable":true,"href":"https:\/\/www.pedagogie.ac-nice.fr\/daac\/wp-json\/wp\/v2\/comments?post=1750"}],"version-history":[{"count":4,"href":"https:\/\/www.pedagogie.ac-nice.fr\/daac\/wp-json\/wp\/v2\/pages\/1750\/revisions"}],"predecessor-version":[{"id":1755,"href":"https:\/\/www.pedagogie.ac-nice.fr\/daac\/wp-json\/wp\/v2\/pages\/1750\/revisions\/1755"}],"wp:attachment":[{"href":"https:\/\/www.pedagogie.ac-nice.fr\/daac\/wp-json\/wp\/v2\/media?parent=1750"}],"curies":[{"name":"wp","href":"https:\/\/api.w.org\/{rel}","templated":true}]}}