{"id":1897,"date":"2020-12-21T16:07:59","date_gmt":"2020-12-21T15:07:59","guid":{"rendered":"https:\/\/www.pedagogie.ac-nice.fr\/daac\/?page_id=1897"},"modified":"2020-12-21T16:31:40","modified_gmt":"2020-12-21T15:31:40","slug":"ressources-de-la-ville-de-toulon","status":"publish","type":"page","link":"https:\/\/www.pedagogie.ac-nice.fr\/daac\/ressources-pedagogiques\/ressources-des-structures\/ressources-de-la-ville-de-toulon\/","title":{"rendered":"Ressources p\u00e9dagogiques des mus\u00e9es de la ville de Toulon"},"content":{"rendered":"<p style=\"text-align: justify;\">Afin de pallier la fermeture actuelle des mus\u00e9es et galeries, la Ville de Toulon, sa direction des affaires culturelles et de son service m\u00e9diation&nbsp; vous propose trois padlets regroupant des documents p\u00e9dagogiques, des visuels et des fiches d&rsquo;activit\u00e9s sur les collections mus\u00e9ales de la Ville et de son histoire.<\/p>\n<p>Un quatri\u00e8me padlet est \u00e9galement en pr\u00e9paration, il portera sur une pr\u00e9sentation historique de Toulon \u00e0 travers nos diff\u00e9rentes collections de cartes postales anciennes.<\/p>\n<div><span style=\"color: #191919; font-family: Helvetica; font-size: xx-small;\">&nbsp;<\/span><\/div>\n<p><a href=\"https:\/\/padlet.com\/Mediation_Culturelle_Toulon\/x88q911xnr4d1oh\" target=\"_blank\" rel=\"noopener\"><img loading=\"lazy\" decoding=\"async\" class=\"alignnone wp-image-1289 size-full\" src=\"https:\/\/www.pedagogie.ac-nice.fr\/daac\/wp-content\/uploads\/sites\/37\/2020\/11\/cliquez_portail_savoirs.jpg\" alt=\"clic noir\" width=\"38\" height=\"37\">&nbsp;<\/a>&nbsp;<span style=\"color: #191919; font-family: Helvetica; font-size: 12pt;\">Ce&nbsp;Padlet regroupe des th\u00e9matiques classiques de l&rsquo;histoire de l&rsquo;art occidental, en lien avec les&nbsp;collections du Mus\u00e9e d&rsquo;Art de Toulon (MAT)&nbsp;&nbsp;et le patrimoine historique toulonnais.<\/span><\/p>\n<p><span style=\"color: #191919; font-family: Helvetica; font-size: 12pt;\">Les th\u00e8mes abord\u00e9s sont&nbsp;:<br \/>\n<\/span><span style=\"color: #191919; font-family: Helvetica; font-size: 12pt;\">&#8211; Le portrait<br \/>\n<\/span><span style=\"color: #191919; font-family: Helvetica; font-size: 12pt;\">&#8211; Le paysage<br \/>\n<\/span><span style=\"color: #191919; font-family: Helvetica; font-size: 12pt;\">&#8211; La mythologie<br \/>\n<\/span><span style=\"color: #191919; font-family: Helvetica; font-size: 12pt;\">&#8211; Le patrimoine<br \/>\n<\/span><span style=\"color: #191919; font-family: Helvetica; font-size: 12pt;\">&#8211; Le dessin \u00e0 travers l\u2019exposition Letuaire de la Chapelle Chalucet.<\/span><\/p>\n<div>\n<div><span style=\"color: #191919; font-family: Helvetica; font-size: 12pt;\">Les documents propos\u00e9s sont adaptables par l\u2019enseignant au niveau scolaire dont il a la responsabilit\u00e9.\u200b<\/span><\/div>\n<\/div>\n<p>&nbsp;<\/p>\n<p><a href=\"https:\/\/fr.padlet.com\/maatoulon\/oout07wugrbnje9x\" target=\"_blank\" rel=\"noopener\"><img loading=\"lazy\" decoding=\"async\" class=\"alignnone wp-image-1289 size-full\" src=\"https:\/\/www.pedagogie.ac-nice.fr\/daac\/wp-content\/uploads\/sites\/37\/2020\/11\/cliquez_portail_savoirs.jpg\" alt=\"clic noir\" width=\"38\" height=\"37\"><\/a> Ressources du Mus\u00e9e des arts Asiatiques de Toulon<\/p>\n<div style=\"text-align: justify;\"><span style=\"color: #191919; font-family: Helvetica; font-size: 12pt;\">Ce padlet regroupe \u00e0 ce jour des ressources pour les classes maternelles et \u00e9l\u00e9mentaires.<\/span><\/div>\n<div style=\"text-align: justify;\"><span style=\"color: #191919; font-family: Helvetica; font-size: 12pt;\">Il propose les ressources p\u00e9dagogiques habituelles et en lien avec les visites du MAA.<\/span><\/div>\n<ul style=\"text-align: justify;\">\n<li><span style=\"color: #191919; font-family: Helvetica; font-size: 12pt;\">Le bestiaire asiatique<\/span><\/li>\n<li><span style=\"color: #191919; font-family: Helvetica; font-size: 12pt;\">Le bestiaire fantastique<\/span><\/li>\n<li><span style=\"color: #191919; font-family: Helvetica; font-size: 12pt;\">La chauve-souris<\/span><\/li>\n<li><span style=\"color: #191919; font-family: Helvetica; font-size: 12pt;\">Le tableau cont\u00e9 &#8211; Li Tieguai<\/span><\/li>\n<li><span style=\"color: #191919; font-family: Helvetica; font-size: 12pt;\">Le&nbsp;carr\u00e9 du mandarin<\/span><\/li>\n<\/ul>\n<div style=\"text-align: justify;\"><span style=\"color: #191919; font-family: Helvetica; font-size: 12pt;\">Pour chacune des th\u00e9matiques, les enseignants pourront retrouver, pour ces deux premiers padlets, des notices d\u2019\u0153uvres, des visuels et une fiche d&rsquo;activit\u00e9.<\/span><\/div>\n<div style=\"text-align: justify;\"><span style=\"color: #191919; font-family: Helvetica; font-size: 12pt;\">Les documents propos\u00e9s sont adaptables par l\u2019enseignant au niveau scolaire dont il a la responsabilit\u00e9.<\/span><\/div>\n<div style=\"text-align: justify;\"><span style=\"color: #191919; font-family: Helvetica; font-size: 12pt;\">&nbsp;<\/span><\/div>\n<div style=\"text-align: justify;\"><span style=\"color: #191919; font-family: Helvetica; font-size: 12pt;\"><a href=\"https:\/\/maatoulon.blogspot.com\/\" target=\"_blank\" rel=\"noopener\"><img loading=\"lazy\" decoding=\"async\" class=\"alignnone wp-image-1289 size-full\" src=\"https:\/\/www.pedagogie.ac-nice.fr\/daac\/wp-content\/uploads\/sites\/37\/2020\/11\/cliquez_portail_savoirs.jpg\" alt=\"clic noir\" width=\"38\" height=\"37\"><\/a>Pour le Mus\u00e9e des Arts Asiatiques, le blog support des notices \u00ab\u00a0qrcod\u00e9es\u00a0\u00bb&nbsp; vous est \u00e9galement communiqu\u00e9 pour documentation. Vous retrouverez des notices et des visuels compl\u00e9mentaires des collections asiatiques et des expositions temporaires (Bouddhisme, Tao\u00efsme, Mingqi, Miyazaki, Sagemono&#8230;).<\/span><\/div>\n<div>&nbsp;<\/div>\n<div>&nbsp;<\/div>\n<div><a href=\"https:\/\/padlet.com\/museejeanaicard\/iwitqmdtghuxqdnz\" target=\"_blank\" rel=\"noopener\"><img loading=\"lazy\" decoding=\"async\" class=\"alignnone wp-image-1289 size-full\" src=\"https:\/\/www.pedagogie.ac-nice.fr\/daac\/wp-content\/uploads\/sites\/37\/2020\/11\/cliquez_portail_savoirs.jpg\" alt=\"clic noir\" width=\"38\" height=\"37\"><\/a>Padlet du Mus\u00e9e Jean Aicard de Toulon<\/div>\n<div>\n<div><span style=\"color: #191919; font-family: Helvetica; font-size: xx-small;\">&nbsp;<\/span><\/div>\n<div style=\"text-align: justify;\"><span style=\"color: #191919; font-family: Helvetica; font-size: 12pt;\">Cet outil est en lien direct avec la politique de m\u00e9diation du MAB, en tant que lieu de m\u00e9moire litt\u00e9raire et artistique. Ainsi les ressources sont avant tout documentaires : photographies historiques, portraits, ouvrages de Jean Aicard (libres de droit &#8211; Gallica).&nbsp;<\/span><\/div>\n<div style=\"text-align: justify;\"><span style=\"color: #191919; font-family: Helvetica; font-size: 12pt;\">Mais surtout,&nbsp;une visite vid\u00e9o est d\u00e9j\u00e0 possible par la reprise du reportage r\u00e9alis\u00e9 au mus\u00e9e en 2018.<br \/>\n<\/span><\/div>\n<div style=\"text-align: justify;\"><span style=\"color: #191919; font-family: Helvetica; font-size: 12pt;\">Bien entendu, des fiches d&rsquo;activit\u00e9s \u00e0 destination des jeunes publics sont aussi propos\u00e9s.<\/span><\/div>\n<\/div>\n","protected":false},"excerpt":{"rendered":"<p>Afin de pallier la fermeture actuelle des mus\u00e9es et galeries, la Ville de Toulon, sa direction des affaires culturelles et de son service m\u00e9diation&nbsp; vous propose trois padlets regroupant des documents p\u00e9dagogiques, des visuels et des fiches d&rsquo;activit\u00e9s sur les collections mus\u00e9ales de la Ville et de son histoire. Un quatri\u00e8me padlet est \u00e9galement en [&hellip;]<\/p>\n","protected":false},"author":241,"featured_media":0,"parent":1382,"menu_order":0,"comment_status":"closed","ping_status":"closed","template":"","meta":{"_et_pb_use_builder":"","_et_pb_old_content":"","_et_gb_content_width":"","ngg_post_thumbnail":0,"footnotes":""},"class_list":["post-1897","page","type-page","status-publish","hentry"],"rttpg_featured_image_url":null,"rttpg_author":{"display_name":"daacadmin","author_link":"https:\/\/www.pedagogie.ac-nice.fr\/daac\/author\/daacadmin\/"},"rttpg_comment":0,"rttpg_category":null,"rttpg_excerpt":"Afin de pallier la fermeture actuelle des mus\u00e9es et galeries, la Ville de Toulon, sa direction des affaires culturelles et de son service m\u00e9diation&nbsp; vous propose trois padlets regroupant des documents p\u00e9dagogiques, des visuels et des fiches d&rsquo;activit\u00e9s sur les collections mus\u00e9ales de la Ville et de son histoire. Un quatri\u00e8me padlet est \u00e9galement en\u2026","post_mailing_queue_ids":[],"_links":{"self":[{"href":"https:\/\/www.pedagogie.ac-nice.fr\/daac\/wp-json\/wp\/v2\/pages\/1897","targetHints":{"allow":["GET"]}}],"collection":[{"href":"https:\/\/www.pedagogie.ac-nice.fr\/daac\/wp-json\/wp\/v2\/pages"}],"about":[{"href":"https:\/\/www.pedagogie.ac-nice.fr\/daac\/wp-json\/wp\/v2\/types\/page"}],"author":[{"embeddable":true,"href":"https:\/\/www.pedagogie.ac-nice.fr\/daac\/wp-json\/wp\/v2\/users\/241"}],"replies":[{"embeddable":true,"href":"https:\/\/www.pedagogie.ac-nice.fr\/daac\/wp-json\/wp\/v2\/comments?post=1897"}],"version-history":[{"count":4,"href":"https:\/\/www.pedagogie.ac-nice.fr\/daac\/wp-json\/wp\/v2\/pages\/1897\/revisions"}],"predecessor-version":[{"id":1915,"href":"https:\/\/www.pedagogie.ac-nice.fr\/daac\/wp-json\/wp\/v2\/pages\/1897\/revisions\/1915"}],"up":[{"embeddable":true,"href":"https:\/\/www.pedagogie.ac-nice.fr\/daac\/wp-json\/wp\/v2\/pages\/1382"}],"wp:attachment":[{"href":"https:\/\/www.pedagogie.ac-nice.fr\/daac\/wp-json\/wp\/v2\/media?parent=1897"}],"curies":[{"name":"wp","href":"https:\/\/api.w.org\/{rel}","templated":true}]}}