{"id":2159,"date":"2021-02-01T21:12:11","date_gmt":"2021-02-01T20:12:11","guid":{"rendered":"https:\/\/www.pedagogie.ac-nice.fr\/daac\/?page_id=2159"},"modified":"2022-01-22T21:16:41","modified_gmt":"2022-01-22T20:16:41","slug":"etonnants-voyageurs","status":"publish","type":"page","link":"https:\/\/www.pedagogie.ac-nice.fr\/daac\/etonnants-voyageurs\/","title":{"rendered":"Etonnants Voyageurs"},"content":{"rendered":"<p>[et_pb_section fb_built=\u00a0\u00bb1&Prime; _builder_version=\u00a0\u00bb3.22&Prime; global_colors_info=\u00a0\u00bb{}\u00a0\u00bb][et_pb_row column_structure=\u00a0\u00bb1_3,2_3&Prime; _builder_version=\u00a0\u00bb3.25&Prime; background_size=\u00a0\u00bbinitial\u00a0\u00bb background_position=\u00a0\u00bbtop_left\u00a0\u00bb background_repeat=\u00a0\u00bbrepeat\u00a0\u00bb global_colors_info=\u00a0\u00bb{}\u00a0\u00bb][et_pb_column type=\u00a0\u00bb1_3&Prime; _builder_version=\u00a0\u00bb3.25&Prime; custom_padding=\u00a0\u00bb|||\u00a0\u00bb global_colors_info=\u00a0\u00bb{}\u00a0\u00bb custom_padding__hover=\u00a0\u00bb|||\u00a0\u00bb][et_pb_text _builder_version=\u00a0\u00bb4.10.7&Prime; background_size=\u00a0\u00bbinitial\u00a0\u00bb background_position=\u00a0\u00bbtop_left\u00a0\u00bb background_repeat=\u00a0\u00bbrepeat\u00a0\u00bb global_colors_info=\u00a0\u00bb{}\u00a0\u00bb admin_label=\u00a0\u00bbvisuel 10 moi dix mots\u00a0\u00bb]<\/p>\n<p style=\"text-align: center;\"><a href=\"https:\/\/www.pedagogie.ac-nice.fr\/daac\/wp-content\/uploads\/sites\/37\/2021\/02\/icono_etonnants_voyageurs.png\"><img loading=\"lazy\" decoding=\"async\" class=\"wp-image-2160 aligncenter\" src=\"https:\/\/www.pedagogie.ac-nice.fr\/daac\/wp-content\/uploads\/sites\/37\/2021\/02\/icono_etonnants_voyageurs.png\" alt=\"\" width=\"345\" height=\"136\" srcset=\"https:\/\/www.pedagogie.ac-nice.fr\/daac\/wp-content\/uploads\/sites\/37\/2021\/02\/icono_etonnants_voyageurs.png 852w, https:\/\/www.pedagogie.ac-nice.fr\/daac\/wp-content\/uploads\/sites\/37\/2021\/02\/icono_etonnants_voyageurs-300x118.png 300w, https:\/\/www.pedagogie.ac-nice.fr\/daac\/wp-content\/uploads\/sites\/37\/2021\/02\/icono_etonnants_voyageurs-768x303.png 768w\" sizes=\"(max-width: 345px) 100vw, 345px\" \/><\/a><\/p>\n<p>&nbsp;<\/p>\n<p>[\/et_pb_text][et_pb_text _builder_version=\u00a0\u00bb4.10.7&Prime; _module_preset=\u00a0\u00bbdefault\u00a0\u00bb hover_enabled=\u00a0\u00bb0&Prime; global_colors_info=\u00a0\u00bb{}\u00a0\u00bb sticky_enabled=\u00a0\u00bb0&Prime; admin_label=\u00a0\u00bbvisuel domaine\u00a0\u00bb]<\/p>\n<p><a href=\"https:\/\/www.pedagogie.ac-nice.fr\/daac\/domaine-reseau-du-livre\/\" target=\"_blank\" rel=\"noopener\"><img loading=\"lazy\" decoding=\"async\" class=\"aligncenter wp-image-8025 size-full\" src=\"https:\/\/www.pedagogie.ac-nice.fr\/daac\/wp-content\/uploads\/sites\/37\/2021\/09\/actualites_livre-1.png\" alt=\"\" width=\"276\" height=\"183\"><\/a><\/p>\n<p>[\/et_pb_text][\/et_pb_column][et_pb_column type=\u00a0\u00bb2_3&Prime; _builder_version=\u00a0\u00bb3.25&Prime; custom_padding=\u00a0\u00bb|||\u00a0\u00bb global_colors_info=\u00a0\u00bb{}\u00a0\u00bb custom_padding__hover=\u00a0\u00bb|||\u00a0\u00bb][et_pb_text admin_label=\u00a0\u00bbVisuel Etonnants voyageurs\u00a0\u00bb _builder_version=\u00a0\u00bb4.10.7&Prime; _module_preset=\u00a0\u00bbdefault\u00a0\u00bb global_colors_info=\u00a0\u00bb{}\u00a0\u00bb]<\/p>\n<p><img loading=\"lazy\" decoding=\"async\" class=\"alignnone size-medium wp-image-10901 aligncenter\" src=\"https:\/\/www.pedagogie.ac-nice.fr\/daac\/wp-content\/uploads\/sites\/37\/2022\/01\/etonnant-voyageur-300x216.jpg\" alt=\"\" width=\"300\" height=\"216\" srcset=\"https:\/\/www.pedagogie.ac-nice.fr\/daac\/wp-content\/uploads\/sites\/37\/2022\/01\/etonnant-voyageur-300x216.jpg 300w, https:\/\/www.pedagogie.ac-nice.fr\/daac\/wp-content\/uploads\/sites\/37\/2022\/01\/etonnant-voyageur.jpg 320w\" sizes=\"(max-width: 300px) 100vw, 300px\" \/><\/p>\n<p>[\/et_pb_text][et_pb_text _builder_version=\u00a0\u00bb4.10.7&Prime; background_size=\u00a0\u00bbinitial\u00a0\u00bb background_position=\u00a0\u00bbtop_left\u00a0\u00bb background_repeat=\u00a0\u00bbrepeat\u00a0\u00bb global_colors_info=\u00a0\u00bb{}\u00a0\u00bb]<\/p>\n<p style=\"text-align: center;\"><strong><span style=\"font-size: 18pt; color: #ff00ff;\">Concours de nouvelles 2022<\/span><\/strong><\/p>\n<p style=\"text-align: justify;\"><span style=\"color: #0000ff;\">Comme chaque ann\u00e9e, le concours de nouvelles est ouvert aux 11\/18 ans.<\/span><\/p>\n<p style=\"text-align: justify;\"><span style=\"color: #0000ff;\">D&rsquo;ampleur nationale, ce concours individuel&nbsp;d&rsquo;\u00e9criture de nouvelles b\u00e9n\u00e9ficie de l&rsquo;agr\u00e9ment&nbsp;du Minist\u00e8re de l&rsquo;Education nationale et de la&nbsp;jeunesse et du soutien de la MGEN.<\/span><\/p>\n<p style=\"text-align: justify;\"><span style=\"color: #0000ff;\"><strong>Jean-Philippe Jaworski<\/strong> (un des grands noms de la Fantasy fran\u00e7aise) parrainera cette nouvelle \u00e9dition !<\/span><\/p>\n<p style=\"text-align: justify;\"><span style=\"color: #0000ff;\">L&rsquo;auteur propose aux \u00e9crivains en herbe de r\u00e9-enchanter le monde \u00e0 la suite de l&rsquo;un de ses deux<em> incipits<\/em>. <\/span><br \/><span style=\"color: #0000ff;\">Les \u00e9l\u00e8ves on<\/span>t <strong><span style=\"color: #ff00ff;\">jusqu&rsquo;au 1<sup>er<\/sup> mars 2022 pour s&rsquo;inscrire<\/span><\/strong> <span style=\"color: #0000ff;\">et<\/span> <strong><span style=\"color: #ff00ff;\">jusqu&rsquo;au 10 mars 2022 pour nous renvoyer leur nouvelle<\/span>.<\/strong><\/p>\n<p><strong><span style=\"color: #0000ff;\">Sujets 2022 :<\/span> <\/strong><a href=\"https:\/\/www.etonnants-voyageurs.com\/Concours-de-nouvelles-2022-Re-enchanter-le-monde-avec-Jean-Philippe-Jaworski.html\" target=\"_blank\" rel=\"noopener\"><img loading=\"lazy\" decoding=\"async\" class=\"alignnone wp-image-1939\" src=\"https:\/\/www.pedagogie.ac-nice.fr\/daac\/wp-content\/uploads\/sites\/37\/2021\/01\/puce-rose-2.png\" alt=\"\" width=\"39\" height=\"37\"><\/a><\/p>\n<p><strong><span style=\"color: #0000ff;\">R\u00e8glement du concours :<\/span><\/strong> <a href=\"https:\/\/www.etonnants-voyageurs.com\/IMG\/pdf\/cn2022_re_glement_v.pdf\" target=\"_blank\" rel=\"noopener\"><img loading=\"lazy\" decoding=\"async\" class=\"alignnone wp-image-1500\" src=\"https:\/\/www.pedagogie.ac-nice.fr\/daac\/wp-content\/uploads\/sites\/37\/2020\/12\/puce_verte.jpg\" alt=\"puce verte adage\" width=\"39\" height=\"36\"><\/a><\/p>\n<p><strong><span style=\"color: #0000ff;\">Page de garde pour participer au concours :<\/span><\/strong> <a href=\"https:\/\/www.etonnants-voyageurs.com\/IMG\/pdf\/cn2022_page_de_garde_v.pdf\" target=\"_blank\" rel=\"noopener\"><img loading=\"lazy\" decoding=\"async\" class=\"alignnone wp-image-1498\" src=\"https:\/\/www.pedagogie.ac-nice.fr\/daac\/wp-content\/uploads\/sites\/37\/2020\/12\/puce_bleue.jpg\" alt=\"puce bleue adage\" width=\"37\" height=\"35\"><\/a><\/p>\n<p>[\/et_pb_text][\/et_pb_column][\/et_pb_row][\/et_pb_section]<\/p>\n","protected":false},"excerpt":{"rendered":"<p>&nbsp;Concours de nouvelles 2022 Comme chaque ann\u00e9e, le concours de nouvelles est ouvert aux 11\/18 ans. D&rsquo;ampleur nationale, ce concours individuel&nbsp;d&rsquo;\u00e9criture de nouvelles b\u00e9n\u00e9ficie de l&rsquo;agr\u00e9ment&nbsp;du Minist\u00e8re de l&rsquo;Education nationale et de la&nbsp;jeunesse et du soutien de la MGEN. Jean-Philippe Jaworski (un des grands noms de la Fantasy fran\u00e7aise) parrainera cette nouvelle \u00e9dition ! L&rsquo;auteur [&hellip;]<\/p>\n","protected":false},"author":241,"featured_media":0,"parent":0,"menu_order":0,"comment_status":"closed","ping_status":"closed","template":"","meta":{"_et_pb_use_builder":"on","_et_pb_old_content":"<p style=\"text-align: center;\"><span style=\"font-size: 18pt;\"><span style=\"color: #008000;\">Concours de nouvelles<\/span> <\/span><a href=\"https:\/\/www.pedagogie.ac-nice.fr\/daac\/wp-content\/uploads\/sites\/37\/2021\/02\/icono_etonnants_voyageurs.png\"><img class=\"wp-image-2160 aligncenter\" src=\"https:\/\/www.pedagogie.ac-nice.fr\/daac\/wp-content\/uploads\/sites\/37\/2021\/02\/icono_etonnants_voyageurs.png\" alt=\"\" width=\"345\" height=\"136\"><\/a><\/p><p>Comme chaque ann\u00e9e, le concours de nouvelles est ouvert aux 11\/18 ans.<\/p><p>D'ampleur nationale, ce concours individuel\u00a0d'\u00e9criture de nouvelles b\u00e9n\u00e9ficie de l'agr\u00e9ment\u00a0du Minist\u00e8re de l'Education nationale et de la\u00a0jeunesse et du soutien de la MGEN.<\/p><p>Franck Bouysse parrainera cette nouvelle \u00e9dition 2021.<\/p><p>L'auteur propose aux \u00e9crivains en herbe de se\u00a0plonger dans le roman rural noir \u00e0 la suite \u00e0 l'un\u00a0de ses deux incipit.<\/p><p>Les \u00e9l\u00e8ves ont jusqu'au <strong>19 f\u00e9vrier 2021<\/strong> pour\u00a0s'inscrire et jusqu'au <strong>10 mars 2021<\/strong> pour nous\u00a0renvoyer leur nouvelle.<\/p><p>Sujets 2021 : <a href=\"https:\/\/www.pedagogie.ac-nice.fr\/daac\/wp-content\/uploads\/sites\/37\/2021\/02\/Concours-de-nouvelles-Sujets-2021.pdf\" target=\"_blank\" rel=\"noopener\"><img class=\"alignnone wp-image-1939\" src=\"https:\/\/www.pedagogie.ac-nice.fr\/daac\/wp-content\/uploads\/sites\/37\/2021\/01\/puce-rose-2.png\" alt=\"\" width=\"39\" height=\"37\"><\/a><\/p><p>R\u00e8glement du concours : <a href=\"https:\/\/www.pedagogie.ac-nice.fr\/daac\/wp-content\/uploads\/sites\/37\/2021\/02\/reglement_etonnants_voyageurs.pdf\" target=\"_blank\" rel=\"noopener\"><img class=\"alignnone wp-image-1500\" src=\"https:\/\/www.pedagogie.ac-nice.fr\/daac\/wp-content\/uploads\/sites\/37\/2020\/12\/puce_verte.jpg\" alt=\"puce verte adage\" width=\"39\" height=\"36\"><\/a><\/p><p>Page de garde pour participer au concours : <a href=\"https:\/\/www.pedagogie.ac-nice.fr\/daac\/wp-content\/uploads\/sites\/37\/2021\/02\/CN2021-PAGE-DE-GARDE-.pdf\" target=\"_blank\" rel=\"noopener\"><img class=\"alignnone wp-image-1498\" src=\"https:\/\/www.pedagogie.ac-nice.fr\/daac\/wp-content\/uploads\/sites\/37\/2020\/12\/puce_bleue.jpg\" alt=\"puce bleue adage\" width=\"37\" height=\"35\"><\/a><\/p><p>OU sur le site d\u00e9di\u00e9 :<br><a href=\"https:\/\/www.etonnants-voyageurs.com\/spip.php?article25404\" target=\"_blank\" rel=\"noopener\">concours de\u00a0nouvelles Etonnants Voyageurs 2021<\/a><\/p><p style=\"text-align: justify;\">Les laur\u00e9ats acad\u00e9miques verront leur nouvelle\u00a0publi\u00e9e dans un recueil imprim\u00e9 en 10 000\u00a0exemplaires et les laur\u00e9ats nationaux seront\u00a0invit\u00e9s au festival et auront la chance de\u00a0rencontrer l'auteur. Une belle fa\u00e7on de valoriser\u00a0leur implication et leur talent !<\/p><p>Pour\u00a0 qui souhaiteraient relire les nouvelles laur\u00e9ates 2020 :<\/p><p><a href=\"https:\/\/www.etonnants-voyageurs.com\/spip.php?article25401\" target=\"_blank\" rel=\"noopener\">Le\u00a0podium 2020<\/a><br><a href=\"https:\/\/www.etonnants-voyageurs.com\/spip.php?article25335\" target=\"_blank\" rel=\"noopener\">les r\u00e9sultats du concours 2020<\/a><\/p>","_et_gb_content_width":"","ngg_post_thumbnail":0,"footnotes":""},"class_list":["post-2159","page","type-page","status-publish","hentry"],"rttpg_featured_image_url":null,"rttpg_author":{"display_name":"daacadmin","author_link":"https:\/\/www.pedagogie.ac-nice.fr\/daac\/author\/daacadmin\/"},"rttpg_comment":0,"rttpg_category":null,"rttpg_excerpt":"&nbsp;Concours de nouvelles 2022 Comme chaque ann\u00e9e, le concours de nouvelles est ouvert aux 11\/18 ans. D'ampleur nationale, ce concours individuel&nbsp;d'\u00e9criture de nouvelles b\u00e9n\u00e9ficie de l'agr\u00e9ment&nbsp;du Minist\u00e8re de l'Education nationale et de la&nbsp;jeunesse et du soutien de la MGEN. Jean-Philippe Jaworski (un des grands noms de la Fantasy fran\u00e7aise) parrainera cette nouvelle \u00e9dition ! L'auteur\u2026","post_mailing_queue_ids":[],"_links":{"self":[{"href":"https:\/\/www.pedagogie.ac-nice.fr\/daac\/wp-json\/wp\/v2\/pages\/2159","targetHints":{"allow":["GET"]}}],"collection":[{"href":"https:\/\/www.pedagogie.ac-nice.fr\/daac\/wp-json\/wp\/v2\/pages"}],"about":[{"href":"https:\/\/www.pedagogie.ac-nice.fr\/daac\/wp-json\/wp\/v2\/types\/page"}],"author":[{"embeddable":true,"href":"https:\/\/www.pedagogie.ac-nice.fr\/daac\/wp-json\/wp\/v2\/users\/241"}],"replies":[{"embeddable":true,"href":"https:\/\/www.pedagogie.ac-nice.fr\/daac\/wp-json\/wp\/v2\/comments?post=2159"}],"version-history":[{"count":14,"href":"https:\/\/www.pedagogie.ac-nice.fr\/daac\/wp-json\/wp\/v2\/pages\/2159\/revisions"}],"predecessor-version":[{"id":10926,"href":"https:\/\/www.pedagogie.ac-nice.fr\/daac\/wp-json\/wp\/v2\/pages\/2159\/revisions\/10926"}],"wp:attachment":[{"href":"https:\/\/www.pedagogie.ac-nice.fr\/daac\/wp-json\/wp\/v2\/media?parent=2159"}],"curies":[{"name":"wp","href":"https:\/\/api.w.org\/{rel}","templated":true}]}}

<p>[et_pb_section fb_built= »1&Prime; _builder_version= »3.22&Prime; global_colors_info= »{} »][et_pb_row column_structure= »1_3,2_3&Prime; _builder_version= »3.25&Prime; background_size= »initial » background_position= »top_left » background_repeat= »repeat » global_colors_info= »{} »][et_pb_column type= »1_3&Prime; _builder_version= »3.25&Prime; custom_padding= »||| » global_colors_info= »{} » custom_padding__hover= »||| »][et_pb_text _builder_version= »4.10.7&Prime; background_size= »initial » background_position= »top_left » background_repeat= »repeat » global_colors_info= »{} » admin_label= »visuel 10 moi dix mots »]</p>
<p style="text-align: center;"><a href="https://www.pedagogie.ac-nice.fr/daac/wp-content/uploads/sites/37/2021/02/icono_etonnants_voyageurs.png"><img loading="lazy" decoding="async" class="wp-image-2160 aligncenter" src="https://www.pedagogie.ac-nice.fr/daac/wp-content/uploads/sites/37/2021/02/icono_etonnants_voyageurs.png" alt="" width="345" height="136" srcset="https://www.pedagogie.ac-nice.fr/daac/wp-content/uploads/sites/37/2021/02/icono_etonnants_voyageurs.png 852w, https://www.pedagogie.ac-nice.fr/daac/wp-content/uploads/sites/37/2021/02/icono_etonnants_voyageurs-300x118.png 300w, https://www.pedagogie.ac-nice.fr/daac/wp-content/uploads/sites/37/2021/02/icono_etonnants_voyageurs-768x303.png 768w" sizes="(max-width: 345px) 100vw, 345px" /></a></p>
<p>&nbsp;</p>
<p>[/et_pb_text][et_pb_text _builder_version= »4.10.7&Prime; _module_preset= »default » hover_enabled= »0&Prime; global_colors_info= »{} » sticky_enabled= »0&Prime; admin_label= »visuel domaine »]</p>
<p><a href="https://www.pedagogie.ac-nice.fr/daac/domaine-reseau-du-livre/" target="_blank" rel="noopener"><img loading="lazy" decoding="async" class="aligncenter wp-image-8025 size-full" src="https://www.pedagogie.ac-nice.fr/daac/wp-content/uploads/sites/37/2021/09/actualites_livre-1.png" alt="" width="276" height="183"></a></p>
<p>[/et_pb_text][/et_pb_column][et_pb_column type= »2_3&Prime; _builder_version= »3.25&Prime; custom_padding= »||| » global_colors_info= »{} » custom_padding__hover= »||| »][et_pb_text admin_label= »Visuel Etonnants voyageurs » _builder_version= »4.10.7&Prime; _module_preset= »default » global_colors_info= »{} »]</p>
<p><img loading="lazy" decoding="async" class="alignnone size-medium wp-image-10901 aligncenter" src="https://www.pedagogie.ac-nice.fr/daac/wp-content/uploads/sites/37/2022/01/etonnant-voyageur-300x216.jpg" alt="" width="300" height="216" srcset="https://www.pedagogie.ac-nice.fr/daac/wp-content/uploads/sites/37/2022/01/etonnant-voyageur-300x216.jpg 300w, https://www.pedagogie.ac-nice.fr/daac/wp-content/uploads/sites/37/2022/01/etonnant-voyageur.jpg 320w" sizes="(max-width: 300px) 100vw, 300px" /></p>
<p>[/et_pb_text][et_pb_text _builder_version= »4.10.7&Prime; background_size= »initial » background_position= »top_left » background_repeat= »repeat » global_colors_info= »{} »]</p>
<p style="text-align: center;"><strong><span style="font-size: 18pt; color: #ff00ff;">Concours de nouvelles 2022</span></strong></p>
<p style="text-align: justify;"><span style="color: #0000ff;">Comme chaque année, le concours de nouvelles est ouvert aux 11/18 ans.</span></p>
<p style="text-align: justify;"><span style="color: #0000ff;">D&rsquo;ampleur nationale, ce concours individuel&nbsp;d&rsquo;écriture de nouvelles bénéficie de l&rsquo;agrément&nbsp;du Ministère de l&rsquo;Education nationale et de la&nbsp;jeunesse et du soutien de la MGEN.</span></p>
<p style="text-align: justify;"><span style="color: #0000ff;"><strong>Jean-Philippe Jaworski</strong> (un des grands noms de la Fantasy française) parrainera cette nouvelle édition !</span></p>
<p style="text-align: justify;"><span style="color: #0000ff;">L&rsquo;auteur propose aux écrivains en herbe de ré-enchanter le monde à la suite de l&rsquo;un de ses deux<em> incipits</em>. </span><br /><span style="color: #0000ff;">Les élèves on</span>t <strong><span style="color: #ff00ff;">jusqu&rsquo;au 1<sup>er</sup> mars 2022 pour s&rsquo;inscrire</span></strong> <span style="color: #0000ff;">et</span> <strong><span style="color: #ff00ff;">jusqu&rsquo;au 10 mars 2022 pour nous renvoyer leur nouvelle</span>.</strong></p>
<p><strong><span style="color: #0000ff;">Sujets 2022 :</span> </strong><a href="https://www.etonnants-voyageurs.com/Concours-de-nouvelles-2022-Re-enchanter-le-monde-avec-Jean-Philippe-Jaworski.html" target="_blank" rel="noopener"><img loading="lazy" decoding="async" class="alignnone wp-image-1939" src="https://www.pedagogie.ac-nice.fr/daac/wp-content/uploads/sites/37/2021/01/puce-rose-2.png" alt="" width="39" height="37"></a></p>
<p><strong><span style="color: #0000ff;">Règlement du concours :</span></strong> <a href="https://www.etonnants-voyageurs.com/IMG/pdf/cn2022_re_glement_v.pdf" target="_blank" rel="noopener"><img loading="lazy" decoding="async" class="alignnone wp-image-1500" src="https://www.pedagogie.ac-nice.fr/daac/wp-content/uploads/sites/37/2020/12/puce_verte.jpg" alt="puce verte adage" width="39" height="36"></a></p>
<p><strong><span style="color: #0000ff;">Page de garde pour participer au concours :</span></strong> <a href="https://www.etonnants-voyageurs.com/IMG/pdf/cn2022_page_de_garde_v.pdf" target="_blank" rel="noopener"><img loading="lazy" decoding="async" class="alignnone wp-image-1498" src="https://www.pedagogie.ac-nice.fr/daac/wp-content/uploads/sites/37/2020/12/puce_bleue.jpg" alt="puce bleue adage" width="37" height="35"></a></p>
<p>[/et_pb_text][/et_pb_column][/et_pb_row][/et_pb_section]</p>

<p>&nbsp;Concours de nouvelles 2022 Comme chaque année, le concours de nouvelles est ouvert aux 11/18 ans. D&rsquo;ampleur nationale, ce concours individuel&nbsp;d&rsquo;écriture de nouvelles bénéficie de l&rsquo;agrément&nbsp;du Ministère de l&rsquo;Education nationale et de la&nbsp;jeunesse et du soutien de la MGEN. Jean-Philippe Jaworski (un des grands noms de la Fantasy française) parrainera cette nouvelle édition ! L&rsquo;auteur [&hellip;]</p>

<p style="text-align: center;"><span style="font-size: 18pt;"><span style="color: #008000;">Concours de nouvelles</span> </span><a href="https://www.pedagogie.ac-nice.fr/daac/wp-content/uploads/sites/37/2021/02/icono_etonnants_voyageurs.png"><img class="wp-image-2160 aligncenter" src="https://www.pedagogie.ac-nice.fr/daac/wp-content/uploads/sites/37/2021/02/icono_etonnants_voyageurs.png" alt="" width="345" height="136"></a></p><p>Comme chaque année, le concours de nouvelles est ouvert aux 11/18 ans.</p><p>D'ampleur nationale, ce concours individuel d'écriture de nouvelles bénéficie de l'agrément du Ministère de l'Education nationale et de la jeunesse et du soutien de la MGEN.</p><p>Franck Bouysse parrainera cette nouvelle édition 2021.</p><p>L'auteur propose aux écrivains en herbe de se plonger dans le roman rural noir à la suite à l'un de ses deux incipit.</p><p>Les élèves ont jusqu'au <strong>19 février 2021</strong> pour s'inscrire et jusqu'au <strong>10 mars 2021</strong> pour nous renvoyer leur nouvelle.</p><p>Sujets 2021 : <a href="https://www.pedagogie.ac-nice.fr/daac/wp-content/uploads/sites/37/2021/02/Concours-de-nouvelles-Sujets-2021.pdf" target="_blank" rel="noopener"><img class="alignnone wp-image-1939" src="https://www.pedagogie.ac-nice.fr/daac/wp-content/uploads/sites/37/2021/01/puce-rose-2.png" alt="" width="39" height="37"></a></p><p>Règlement du concours : <a href="https://www.pedagogie.ac-nice.fr/daac/wp-content/uploads/sites/37/2021/02/reglement_etonnants_voyageurs.pdf" target="_blank" rel="noopener"><img class="alignnone wp-image-1500" src="https://www.pedagogie.ac-nice.fr/daac/wp-content/uploads/sites/37/2020/12/puce_verte.jpg" alt="puce verte adage" width="39" height="36"></a></p><p>Page de garde pour participer au concours : <a href="https://www.pedagogie.ac-nice.fr/daac/wp-content/uploads/sites/37/2021/02/CN2021-PAGE-DE-GARDE-.pdf" target="_blank" rel="noopener"><img class="alignnone wp-image-1498" src="https://www.pedagogie.ac-nice.fr/daac/wp-content/uploads/sites/37/2020/12/puce_bleue.jpg" alt="puce bleue adage" width="37" height="35"></a></p><p>OU sur le site dédié :<br><a href="https://www.etonnants-voyageurs.com/spip.php?article25404" target="_blank" rel="noopener">concours de nouvelles Etonnants Voyageurs 2021</a></p><p style="text-align: justify;">Les lauréats académiques verront leur nouvelle publiée dans un recueil imprimé en 10 000 exemplaires et les lauréats nationaux seront invités au festival et auront la chance de rencontrer l'auteur. Une belle façon de valoriser leur implication et leur talent !</p><p>Pour  qui souhaiteraient relire les nouvelles lauréates 2020 :</p><p><a href="https://www.etonnants-voyageurs.com/spip.php?article25401" target="_blank" rel="noopener">Le podium 2020</a><br><a href="https://www.etonnants-voyageurs.com/spip.php?article25335" target="_blank" rel="noopener">les résultats du concours 2020</a></p>

&nbsp;Concours de nouvelles 2022 Comme chaque année, le concours de nouvelles est ouvert aux 11/18 ans. D'ampleur nationale, ce concours individuel&nbsp;d'écriture de nouvelles bénéficie de l'agrément&nbsp;du Ministère de l'Education nationale et de la&nbsp;jeunesse et du soutien de la MGEN. Jean-Philippe Jaworski (un des grands noms de la Fantasy française) parrainera cette nouvelle édition ! L'auteur…
