{"id":2293,"date":"2021-02-09T20:21:45","date_gmt":"2021-02-09T19:21:45","guid":{"rendered":"https:\/\/www.pedagogie.ac-nice.fr\/daac\/?page_id=2293"},"modified":"2021-06-18T22:46:14","modified_gmt":"2021-06-18T20:46:14","slug":"rencontres-de-la-photographie-arles","status":"publish","type":"page","link":"https:\/\/www.pedagogie.ac-nice.fr\/daac\/les-domaines-de-leac\/pole-images\/photographie\/rencontres-de-la-photographie-arles\/","title":{"rendered":"Rencontres de la Photographie &#8211; Arles"},"content":{"rendered":"<p><a href=\"https:\/\/www.pedagogie.ac-nice.fr\/daac\/wp-content\/uploads\/sites\/37\/2021\/02\/Rencontres-daRLES.jpg\"><img loading=\"lazy\" decoding=\"async\" class=\"alignnone size-full wp-image-2291\" src=\"https:\/\/www.pedagogie.ac-nice.fr\/daac\/wp-content\/uploads\/sites\/37\/2021\/02\/Rencontres-daRLES.jpg\" alt=\"\" width=\"1240\" height=\"472\" srcset=\"https:\/\/www.pedagogie.ac-nice.fr\/daac\/wp-content\/uploads\/sites\/37\/2021\/02\/Rencontres-daRLES.jpg 1240w, https:\/\/www.pedagogie.ac-nice.fr\/daac\/wp-content\/uploads\/sites\/37\/2021\/02\/Rencontres-daRLES-300x114.jpg 300w, https:\/\/www.pedagogie.ac-nice.fr\/daac\/wp-content\/uploads\/sites\/37\/2021\/02\/Rencontres-daRLES-1024x390.jpg 1024w, https:\/\/www.pedagogie.ac-nice.fr\/daac\/wp-content\/uploads\/sites\/37\/2021\/02\/Rencontres-daRLES-768x292.jpg 768w\" sizes=\"(max-width: 1240px) 100vw, 1240px\" \/><\/a><\/p>\n<p style=\"text-align: justify;\">Depuis cinquante ans, les Rencontres d&rsquo;Arles r\u00e9unissent les plus remarquables expositions de photographies du patrimoine et de la cr\u00e9ation contemporaine, les artistes les plus reconnus et ceux de la jeune cr\u00e9ation, de France et d&rsquo;ailleurs.<\/p>\n<p style=\"text-align: justify;\">Les Rencontres d\u2019Arles proposent des outils nomades tout au long de l\u2019ann\u00e9e, des formations pour les professionnels de l\u2019image ainsi qu\u2019un parcours du festivalier pour les classes durant les Rencontres d\u2019Arles.<\/p>\n<p style=\"text-align: center;\"><strong>UNE ANNEE EN IMAGES<\/strong><\/p>\n<p style=\"text-align: justify;\">En r\u00e9ponse \u00e0 la situation sanitaire actuelle, les<strong> Rencontres d&rsquo;Arles<\/strong> proposent dans le cadre du partenariat avec l\u2019Acad\u00e9mie de Nice une adaptation de son \u00e9v\u00e9nement p\u00e9dagogique phare&nbsp;<strong><span style=\"font-size: 14pt;\">Une Rentr\u00e9e en Images <\/span><\/strong>\u00e9v\u00e9nement qui consiste \u00e0 accueillir traditionnellement chaque ann\u00e9e au mois de septembre pr\u00e8s de 10 000 scolaires au sein de ses expositions.<\/p>\n<p style=\"text-align: justify;\">Pour 2021, les Rencontres d&rsquo;Arles ont fait le choix d&rsquo;aller vers les \u00e9tablissements, des acad\u00e9mies d&rsquo;Aix Marseille et de Nice, en proposant sur le temps scolaire et \u00e0 partir de l&rsquo;automne prochain, un dispositif de sensibilisation aux images en lien avec la programmation du festival et les parcours d&rsquo;\u00e9ducation artistique et culturelle.<br \/>\nPour sa premi\u00e8re \u00e9dition, ce dispositif s&rsquo;appuiera sur les expositions de Sabine Weiss, \u00ab\u00a0<strong>Une vie de photographe<\/strong>\u00a0\u00bb et de Charlotte Perriand, \u00ab\u00a0<strong>Comment voulons nous vivre Une politique du photo montage<\/strong>\u00ab\u00a0.<\/p>\n<p>Toutes les informations ici <a href=\"https:\/\/www.rencontres-arles.com\/fr\/une-annee-en-images\/\" target=\"_blank\" rel=\"noopener\"><img loading=\"lazy\" decoding=\"async\" class=\"alignnone wp-image-1711 size-full\" src=\"https:\/\/www.pedagogie.ac-nice.fr\/daac\/wp-content\/uploads\/sites\/37\/2020\/12\/photos.png\" alt=\"\" width=\"90\" height=\"72\"><\/a><\/p>\n<p>&nbsp;<\/p>\n<p style=\"text-align: center;\"><span style=\"font-size: 14pt;\"><strong>La Plateforme OBSERVER-VOIR<\/strong><\/span><\/p>\n<p style=\"text-align: justify;\">La plateforme num\u00e9rique OBSERVER-VOIR, d\u00e9velopp\u00e9e par les Rencontres d&rsquo;Arles, propose une offre p\u00e9dagogique et des ressources&nbsp;en lien avec la photographie.<\/p>\n<p style=\"text-align: justify;\">Elle met plus sp\u00e9cifiquement, \u00e0 destination des publics scolaires et de la communaut\u00e9 \u00e9ducative, un corpus de 32 photographies s\u00e9lectionn\u00e9es parmi les diff\u00e9rentes \u00e9ditions du festival, des informations sur leurs auteurs, des pistes de r\u00e9flexion et des propositions concr\u00e8tes de s\u00e9ances d&rsquo;ateliers ludiques \u00e0 animer \u00e0 partir du corpus d\u2019images. Il est \u00e9galement possible de partager des retours d&rsquo;exp\u00e9rience des ateliers men\u00e9s.&nbsp;<\/p>\n<p><a href=\"mailto:https:\/\/observervoir.rencontres-arles.com\/\">https:\/\/observervoir.rencontres-arles.com\/<\/a><\/p>\n<p style=\"text-align: center;\"><strong><span style=\"font-size: 14pt;\">La collection des Rencontres de la Photographie<\/span><\/strong><\/p>\n<p><a href=\"mailto:https:\/\/collection.rencontres-arles.com\/fr\">https:\/\/collection.rencontres-arles.com\/fr<\/a><\/p>\n<p style=\"text-align: center;\"><strong><span style=\"font-size: 14pt;\">Pause Photo Prose<\/span><\/strong><\/p>\n<p style=\"text-align: justify;\">Ce jeu d\u2019\u00e9quipe propose de se questionner sur l\u2019origine des photographies, leur polys\u00e9mie, leurs usages.<\/p>\n<p style=\"text-align: justify;\">Pause Photo Prose peut \u00eatre emprunt\u00e9 par les \u00e9tablissements dans les ateliers d\u00e9partementaux CANOPE.<\/p>\n<p>&nbsp;<a href=\"https:\/\/www.rencontres-arles.com\/fr\/pause-photo-prose\/\">https:\/\/www.rencontres-arles.com\/fr\/pause-photo-prose\/<\/a><\/p>\n<p style=\"text-align: center;\"><span style=\"font-size: 14pt;\"><strong>Les Rencontres professionnelles de l\u2019Education aux Images<\/strong><\/span><\/p>\n<p style=\"text-align: justify;\">V\u00e9ritable temps de r\u00e9flexion, d&rsquo;exp\u00e9rimentation, d&rsquo;\u00e9change et de partage, les Rencontres professionnelles de l&rsquo;\u00e9ducation aux images rassemblent et f\u00e9d\u00e8rent pendant 3 jours, pr\u00e8s de 300 personnes issues des champs culturel, \u00e9ducatif, social autour d&rsquo;une th\u00e9matique commune li\u00e9e aux images. Les trois journ\u00e9es s&rsquo;articulent autour de conf\u00e9rences, ateliers et visites libres ou guid\u00e9es d&rsquo;expositions.<\/p>\n<p><a href=\"mailto:https:\/\/www.rencontres-arles.com\/fr\/les-rencontres-professionnelles-de-l-education-aux-images\/\">https:\/\/www.rencontres-arles.com\/fr\/les-rencontres-professionnelles-de-l-education-aux-images\/<\/a><\/p>\n<p><span style=\"font-size: 10pt;\"><strong>Coordonateur DAAC<\/strong><\/span><br \/>\n<span style=\"font-size: 10pt;\">Julien Giraud-Destefanis : ce.daac@ac-nice.fr<\/span><\/p>\n<p><span style=\"font-size: 10pt;\"><strong>Charg\u00e9e de mission acad\u00e9mique \u00ab\u00a0Photographie\u00a0\u00bb<\/strong><\/span><br \/>\n<span style=\"font-size: 10pt;\">Anabelle-Valeri.Aubanel@ac-nice.fr<\/span><\/p>\n","protected":false},"excerpt":{"rendered":"<p>Depuis cinquante ans, les Rencontres d&rsquo;Arles r\u00e9unissent les plus remarquables expositions de photographies du patrimoine et de la cr\u00e9ation contemporaine, les artistes les plus reconnus et ceux de la jeune cr\u00e9ation, de France et d&rsquo;ailleurs. Les Rencontres d\u2019Arles proposent des outils nomades tout au long de l\u2019ann\u00e9e, des formations pour les professionnels de l\u2019image ainsi [&hellip;]<\/p>\n","protected":false},"author":241,"featured_media":0,"parent":1544,"menu_order":0,"comment_status":"closed","ping_status":"closed","template":"","meta":{"_et_pb_use_builder":"","_et_pb_old_content":"","_et_gb_content_width":"","ngg_post_thumbnail":0,"footnotes":""},"class_list":["post-2293","page","type-page","status-publish","hentry"],"rttpg_featured_image_url":null,"rttpg_author":{"display_name":"daacadmin","author_link":"https:\/\/www.pedagogie.ac-nice.fr\/daac\/author\/daacadmin\/"},"rttpg_comment":0,"rttpg_category":null,"rttpg_excerpt":"Depuis cinquante ans, les Rencontres d&rsquo;Arles r\u00e9unissent les plus remarquables expositions de photographies du patrimoine et de la cr\u00e9ation contemporaine, les artistes les plus reconnus et ceux de la jeune cr\u00e9ation, de France et d&rsquo;ailleurs. Les Rencontres d\u2019Arles proposent des outils nomades tout au long de l\u2019ann\u00e9e, des formations pour les professionnels de l\u2019image ainsi\u2026","post_mailing_queue_ids":[],"_links":{"self":[{"href":"https:\/\/www.pedagogie.ac-nice.fr\/daac\/wp-json\/wp\/v2\/pages\/2293","targetHints":{"allow":["GET"]}}],"collection":[{"href":"https:\/\/www.pedagogie.ac-nice.fr\/daac\/wp-json\/wp\/v2\/pages"}],"about":[{"href":"https:\/\/www.pedagogie.ac-nice.fr\/daac\/wp-json\/wp\/v2\/types\/page"}],"author":[{"embeddable":true,"href":"https:\/\/www.pedagogie.ac-nice.fr\/daac\/wp-json\/wp\/v2\/users\/241"}],"replies":[{"embeddable":true,"href":"https:\/\/www.pedagogie.ac-nice.fr\/daac\/wp-json\/wp\/v2\/comments?post=2293"}],"version-history":[{"count":6,"href":"https:\/\/www.pedagogie.ac-nice.fr\/daac\/wp-json\/wp\/v2\/pages\/2293\/revisions"}],"predecessor-version":[{"id":3915,"href":"https:\/\/www.pedagogie.ac-nice.fr\/daac\/wp-json\/wp\/v2\/pages\/2293\/revisions\/3915"}],"up":[{"embeddable":true,"href":"https:\/\/www.pedagogie.ac-nice.fr\/daac\/wp-json\/wp\/v2\/pages\/1544"}],"wp:attachment":[{"href":"https:\/\/www.pedagogie.ac-nice.fr\/daac\/wp-json\/wp\/v2\/media?parent=2293"}],"curies":[{"name":"wp","href":"https:\/\/api.w.org\/{rel}","templated":true}]}}

<p><a href="https://www.pedagogie.ac-nice.fr/daac/wp-content/uploads/sites/37/2021/02/Rencontres-daRLES.jpg"><img loading="lazy" decoding="async" class="alignnone size-full wp-image-2291" src="https://www.pedagogie.ac-nice.fr/daac/wp-content/uploads/sites/37/2021/02/Rencontres-daRLES.jpg" alt="" width="1240" height="472" srcset="https://www.pedagogie.ac-nice.fr/daac/wp-content/uploads/sites/37/2021/02/Rencontres-daRLES.jpg 1240w, https://www.pedagogie.ac-nice.fr/daac/wp-content/uploads/sites/37/2021/02/Rencontres-daRLES-300x114.jpg 300w, https://www.pedagogie.ac-nice.fr/daac/wp-content/uploads/sites/37/2021/02/Rencontres-daRLES-1024x390.jpg 1024w, https://www.pedagogie.ac-nice.fr/daac/wp-content/uploads/sites/37/2021/02/Rencontres-daRLES-768x292.jpg 768w" sizes="(max-width: 1240px) 100vw, 1240px" /></a></p>
<p style="text-align: justify;">Depuis cinquante ans, les Rencontres d&rsquo;Arles réunissent les plus remarquables expositions de photographies du patrimoine et de la création contemporaine, les artistes les plus reconnus et ceux de la jeune création, de France et d&rsquo;ailleurs.</p>
<p style="text-align: justify;">Les Rencontres d’Arles proposent des outils nomades tout au long de l’année, des formations pour les professionnels de l’image ainsi qu’un parcours du festivalier pour les classes durant les Rencontres d’Arles.</p>
<p style="text-align: center;"><strong>UNE ANNEE EN IMAGES</strong></p>
<p style="text-align: justify;">En réponse à la situation sanitaire actuelle, les<strong> Rencontres d&rsquo;Arles</strong> proposent dans le cadre du partenariat avec l’Académie de Nice une adaptation de son événement pédagogique phare&nbsp;<strong><span style="font-size: 14pt;">Une Rentrée en Images </span></strong>événement qui consiste à accueillir traditionnellement chaque année au mois de septembre près de 10 000 scolaires au sein de ses expositions.</p>
<p style="text-align: justify;">Pour 2021, les Rencontres d&rsquo;Arles ont fait le choix d&rsquo;aller vers les établissements, des académies d&rsquo;Aix Marseille et de Nice, en proposant sur le temps scolaire et à partir de l&rsquo;automne prochain, un dispositif de sensibilisation aux images en lien avec la programmation du festival et les parcours d&rsquo;éducation artistique et culturelle.<br />
Pour sa première édition, ce dispositif s&rsquo;appuiera sur les expositions de Sabine Weiss, « <strong>Une vie de photographe</strong> » et de Charlotte Perriand, « <strong>Comment voulons nous vivre Une politique du photo montage</strong>« .</p>
<p>Toutes les informations ici <a href="https://www.rencontres-arles.com/fr/une-annee-en-images/" target="_blank" rel="noopener"><img loading="lazy" decoding="async" class="alignnone wp-image-1711 size-full" src="https://www.pedagogie.ac-nice.fr/daac/wp-content/uploads/sites/37/2020/12/photos.png" alt="" width="90" height="72"></a></p>
<p>&nbsp;</p>
<p style="text-align: center;"><span style="font-size: 14pt;"><strong>La Plateforme OBSERVER-VOIR</strong></span></p>
<p style="text-align: justify;">La plateforme numérique OBSERVER-VOIR, développée par les Rencontres d&rsquo;Arles, propose une offre pédagogique et des ressources&nbsp;en lien avec la photographie.</p>
<p style="text-align: justify;">Elle met plus spécifiquement, à destination des publics scolaires et de la communauté éducative, un corpus de 32 photographies sélectionnées parmi les différentes éditions du festival, des informations sur leurs auteurs, des pistes de réflexion et des propositions concrètes de séances d&rsquo;ateliers ludiques à animer à partir du corpus d’images. Il est également possible de partager des retours d&rsquo;expérience des ateliers menés.&nbsp;</p>
<p><a href="mailto:https://observervoir.rencontres-arles.com/">https://observervoir.rencontres-arles.com/</a></p>
<p style="text-align: center;"><strong><span style="font-size: 14pt;">La collection des Rencontres de la Photographie</span></strong></p>
<p><a href="mailto:https://collection.rencontres-arles.com/fr">https://collection.rencontres-arles.com/fr</a></p>
<p style="text-align: center;"><strong><span style="font-size: 14pt;">Pause Photo Prose</span></strong></p>
<p style="text-align: justify;">Ce jeu d’équipe propose de se questionner sur l’origine des photographies, leur polysémie, leurs usages.</p>
<p style="text-align: justify;">Pause Photo Prose peut être emprunté par les établissements dans les ateliers départementaux CANOPE.</p>
<p>&nbsp;<a href="https://www.rencontres-arles.com/fr/pause-photo-prose/">https://www.rencontres-arles.com/fr/pause-photo-prose/</a></p>
<p style="text-align: center;"><span style="font-size: 14pt;"><strong>Les Rencontres professionnelles de l’Education aux Images</strong></span></p>
<p style="text-align: justify;">Véritable temps de réflexion, d&rsquo;expérimentation, d&rsquo;échange et de partage, les Rencontres professionnelles de l&rsquo;éducation aux images rassemblent et fédèrent pendant 3 jours, près de 300 personnes issues des champs culturel, éducatif, social autour d&rsquo;une thématique commune liée aux images. Les trois journées s&rsquo;articulent autour de conférences, ateliers et visites libres ou guidées d&rsquo;expositions.</p>
<p><a href="mailto:https://www.rencontres-arles.com/fr/les-rencontres-professionnelles-de-l-education-aux-images/">https://www.rencontres-arles.com/fr/les-rencontres-professionnelles-de-l-education-aux-images/</a></p>
<p><span style="font-size: 10pt;"><strong>Coordonateur DAAC</strong></span><br />
<span style="font-size: 10pt;">Julien Giraud-Destefanis : ce.daac@ac-nice.fr</span></p>
<p><span style="font-size: 10pt;"><strong>Chargée de mission académique « Photographie »</strong></span><br />
<span style="font-size: 10pt;">Anabelle-Valeri.Aubanel@ac-nice.fr</span></p>

<p>Depuis cinquante ans, les Rencontres d&rsquo;Arles réunissent les plus remarquables expositions de photographies du patrimoine et de la création contemporaine, les artistes les plus reconnus et ceux de la jeune création, de France et d&rsquo;ailleurs. Les Rencontres d’Arles proposent des outils nomades tout au long de l’année, des formations pour les professionnels de l’image ainsi [&hellip;]</p>

Depuis cinquante ans, les Rencontres d&rsquo;Arles réunissent les plus remarquables expositions de photographies du patrimoine et de la création contemporaine, les artistes les plus reconnus et ceux de la jeune création, de France et d&rsquo;ailleurs. Les Rencontres d’Arles proposent des outils nomades tout au long de l’année, des formations pour les professionnels de l’image ainsi…
