{"id":2342,"date":"2021-02-12T18:36:36","date_gmt":"2021-02-12T17:36:36","guid":{"rendered":"https:\/\/www.pedagogie.ac-nice.fr\/daac\/?page_id=2342"},"modified":"2023-02-21T16:25:50","modified_gmt":"2023-02-21T15:25:50","slug":"journees-nationales-de-larchitecture","status":"publish","type":"page","link":"https:\/\/www.pedagogie.ac-nice.fr\/daac\/journees-nationales-de-larchitecture\/","title":{"rendered":"Journ\u00e9es Nationales de l&rsquo;architecture"},"content":{"rendered":"<p>[et_pb_section fb_built=\u00a0\u00bb1&Prime; _builder_version=\u00a0\u00bb3.22&Prime; global_colors_info=\u00a0\u00bb{}\u00a0\u00bb][et_pb_row column_structure=\u00a0\u00bb2_5,3_5&Prime; _builder_version=\u00a0\u00bb3.25&Prime; background_size=\u00a0\u00bbinitial\u00a0\u00bb background_position=\u00a0\u00bbtop_left\u00a0\u00bb background_repeat=\u00a0\u00bbrepeat\u00a0\u00bb global_colors_info=\u00a0\u00bb{}\u00a0\u00bb][et_pb_column type=\u00a0\u00bb2_5&Prime; _builder_version=\u00a0\u00bb3.25&Prime; custom_padding=\u00a0\u00bb|||\u00a0\u00bb global_colors_info=\u00a0\u00bb{}\u00a0\u00bb custom_padding__hover=\u00a0\u00bb|||\u00a0\u00bb][et_pb_text admin_label=\u00a0\u00bblogo_archi\u00a0\u00bb _builder_version=\u00a0\u00bb4.10.7&Prime; background_size=\u00a0\u00bbinitial\u00a0\u00bb background_position=\u00a0\u00bbtop_left\u00a0\u00bb background_repeat=\u00a0\u00bbrepeat\u00a0\u00bb global_colors_info=\u00a0\u00bb{}\u00a0\u00bb]<\/p>\n<p style=\"text-align: center;\"><img loading=\"lazy\" decoding=\"async\" class=\"alignnone size-full wp-image-5918\" src=\"https:\/\/www.pedagogie.ac-nice.fr\/daac\/wp-content\/uploads\/sites\/37\/2021\/09\/architecture.png\" alt=\"\" width=\"348\" height=\"221\" srcset=\"https:\/\/www.pedagogie.ac-nice.fr\/daac\/wp-content\/uploads\/sites\/37\/2021\/09\/architecture.png 348w, https:\/\/www.pedagogie.ac-nice.fr\/daac\/wp-content\/uploads\/sites\/37\/2021\/09\/architecture-300x191.png 300w\" sizes=\"(max-width: 348px) 100vw, 348px\" \/><\/p>\n<p>[\/et_pb_text][et_pb_divider _builder_version=\u00a0\u00bb4.10.7&Prime; _module_preset=\u00a0\u00bbdefault\u00a0\u00bb global_colors_info=\u00a0\u00bb{}\u00a0\u00bb][\/et_pb_divider][et_pb_text admin_label=\u00a0\u00bbvisuel journ\u00e9es nationales\u00a0\u00bb _builder_version=\u00a0\u00bb4.10.7&Prime; background_size=\u00a0\u00bbinitial\u00a0\u00bb background_position=\u00a0\u00bbtop_left\u00a0\u00bb background_repeat=\u00a0\u00bbrepeat\u00a0\u00bb global_colors_info=\u00a0\u00bb{}\u00a0\u00bb]<\/p>\n<p style=\"text-align: center;\"><img loading=\"lazy\" decoding=\"async\" class=\"alignnone size-full wp-image-6117\" src=\"https:\/\/www.pedagogie.ac-nice.fr\/daac\/wp-content\/uploads\/sites\/37\/2021\/09\/journees_nationales_archi.png\" alt=\"\" width=\"697\" height=\"411\" srcset=\"https:\/\/www.pedagogie.ac-nice.fr\/daac\/wp-content\/uploads\/sites\/37\/2021\/09\/journees_nationales_archi.png 697w, https:\/\/www.pedagogie.ac-nice.fr\/daac\/wp-content\/uploads\/sites\/37\/2021\/09\/journees_nationales_archi-300x177.png 300w\" sizes=\"(max-width: 697px) 100vw, 697px\" \/><\/p>\n<p>&nbsp;<\/p>\n<p>[\/et_pb_text][\/et_pb_column][et_pb_column type=\u00a0\u00bb3_5&Prime; _builder_version=\u00a0\u00bb3.25&Prime; custom_padding=\u00a0\u00bb|||\u00a0\u00bb global_colors_info=\u00a0\u00bb{}\u00a0\u00bb custom_padding__hover=\u00a0\u00bb|||\u00a0\u00bb][et_pb_text admin_label=\u00a0\u00bbJNA 6eme \u00e9dition\u00a0\u00bb _builder_version=\u00a0\u00bb4.10.7&Prime; background_size=\u00a0\u00bbinitial\u00a0\u00bb background_position=\u00a0\u00bbtop_left\u00a0\u00bb background_repeat=\u00a0\u00bbrepeat\u00a0\u00bb hover_enabled=\u00a0\u00bb0&Prime; global_colors_info=\u00a0\u00bb{}\u00a0\u00bb text_font=\u00a0\u00bbTrebuchet||||||||\u00a0\u00bb text_orientation=\u00a0\u00bbjustified\u00a0\u00bb sticky_enabled=\u00a0\u00bb0&Prime;]<\/p>\n<p style=\"text-align: center;\"><span style=\"font-size: 18pt; color: #993366;\"><strong>Journ\u00e9es Nationales de l&rsquo;Architecture<\/strong><\/span><\/p>\n<p style=\"text-align: center;\"><span style=\"font-size: 18pt; color: #993366;\"><strong>15, 16 et 17 octobre 2021<\/strong><\/span><\/p>\n<p style=\"text-align: justify;\"><span style=\"color: #000000;\">Depuis sa cr\u00e9ation en 2016, les <strong>JNA<\/strong> ont pour vocation d\u2019initier \u00e0 la d\u00e9couverte de l&rsquo;architecture, d\u2019enrichir les connaissances et de donner les cl\u00e9s de compr\u00e9hension d\u2019un domaine majeur entre art et sciences qui fa\u00e7onne nos territoires.<\/span><\/p>\n<p style=\"text-align: justify;\"><span style=\"color: #000000;\">S\u2019int\u00e9resser \u00e0 l\u2019architecture, c\u2019est se retrouver \u00e0 la crois\u00e9e d\u2019une multitude de domaines\u00a0: les sciences, les arts, l\u2019histoire, la litt\u00e9rature, le d\u00e9veloppement durable. C\u2019est l\u2019occasion de proposer aux \u00e9l\u00e8ves des projets interdisciplinaires porteurs de sens.<\/span><\/p>\n<p style=\"text-align: justify;\"><span style=\"color: #000000;\">Les <strong>Journ\u00e9es de l\u2019architecture,<\/strong> qui f\u00eatent leur <strong>6\u00e8me \u00e9dition<\/strong> en 2021,sont ainsi l\u2019occasion de mieux conna\u00eetre cette discipline.<\/span><\/p>\n<p style=\"text-align: justify;\"><span style=\"color: #000000;\">Les architectes, urbanistes, paysagistes, photographes\u2026 qui participent \u00e0 ces journ\u00e9es nationales de l\u2019architecture nous aident \u00e0 justement exercer notre regard et celui de nos \u00e9l\u00e8ves.<\/span><\/p>\n<p style=\"text-align: justify;\"><span style=\"color: #000000;\">L&rsquo;\u00e9dition 2021 met \u00e0 l&rsquo;honneur le \u00ab<i><b> Vivre ensemble <\/b><\/i>\u00bb : de quelle fa\u00e7on l\u2019architecture peut-elle favoriser le vivre-ensemble dans des soci\u00e9t\u00e9s soumises \u00e0 de nombreux d\u00e9fis et fragilis\u00e9es par la crise sanitaire.<br \/><\/span><\/p>\n<p><span style=\"color: #000000;\">Toutes les informations sur le site d\u00e9di\u00e9 : <a href=\"https:\/\/journeesarchitecture.culture.gouv.fr\/\" target=\"_blank\" rel=\"noopener\" style=\"color: #000000;\">ici<\/a><\/span><\/p>\n<p style=\"text-align: justify;\">\n<p style=\"text-align: justify;\">[\/et_pb_text][\/et_pb_column][\/et_pb_row][\/et_pb_section]<\/p>\n","protected":false},"excerpt":{"rendered":"<p>&nbsp;Journ\u00e9es Nationales de l&rsquo;Architecture 15, 16 et 17 octobre 2021 Depuis sa cr\u00e9ation en 2016, les JNA ont pour vocation d\u2019initier \u00e0 la d\u00e9couverte de l&rsquo;architecture, d\u2019enrichir les connaissances et de donner les cl\u00e9s de compr\u00e9hension d\u2019un domaine majeur entre art et sciences qui fa\u00e7onne nos territoires. S\u2019int\u00e9resser \u00e0 l\u2019architecture, c\u2019est se retrouver \u00e0 la [&hellip;]<\/p>\n","protected":false},"author":241,"featured_media":0,"parent":0,"menu_order":0,"comment_status":"closed","ping_status":"closed","template":"","meta":{"_et_pb_use_builder":"on","_et_pb_old_content":"<p align=\"center\"><a href=\"https:\/\/www.pedagogie.ac-nice.fr\/daac\/wp-content\/uploads\/sites\/37\/2021\/02\/JNA.jpg\"><img class=\"alignnone size-full wp-image-2302\" src=\"https:\/\/www.pedagogie.ac-nice.fr\/daac\/wp-content\/uploads\/sites\/37\/2021\/02\/JNA.jpg\" alt=\"\" width=\"1900\" height=\"1120\"><\/a><\/p><p style=\"text-align: justify;\">S\u2019int\u00e9resser \u00e0 l\u2019architecture, c\u2019est se retrouver \u00e0 la crois\u00e9e d\u2019une multitude de domaines\u00a0: les sciences, les arts, l\u2019histoire, la litt\u00e9rature, le d\u00e9veloppement durable. C\u2019est l\u2019occasion de proposer aux \u00e9l\u00e8ves des projets interdisciplinaires porteurs de sens.<\/p><p style=\"text-align: justify;\">Les <strong>Journ\u00e9es de l\u2019architecture<\/strong> sont ainsi l\u2019occasion de mieux conna\u00eetre cette discipline.<\/p><p style=\"text-align: justify;\">Les architectes, urbanistes, paysagistes, photographes\u2026 qui participent \u00e0 ces journ\u00e9es nationales de l\u2019architecture nous aident \u00e0 justement exercer notre regard et celui de nos \u00e9l\u00e8ves.<\/p><p>L'\u00e9dition 2020 mettait \u00e0 l'honneur \u00ab<i><b>\u00a0l\u2019architecture du quotidien\u00a0<\/b><\/i>\u00bb, donnant ainsi la possibilit\u00e9 de se confronter \u00e0 tous ces b\u00e2timents que nous avons l\u2019habitude de voir sans vraiment les regarder.<\/p><p><iframe src=\"https:\/\/livemap.getwemap.com\/embed.html?emmid=14365&iframeid=36b8cf62-e699-4a0b-a3d9-92efd13b8889&token=at57cfe081f01e44.12599570\" allowfullscreen=\"allowfullscreen\" data-mce-fragment=\"1\" width=\"100%\" height=\"100%\" frameborder=\"0\"><\/iframe><\/p><p>\u00a0<\/p><p>Toutes les informations pour la pr\u00e9paration de l'\u00e9dition 2021<\/p><p style=\"text-align: center;\"><a href=\"https:\/\/journeesarchitecture.culture.gouv.fr\/\" target=\"_blank\" rel=\"noopener\"><img class=\"alignnone size-full wp-image-1289\" src=\"https:\/\/www.pedagogie.ac-nice.fr\/daac\/wp-content\/uploads\/sites\/37\/2020\/11\/cliquez_portail_savoirs.jpg\" alt=\"clic noir\" width=\"38\" height=\"37\"><\/a><\/p>","_et_gb_content_width":"","ngg_post_thumbnail":0,"footnotes":""},"class_list":["post-2342","page","type-page","status-publish","hentry"],"rttpg_featured_image_url":null,"rttpg_author":{"display_name":"daacadmin","author_link":"https:\/\/www.pedagogie.ac-nice.fr\/daac\/author\/daacadmin\/"},"rttpg_comment":0,"rttpg_category":null,"rttpg_excerpt":"&nbsp;Journ\u00e9es Nationales de l'Architecture 15, 16 et 17 octobre 2021 Depuis sa cr\u00e9ation en 2016, les JNA ont pour vocation d\u2019initier \u00e0 la d\u00e9couverte de l'architecture, d\u2019enrichir les connaissances et de donner les cl\u00e9s de compr\u00e9hension d\u2019un domaine majeur entre art et sciences qui fa\u00e7onne nos territoires. S\u2019int\u00e9resser \u00e0 l\u2019architecture, c\u2019est se retrouver \u00e0 la\u2026","post_mailing_queue_ids":[],"_links":{"self":[{"href":"https:\/\/www.pedagogie.ac-nice.fr\/daac\/wp-json\/wp\/v2\/pages\/2342","targetHints":{"allow":["GET"]}}],"collection":[{"href":"https:\/\/www.pedagogie.ac-nice.fr\/daac\/wp-json\/wp\/v2\/pages"}],"about":[{"href":"https:\/\/www.pedagogie.ac-nice.fr\/daac\/wp-json\/wp\/v2\/types\/page"}],"author":[{"embeddable":true,"href":"https:\/\/www.pedagogie.ac-nice.fr\/daac\/wp-json\/wp\/v2\/users\/241"}],"replies":[{"embeddable":true,"href":"https:\/\/www.pedagogie.ac-nice.fr\/daac\/wp-json\/wp\/v2\/comments?post=2342"}],"version-history":[{"count":7,"href":"https:\/\/www.pedagogie.ac-nice.fr\/daac\/wp-json\/wp\/v2\/pages\/2342\/revisions"}],"predecessor-version":[{"id":14708,"href":"https:\/\/www.pedagogie.ac-nice.fr\/daac\/wp-json\/wp\/v2\/pages\/2342\/revisions\/14708"}],"wp:attachment":[{"href":"https:\/\/www.pedagogie.ac-nice.fr\/daac\/wp-json\/wp\/v2\/media?parent=2342"}],"curies":[{"name":"wp","href":"https:\/\/api.w.org\/{rel}","templated":true}]}}

Journées Nationales de l&rsquo;architecture

<p>[et_pb_section fb_built= »1&Prime; _builder_version= »3.22&Prime; global_colors_info= »{} »][et_pb_row column_structure= »2_5,3_5&Prime; _builder_version= »3.25&Prime; background_size= »initial » background_position= »top_left » background_repeat= »repeat » global_colors_info= »{} »][et_pb_column type= »2_5&Prime; _builder_version= »3.25&Prime; custom_padding= »||| » global_colors_info= »{} » custom_padding__hover= »||| »][et_pb_text admin_label= »logo_archi » _builder_version= »4.10.7&Prime; background_size= »initial » background_position= »top_left » background_repeat= »repeat » global_colors_info= »{} »]</p>
<p style="text-align: center;"><img loading="lazy" decoding="async" class="alignnone size-full wp-image-5918" src="https://www.pedagogie.ac-nice.fr/daac/wp-content/uploads/sites/37/2021/09/architecture.png" alt="" width="348" height="221" srcset="https://www.pedagogie.ac-nice.fr/daac/wp-content/uploads/sites/37/2021/09/architecture.png 348w, https://www.pedagogie.ac-nice.fr/daac/wp-content/uploads/sites/37/2021/09/architecture-300x191.png 300w" sizes="(max-width: 348px) 100vw, 348px" /></p>
<p>[/et_pb_text][et_pb_divider _builder_version= »4.10.7&Prime; _module_preset= »default » global_colors_info= »{} »][/et_pb_divider][et_pb_text admin_label= »visuel journées nationales » _builder_version= »4.10.7&Prime; background_size= »initial » background_position= »top_left » background_repeat= »repeat » global_colors_info= »{} »]</p>
<p style="text-align: center;"><img loading="lazy" decoding="async" class="alignnone size-full wp-image-6117" src="https://www.pedagogie.ac-nice.fr/daac/wp-content/uploads/sites/37/2021/09/journees_nationales_archi.png" alt="" width="697" height="411" srcset="https://www.pedagogie.ac-nice.fr/daac/wp-content/uploads/sites/37/2021/09/journees_nationales_archi.png 697w, https://www.pedagogie.ac-nice.fr/daac/wp-content/uploads/sites/37/2021/09/journees_nationales_archi-300x177.png 300w" sizes="(max-width: 697px) 100vw, 697px" /></p>
<p>&nbsp;</p>
<p>[/et_pb_text][/et_pb_column][et_pb_column type= »3_5&Prime; _builder_version= »3.25&Prime; custom_padding= »||| » global_colors_info= »{} » custom_padding__hover= »||| »][et_pb_text admin_label= »JNA 6eme édition » _builder_version= »4.10.7&Prime; background_size= »initial » background_position= »top_left » background_repeat= »repeat » hover_enabled= »0&Prime; global_colors_info= »{} » text_font= »Trebuchet|||||||| » text_orientation= »justified » sticky_enabled= »0&Prime;]</p>
<p style="text-align: center;"><span style="font-size: 18pt; color: #993366;"><strong>Journées Nationales de l&rsquo;Architecture</strong></span></p>
<p style="text-align: center;"><span style="font-size: 18pt; color: #993366;"><strong>15, 16 et 17 octobre 2021</strong></span></p>
<p style="text-align: justify;"><span style="color: #000000;">Depuis sa création en 2016, les <strong>JNA</strong> ont pour vocation d’initier à la découverte de l&rsquo;architecture, d’enrichir les connaissances et de donner les clés de compréhension d’un domaine majeur entre art et sciences qui façonne nos territoires.</span></p>
<p style="text-align: justify;"><span style="color: #000000;">S’intéresser à l’architecture, c’est se retrouver à la croisée d’une multitude de domaines : les sciences, les arts, l’histoire, la littérature, le développement durable. C’est l’occasion de proposer aux élèves des projets interdisciplinaires porteurs de sens.</span></p>
<p style="text-align: justify;"><span style="color: #000000;">Les <strong>Journées de l’architecture,</strong> qui fêtent leur <strong>6ème édition</strong> en 2021,sont ainsi l’occasion de mieux connaître cette discipline.</span></p>
<p style="text-align: justify;"><span style="color: #000000;">Les architectes, urbanistes, paysagistes, photographes… qui participent à ces journées nationales de l’architecture nous aident à justement exercer notre regard et celui de nos élèves.</span></p>
<p style="text-align: justify;"><span style="color: #000000;">L&rsquo;édition 2021 met à l&rsquo;honneur le «<i><b> Vivre ensemble </b></i>» : de quelle façon l’architecture peut-elle favoriser le vivre-ensemble dans des sociétés soumises à de nombreux défis et fragilisées par la crise sanitaire.<br /></span></p>
<p><span style="color: #000000;">Toutes les informations sur le site dédié : <a href="https://journeesarchitecture.culture.gouv.fr/" target="_blank" rel="noopener" style="color: #000000;">ici</a></span></p>
<p style="text-align: justify;">
<p style="text-align: justify;">[/et_pb_text][/et_pb_column][/et_pb_row][/et_pb_section]</p>

<p>&nbsp;Journées Nationales de l&rsquo;Architecture 15, 16 et 17 octobre 2021 Depuis sa création en 2016, les JNA ont pour vocation d’initier à la découverte de l&rsquo;architecture, d’enrichir les connaissances et de donner les clés de compréhension d’un domaine majeur entre art et sciences qui façonne nos territoires. S’intéresser à l’architecture, c’est se retrouver à la [&hellip;]</p>

<p align="center"><a href="https://www.pedagogie.ac-nice.fr/daac/wp-content/uploads/sites/37/2021/02/JNA.jpg"><img class="alignnone size-full wp-image-2302" src="https://www.pedagogie.ac-nice.fr/daac/wp-content/uploads/sites/37/2021/02/JNA.jpg" alt="" width="1900" height="1120"></a></p><p style="text-align: justify;">S’intéresser à l’architecture, c’est se retrouver à la croisée d’une multitude de domaines : les sciences, les arts, l’histoire, la littérature, le développement durable. C’est l’occasion de proposer aux élèves des projets interdisciplinaires porteurs de sens.</p><p style="text-align: justify;">Les <strong>Journées de l’architecture</strong> sont ainsi l’occasion de mieux connaître cette discipline.</p><p style="text-align: justify;">Les architectes, urbanistes, paysagistes, photographes… qui participent à ces journées nationales de l’architecture nous aident à justement exercer notre regard et celui de nos élèves.</p><p>L'édition 2020 mettait à l'honneur «<i><b> l’architecture du quotidien </b></i>», donnant ainsi la possibilité de se confronter à tous ces bâtiments que nous avons l’habitude de voir sans vraiment les regarder.</p><p><iframe src="https://livemap.getwemap.com/embed.html?emmid=14365&iframeid=36b8cf62-e699-4a0b-a3d9-92efd13b8889&token=at57cfe081f01e44.12599570" allowfullscreen="allowfullscreen" data-mce-fragment="1" width="100%" height="100%" frameborder="0"></iframe></p><p> </p><p>Toutes les informations pour la préparation de l'édition 2021</p><p style="text-align: center;"><a href="https://journeesarchitecture.culture.gouv.fr/" target="_blank" rel="noopener"><img class="alignnone size-full wp-image-1289" src="https://www.pedagogie.ac-nice.fr/daac/wp-content/uploads/sites/37/2020/11/cliquez_portail_savoirs.jpg" alt="clic noir" width="38" height="37"></a></p>

&nbsp;Journées Nationales de l'Architecture 15, 16 et 17 octobre 2021 Depuis sa création en 2016, les JNA ont pour vocation d’initier à la découverte de l'architecture, d’enrichir les connaissances et de donner les clés de compréhension d’un domaine majeur entre art et sciences qui façonne nos territoires. S’intéresser à l’architecture, c’est se retrouver à la…
