{"id":2877,"date":"2021-04-26T22:50:25","date_gmt":"2021-04-26T20:50:25","guid":{"rendered":"https:\/\/www.pedagogie.ac-nice.fr\/daac\/?page_id=2877"},"modified":"2021-05-16T00:05:21","modified_gmt":"2021-05-15T22:05:21","slug":"2877-2","status":"publish","type":"page","link":"https:\/\/www.pedagogie.ac-nice.fr\/daac\/2877-2\/","title":{"rendered":"Explorateur et citoyen des mers\u00a0: A l\u2019\u00e9coute des C\u00e9tac\u00e9s\u2026"},"content":{"rendered":"<p><img loading=\"lazy\" decoding=\"async\" class=\"alignnone size-medium wp-image-2875 aligncenter\" src=\"https:\/\/www.pedagogie.ac-nice.fr\/daac\/wp-content\/uploads\/sites\/37\/2021\/04\/photo_cst_Rostand-300x225.jpg\" alt=\"photographie prise dans le cadre de l'action citoyen des mers men\u00e9e au coll\u00e8ge Jean Rostand de Nice\" width=\"300\" height=\"225\" srcset=\"https:\/\/www.pedagogie.ac-nice.fr\/daac\/wp-content\/uploads\/sites\/37\/2021\/04\/photo_cst_Rostand-300x225.jpg 300w, https:\/\/www.pedagogie.ac-nice.fr\/daac\/wp-content\/uploads\/sites\/37\/2021\/04\/photo_cst_Rostand-768x576.jpg 768w, https:\/\/www.pedagogie.ac-nice.fr\/daac\/wp-content\/uploads\/sites\/37\/2021\/04\/photo_cst_Rostand.jpg 800w\" sizes=\"(max-width: 300px) 100vw, 300px\" \/><\/p>\n<p style=\"text-align: justify;\"><span style=\"color: #0000ff;\"><strong>Explorateur et citoyen des mers : A l\u2019\u00e9coute des C\u00e9tac\u00e9s\u2026<br \/>\n<\/strong><\/span><span style=\"color: #0000ff;\">Dans le cadre du dispositif acad\u00e9mique Culture scientifique de la DAAC, le dispositif \u00ab&nbsp;explorateur et citoyen des mers&nbsp;\u00bb est men\u00e9 en partenariat avec le Mus\u00e9e oc\u00e9anographique de Monaco et \u00ab&nbsp;<a style=\"color: #0000ff;\" href=\"https:\/\/www.monacoexplorations.org\/\">Les Explorations de Monaco<\/a>&nbsp;\u00bb. Ce dispositif a notamment pour objectif le d\u00e9veloppement de la culture scientifique chez les jeunes en facilitant les rencontres et le dialogue entre les \u00e9l\u00e8ves et les scientifiques, dans le cadre de projets p\u00e9dagogiques en lien avec la d\u00e9couverte du milieu oc\u00e9anique et de sa protection.<\/span><\/p>\n<p style=\"text-align: justify;\"><span style=\"color: #0000ff;\">St\u00e9phanie Brau, professeur de Fran\u00e7ais au coll\u00e8ge Rostand de Nice, a construit son projet en s\u2019appuyant sur le roman d&rsquo;Herman Melville, <em>Moby Dick<\/em> et la <a style=\"color: #0000ff;\" href=\"http:\/\/www.sphyrna-odyssey.com\/\">mission <em>Sphyrna Odyssey<\/em><\/a> (septembre 2019- Mars 2020) sous la forme d\u2019ateliers d\u2019\u00e9criture.<\/span><\/p>\n<p style=\"text-align: justify;\"><span style=\"color: #0000ff;\">Le 18 mars 2021, le professeur Herv\u00e9 Glotin (CNRD LIS DYNI, universit\u00e9 de Toulon) directeur scientifique de la <a style=\"color: #0000ff;\" href=\"http:\/\/www.sphyrna-odyssey.com\/\">mission <em>Sphyrna Odyssey<\/em><\/a>, a rencontr\u00e9 les \u00e9l\u00e8ves de cinqui\u00e8me impliqu\u00e9s dans ce projet, au sein du coll\u00e8ge et leur a pr\u00e9sent\u00e9 les premiers r\u00e9sultats scientifiques de la mission. Ils ont \u00e9cout\u00e9 avec attention la conf\u00e9rence, les enregistrements des C\u00e9tac\u00e9s et pos\u00e9 de nombreuses questions. Une autre classe de classe de troisi\u00e8me du coll\u00e8ge, travaillant actuellement sur l\u2019acoustique, a \u00e9galement b\u00e9n\u00e9fici\u00e9 de la pr\u00e9sence du professeur Glotin.<\/span><\/p>\n<p style=\"text-align: justify;\"><span style=\"color: #0000ff;\">Une visite au Mus\u00e9e oc\u00e9anographique est pr\u00e9vue avant la fin de l\u2019ann\u00e9e scolaire, pour participer au <a style=\"color: #0000ff;\" href=\"https:\/\/musee.oceano.org\/vous-etes-enseignant\/\">nouvel atelier<\/a> \u00ab&nbsp;les sons\u2026de mammif\u00e8res marins&nbsp;\u00bb propos\u00e9 par le service animations et \u00e9ducation du Mus\u00e9e, si les conditions sanitaires bien s\u00fbr le permettent.<\/span><\/p>\n<p><span style=\"color: #0000ff;\">Toutes les informations sur ce dispositif <a href=\"https:\/\/www.pedagogie.ac-nice.fr\/daac\/culture-scientifique\/explorateur-et-citoyen-des-mers\/\" target=\"_blank\" rel=\"noopener\"><img loading=\"lazy\" decoding=\"async\" class=\"alignnone wp-image-1380\" src=\"https:\/\/www.pedagogie.ac-nice.fr\/daac\/wp-content\/uploads\/sites\/37\/2020\/11\/clic_bleu.jpg\" alt=\"\" width=\"48\" height=\"42\"><\/a><\/span><\/p>\n","protected":false},"excerpt":{"rendered":"<p>Explorateur et citoyen des mers : A l\u2019\u00e9coute des C\u00e9tac\u00e9s\u2026 Dans le cadre du dispositif acad\u00e9mique Culture scientifique de la DAAC, le dispositif \u00ab&nbsp;explorateur et citoyen des mers&nbsp;\u00bb est men\u00e9 en partenariat avec le Mus\u00e9e oc\u00e9anographique de Monaco et \u00ab&nbsp;Les Explorations de Monaco&nbsp;\u00bb. Ce dispositif a notamment pour objectif le d\u00e9veloppement de la culture scientifique [&hellip;]<\/p>\n","protected":false},"author":241,"featured_media":0,"parent":0,"menu_order":0,"comment_status":"closed","ping_status":"closed","template":"","meta":{"_et_pb_use_builder":"","_et_pb_old_content":"","_et_gb_content_width":"","ngg_post_thumbnail":0,"footnotes":""},"class_list":["post-2877","page","type-page","status-publish","hentry"],"rttpg_featured_image_url":null,"rttpg_author":{"display_name":"daacadmin","author_link":"https:\/\/www.pedagogie.ac-nice.fr\/daac\/author\/daacadmin\/"},"rttpg_comment":0,"rttpg_category":null,"rttpg_excerpt":"Explorateur et citoyen des mers : A l\u2019\u00e9coute des C\u00e9tac\u00e9s\u2026 Dans le cadre du dispositif acad\u00e9mique Culture scientifique de la DAAC, le dispositif \u00ab&nbsp;explorateur et citoyen des mers&nbsp;\u00bb est men\u00e9 en partenariat avec le Mus\u00e9e oc\u00e9anographique de Monaco et \u00ab&nbsp;Les Explorations de Monaco&nbsp;\u00bb. Ce dispositif a notamment pour objectif le d\u00e9veloppement de la culture scientifique\u2026","post_mailing_queue_ids":[],"_links":{"self":[{"href":"https:\/\/www.pedagogie.ac-nice.fr\/daac\/wp-json\/wp\/v2\/pages\/2877","targetHints":{"allow":["GET"]}}],"collection":[{"href":"https:\/\/www.pedagogie.ac-nice.fr\/daac\/wp-json\/wp\/v2\/pages"}],"about":[{"href":"https:\/\/www.pedagogie.ac-nice.fr\/daac\/wp-json\/wp\/v2\/types\/page"}],"author":[{"embeddable":true,"href":"https:\/\/www.pedagogie.ac-nice.fr\/daac\/wp-json\/wp\/v2\/users\/241"}],"replies":[{"embeddable":true,"href":"https:\/\/www.pedagogie.ac-nice.fr\/daac\/wp-json\/wp\/v2\/comments?post=2877"}],"version-history":[{"count":4,"href":"https:\/\/www.pedagogie.ac-nice.fr\/daac\/wp-json\/wp\/v2\/pages\/2877\/revisions"}],"predecessor-version":[{"id":3245,"href":"https:\/\/www.pedagogie.ac-nice.fr\/daac\/wp-json\/wp\/v2\/pages\/2877\/revisions\/3245"}],"wp:attachment":[{"href":"https:\/\/www.pedagogie.ac-nice.fr\/daac\/wp-json\/wp\/v2\/media?parent=2877"}],"curies":[{"name":"wp","href":"https:\/\/api.w.org\/{rel}","templated":true}]}}

Explorateur et citoyen des mers : A l’écoute des Cétacés…

<p><img loading="lazy" decoding="async" class="alignnone size-medium wp-image-2875 aligncenter" src="https://www.pedagogie.ac-nice.fr/daac/wp-content/uploads/sites/37/2021/04/photo_cst_Rostand-300x225.jpg" alt="photographie prise dans le cadre de l'action citoyen des mers menée au collège Jean Rostand de Nice" width="300" height="225" srcset="https://www.pedagogie.ac-nice.fr/daac/wp-content/uploads/sites/37/2021/04/photo_cst_Rostand-300x225.jpg 300w, https://www.pedagogie.ac-nice.fr/daac/wp-content/uploads/sites/37/2021/04/photo_cst_Rostand-768x576.jpg 768w, https://www.pedagogie.ac-nice.fr/daac/wp-content/uploads/sites/37/2021/04/photo_cst_Rostand.jpg 800w" sizes="(max-width: 300px) 100vw, 300px" /></p>
<p style="text-align: justify;"><span style="color: #0000ff;"><strong>Explorateur et citoyen des mers : A l’écoute des Cétacés…<br />
</strong></span><span style="color: #0000ff;">Dans le cadre du dispositif académique Culture scientifique de la DAAC, le dispositif «&nbsp;explorateur et citoyen des mers&nbsp;» est mené en partenariat avec le Musée océanographique de Monaco et «&nbsp;<a style="color: #0000ff;" href="https://www.monacoexplorations.org/">Les Explorations de Monaco</a>&nbsp;». Ce dispositif a notamment pour objectif le développement de la culture scientifique chez les jeunes en facilitant les rencontres et le dialogue entre les élèves et les scientifiques, dans le cadre de projets pédagogiques en lien avec la découverte du milieu océanique et de sa protection.</span></p>
<p style="text-align: justify;"><span style="color: #0000ff;">Stéphanie Brau, professeur de Français au collège Rostand de Nice, a construit son projet en s’appuyant sur le roman d&rsquo;Herman Melville, <em>Moby Dick</em> et la <a style="color: #0000ff;" href="http://www.sphyrna-odyssey.com/">mission <em>Sphyrna Odyssey</em></a> (septembre 2019- Mars 2020) sous la forme d’ateliers d’écriture.</span></p>
<p style="text-align: justify;"><span style="color: #0000ff;">Le 18 mars 2021, le professeur Hervé Glotin (CNRD LIS DYNI, université de Toulon) directeur scientifique de la <a style="color: #0000ff;" href="http://www.sphyrna-odyssey.com/">mission <em>Sphyrna Odyssey</em></a>, a rencontré les élèves de cinquième impliqués dans ce projet, au sein du collège et leur a présenté les premiers résultats scientifiques de la mission. Ils ont écouté avec attention la conférence, les enregistrements des Cétacés et posé de nombreuses questions. Une autre classe de classe de troisième du collège, travaillant actuellement sur l’acoustique, a également bénéficié de la présence du professeur Glotin.</span></p>
<p style="text-align: justify;"><span style="color: #0000ff;">Une visite au Musée océanographique est prévue avant la fin de l’année scolaire, pour participer au <a style="color: #0000ff;" href="https://musee.oceano.org/vous-etes-enseignant/">nouvel atelier</a> «&nbsp;les sons…de mammifères marins&nbsp;» proposé par le service animations et éducation du Musée, si les conditions sanitaires bien sûr le permettent.</span></p>
<p><span style="color: #0000ff;">Toutes les informations sur ce dispositif <a href="https://www.pedagogie.ac-nice.fr/daac/culture-scientifique/explorateur-et-citoyen-des-mers/" target="_blank" rel="noopener"><img loading="lazy" decoding="async" class="alignnone wp-image-1380" src="https://www.pedagogie.ac-nice.fr/daac/wp-content/uploads/sites/37/2020/11/clic_bleu.jpg" alt="" width="48" height="42"></a></span></p>

<p>Explorateur et citoyen des mers : A l’écoute des Cétacés… Dans le cadre du dispositif académique Culture scientifique de la DAAC, le dispositif «&nbsp;explorateur et citoyen des mers&nbsp;» est mené en partenariat avec le Musée océanographique de Monaco et «&nbsp;Les Explorations de Monaco&nbsp;». Ce dispositif a notamment pour objectif le développement de la culture scientifique [&hellip;]</p>

Explorateur et citoyen des mers : A l’écoute des Cétacés… Dans le cadre du dispositif académique Culture scientifique de la DAAC, le dispositif «&nbsp;explorateur et citoyen des mers&nbsp;» est mené en partenariat avec le Musée océanographique de Monaco et «&nbsp;Les Explorations de Monaco&nbsp;». Ce dispositif a notamment pour objectif le développement de la culture scientifique…
