{"id":3011,"date":"2021-05-03T21:35:34","date_gmt":"2021-05-03T19:35:34","guid":{"rendered":"https:\/\/www.pedagogie.ac-nice.fr\/daac\/?page_id=3011"},"modified":"2021-11-08T21:31:01","modified_gmt":"2021-11-08T20:31:01","slug":"festival-des-courts-metrages-frejus","status":"publish","type":"page","link":"https:\/\/www.pedagogie.ac-nice.fr\/daac\/festival-des-courts-metrages-frejus\/","title":{"rendered":"Festival des courts-m\u00e9trages (Fr\u00e9jus)"},"content":{"rendered":"<p>[et_pb_section fb_built=\u00a0\u00bb1&Prime; _builder_version=\u00a0\u00bb4.10.7&Prime; _module_preset=\u00a0\u00bbdefault\u00a0\u00bb global_colors_info=\u00a0\u00bb{}\u00a0\u00bb][et_pb_row column_structure=\u00a0\u00bb2_5,3_5&Prime; _builder_version=\u00a0\u00bb4.10.7&Prime; _module_preset=\u00a0\u00bbdefault\u00a0\u00bb global_colors_info=\u00a0\u00bb{}\u00a0\u00bb][et_pb_column type=\u00a0\u00bb2_5&Prime; _builder_version=\u00a0\u00bb4.10.7&Prime; _module_preset=\u00a0\u00bbdefault\u00a0\u00bb global_colors_info=\u00a0\u00bb{}\u00a0\u00bb][et_pb_text admin_label=\u00a0\u00bblogo cinema\u00a0\u00bb _builder_version=\u00a0\u00bb4.10.7&Prime; _module_preset=\u00a0\u00bbdefault\u00a0\u00bb global_colors_info=\u00a0\u00bb{}\u00a0\u00bb]<\/p>\n<p><a href=\"https:\/\/www.pedagogie.ac-nice.fr\/daac\/pole_cinema_2021\/\" target=\"_blank\" rel=\"noopener\"><img loading=\"lazy\" decoding=\"async\" class=\"aligncenter wp-image-5920 size-medium\" src=\"https:\/\/www.pedagogie.ac-nice.fr\/daac\/wp-content\/uploads\/sites\/37\/2021\/09\/cinema-300x183.png\" alt=\"\" width=\"300\" height=\"183\" srcset=\"https:\/\/www.pedagogie.ac-nice.fr\/daac\/wp-content\/uploads\/sites\/37\/2021\/09\/cinema-300x183.png 300w, https:\/\/www.pedagogie.ac-nice.fr\/daac\/wp-content\/uploads\/sites\/37\/2021\/09\/cinema.png 349w\" sizes=\"(max-width: 300px) 100vw, 300px\" \/><\/a><\/p>\n<p>[\/et_pb_text][et_pb_divider _builder_version=\u00a0\u00bb4.10.7&Prime; _module_preset=\u00a0\u00bbdefault\u00a0\u00bb custom_margin=\u00a0\u00bb-18px|||||\u00a0\u00bb global_colors_info=\u00a0\u00bb{}\u00a0\u00bb][\/et_pb_divider][et_pb_text admin_label=\u00a0\u00bblogo cinema\u00a0\u00bb _builder_version=\u00a0\u00bb4.10.7&Prime; _module_preset=\u00a0\u00bbdefault\u00a0\u00bb custom_margin=\u00a0\u00bb-35px|||||\u00a0\u00bb global_colors_info=\u00a0\u00bb{}\u00a0\u00bb]<\/p>\n<p style=\"text-align: center;\"><img loading=\"lazy\" decoding=\"async\" class=\"alignnone size-medium wp-image-9055\" src=\"https:\/\/www.pedagogie.ac-nice.fr\/daac\/wp-content\/uploads\/sites\/37\/2021\/11\/logo_frejus-226x300.png\" alt=\"\" width=\"226\" height=\"300\" srcset=\"https:\/\/www.pedagogie.ac-nice.fr\/daac\/wp-content\/uploads\/sites\/37\/2021\/11\/logo_frejus-226x300.png 226w, https:\/\/www.pedagogie.ac-nice.fr\/daac\/wp-content\/uploads\/sites\/37\/2021\/11\/logo_frejus.png 273w\" sizes=\"(max-width: 226px) 100vw, 226px\" \/><\/p>\n<p>[\/et_pb_text][et_pb_divider _builder_version=\u00a0\u00bb4.10.7&Prime; _module_preset=\u00a0\u00bbdefault\u00a0\u00bb custom_margin=\u00a0\u00bb-36px|||||\u00a0\u00bb global_colors_info=\u00a0\u00bb{}\u00a0\u00bb][\/et_pb_divider][et_pb_text admin_label=\u00a0\u00bbinscription\u00a0\u00bb _builder_version=\u00a0\u00bb4.10.7&Prime; _module_preset=\u00a0\u00bbdefault\u00a0\u00bb custom_margin=\u00a0\u00bb-29px|||||\u00a0\u00bb hover_enabled=\u00a0\u00bb0&Prime; global_colors_info=\u00a0\u00bb{}\u00a0\u00bb sticky_enabled=\u00a0\u00bb0&Prime;]<\/p>\n<p style=\"text-align: center;\"><span style=\"color: #0000ff;\">Informations compl\u00e8tes et inscriptions<\/span><a href=\"https:\/\/www.pedagogie.ac-nice.fr\/daac\/wp-content\/uploads\/sites\/37\/2021\/11\/fiche-inscription-festival-fre\u0301jus.pdf\" target=\"_blank\" rel=\"noopener\"><img loading=\"lazy\" decoding=\"async\" class=\"aligncenter wp-image-3143\" src=\"https:\/\/www.pedagogie.ac-nice.fr\/daac\/wp-content\/uploads\/sites\/37\/2021\/05\/inscription_freepik2-268x300.png\" alt=\"\" width=\"190\" height=\"213\" srcset=\"https:\/\/www.pedagogie.ac-nice.fr\/daac\/wp-content\/uploads\/sites\/37\/2021\/05\/inscription_freepik2-268x300.png 268w, https:\/\/www.pedagogie.ac-nice.fr\/daac\/wp-content\/uploads\/sites\/37\/2021\/05\/inscription_freepik2.png 306w\" sizes=\"(max-width: 190px) 100vw, 190px\" \/><\/a><\/p>\n<p>[\/et_pb_text][\/et_pb_column][et_pb_column type=\u00a0\u00bb3_5&Prime; _builder_version=\u00a0\u00bb4.10.7&Prime; _module_preset=\u00a0\u00bbdefault\u00a0\u00bb global_colors_info=\u00a0\u00bb{}\u00a0\u00bb][et_pb_text _builder_version=\u00a0\u00bb4.10.7&Prime; _module_preset=\u00a0\u00bbdefault\u00a0\u00bb hover_enabled=\u00a0\u00bb0&Prime; global_colors_info=\u00a0\u00bb{}\u00a0\u00bb sticky_enabled=\u00a0\u00bb0&Prime;]<\/p>\n<p style=\"text-align: center;\"><span style=\"color: #ff00ff; font-size: 14pt;\"><strong>25\u00b0 Festival du Court-M\u00e9trage de Fr\u00e9jus<\/strong><\/span><\/p>\n<p style=\"text-align: justify;\"><span style=\"color: #0000ff;\">L\u2019ann\u00e9e derni\u00e8re, la crise sanitaire nous a conduit \u00e0 proposer un festival du court-m\u00e9trage de Fr\u00e9jus en version \u00ab&nbsp;Hors les murs&nbsp;\u00bb, et ce sur tous les \u00e9tablissements de l\u2019acad\u00e9mie. <\/span><br \/><span style=\"color: #0000ff;\">Ce fut un r\u00e9el succ\u00e8s car 15 \u00e9tablissements et 1200 \u00e9l\u00e8ves y ont pris part, donnant une tr\u00e8s belle visibilit\u00e9 \u00e0 ce festival du court-m\u00e9trage et un acc\u00e8s de qualit\u00e9 \u00e0 la culture \u00e0 nos \u00e9l\u00e8ves, dans une p\u00e9riode plus que morose et o\u00f9 tous les acc\u00e8s culturels se trouvaient restreints.<\/span><\/p>\n<p style=\"text-align: justify;\"><span style=\"color: #0000ff;\">Les derni\u00e8res \u00e9volutions des protocoles sanitaires et la volont\u00e9 de la mairie de Fr\u00e9jus nous permettent cette ann\u00e9e de mener deux versions de ce festival \u00e0 la fois&nbsp;:<br \/><\/span><span style=\"color: #0000ff;\">&#8211; La version traditionnelle au th\u00e9\u00e2tre du Forum de Fr\u00e9jus ;<br \/><\/span><span style=\"color: #0000ff;\">&#8211; La version \u00ab Hors les murs \u00bb pour les \u00e9tablissements \u00e9loign\u00e9s qui veulent participer.<\/span><\/p>\n<p style=\"text-align: justify;\"><span style=\"color: #0000ff;\">Dans la fiche d\u2019inscription, il faudra donc choisir la version \u00e0 laquelle vous voulez participer. Les \u00e9tablissements proches et pouvant se d\u00e9placer sont fortement invit\u00e9s \u00e0 participer en pr\u00e9sentiel au festival.<\/span><\/p>\n<p style=\"text-align: center;\"><strong><span style=\"color: #ff00ff;\">Les inscriptions sont ouvertes jusqu&rsquo;au 18 d\u00e9cembre 2021.<\/span><\/strong><\/p>\n<p style=\"text-align: justify;\" align=\"justify\"><span style=\"color: #0000ff;\">L\u2019autre nouveaut\u00e9 de cette \u00e9dition est l\u2019apparition d\u2019une <strong>s\u00e9lection \u00ab&nbsp;Animation&nbsp;\u00bb<\/strong>. Cette s\u00e9lection est <strong>plus adapt\u00e9e aux \u00e9l\u00e8ves de 6\u00b0 et de 5\u00b0<\/strong>, contrairement \u00e0 la s\u00e9lection habituelle de court-m\u00e9trage de fiction, qui est elle destin\u00e9e aux classes de 4\u00b0, 3\u00b0 et lyc\u00e9ens.<br \/>Cette nouvelle s\u00e9lection sera projet\u00e9e au cin\u00e9ma \u00ab&nbsp;Le Vox&nbsp;\u00bb, <strong><span style=\"color: #ff00ff;\">le mardi 18 janvier 2022<\/span><\/strong>, lors de deux s\u00e9ances <strong><span style=\"color: #ff00ff;\">(9h \u00e0 10h et 10h30 \u00e0 11h30)<\/span><\/strong>.<br \/>La <strong>s\u00e9lection \u00ab&nbsp;Fiction&nbsp;\u00bb<\/strong> sera quant \u00e0 elle diffus\u00e9e le <strong><span style=\"color: #ff00ff;\">vendredi 21 janvier 2021<\/span> <\/strong>pour deux s\u00e9ances <strong><span style=\"color: #ff00ff;\">(8h30 \u00e0 10h30 et 10h45 \u00e0 12h45)<\/span><\/strong> au th\u00e9\u00e2tre du Forum de Fr\u00e9jus.<\/span><\/p>\n<p><strong><span style=\"color: #0000ff;\">Les informations compl\u00e8tes ici :<\/span><\/strong><\/p>\n<p><strong><span style=\"color: #0000ff;\"><a href=\"https:\/\/www.pedagogie.ac-nice.fr\/daac\/wp-content\/uploads\/sites\/37\/2021\/11\/mail-etablissments-festival-frejus.pdf\" target=\"_blank\" rel=\"noopener\"><img loading=\"lazy\" decoding=\"async\" class=\"alignnone wp-image-8886\" src=\"https:\/\/www.pedagogie.ac-nice.fr\/daac\/wp-content\/uploads\/sites\/37\/2021\/11\/programme.jpg\" alt=\"\" width=\"96\" height=\"97\" srcset=\"https:\/\/www.pedagogie.ac-nice.fr\/daac\/wp-content\/uploads\/sites\/37\/2021\/11\/programme.jpg 226w, https:\/\/www.pedagogie.ac-nice.fr\/daac\/wp-content\/uploads\/sites\/37\/2021\/11\/programme-150x150.jpg 150w\" sizes=\"(max-width: 96px) 100vw, 96px\" \/><\/a><\/span> <\/strong><\/p>\n<p><strong><span style=\"color: #0000ff;\">Charg\u00e9 de mission DAAC :<\/span><\/strong><br \/><span style=\"color: #0000ff;\"> S\u00e9bastien Lambert&nbsp; &#8211; <a style=\"color: #0000ff;\" title=\"Composer un message \u00e0 sebastien.lambert@ac-nice.fr\">sebastien.lambert@ac-nice.fr<\/a><\/span><\/p>\n<p>[\/et_pb_text][\/et_pb_column][\/et_pb_row][\/et_pb_section]<\/p>\n","protected":false},"excerpt":{"rendered":"<p>Informations compl\u00e8tes et inscriptions25\u00b0 Festival du Court-M\u00e9trage de Fr\u00e9jus L\u2019ann\u00e9e derni\u00e8re, la crise sanitaire nous a conduit \u00e0 proposer un festival du court-m\u00e9trage de Fr\u00e9jus en version \u00ab&nbsp;Hors les murs&nbsp;\u00bb, et ce sur tous les \u00e9tablissements de l\u2019acad\u00e9mie. Ce fut un r\u00e9el succ\u00e8s car 15 \u00e9tablissements et 1200 \u00e9l\u00e8ves y ont pris part, donnant une [&hellip;]<\/p>\n","protected":false},"author":241,"featured_media":0,"parent":0,"menu_order":0,"comment_status":"closed","ping_status":"closed","template":"","meta":{"_et_pb_use_builder":"on","_et_pb_old_content":"<p style=\"text-align: justify;\"><strong><img class=\"wp-image-3012 aligncenter\" src=\"https:\/\/www.pedagogie.ac-nice.fr\/daac\/wp-content\/uploads\/sites\/37\/2021\/05\/festival_court_metrage.png\" alt=\"\" width=\"202\" height=\"293\"><br>Le Festival des courts-m\u00e9trages<\/strong> de Fr\u00e9jus aura lieu Hors-les-Murs pour le public scolaire cette ann\u00e9e.<\/p><p style=\"text-align: justify;\">Les \u00e9tablissements inscrits ont jusqu'au 12 juin pour faire remonter leurs votes aupr\u00e8s de S\u00e9bastien Lambert (<a title=\"Composer un message \u00e0 sebastien.lambert@ac-nice.fr\">sebastien.lambert@ac-nice.fr<\/a>).<br>19 \u00e9tablissements et pr\u00e8s de 1200 \u00e9l\u00e8ves de l'acad\u00e9mie y participent.<\/p><p><strong>La remise du prix aura lieu en s\u00e9ance publique le vendredi 2 juillet \u00e0 20h30 au Th\u00e9\u00e2tre Romain de Fr\u00e9jus.<\/strong><\/p>","_et_gb_content_width":"","ngg_post_thumbnail":0,"footnotes":""},"class_list":["post-3011","page","type-page","status-publish","hentry"],"rttpg_featured_image_url":null,"rttpg_author":{"display_name":"daacadmin","author_link":"https:\/\/www.pedagogie.ac-nice.fr\/daac\/author\/daacadmin\/"},"rttpg_comment":0,"rttpg_category":null,"rttpg_excerpt":"Informations compl\u00e8tes et inscriptions25\u00b0 Festival du Court-M\u00e9trage de Fr\u00e9jus L\u2019ann\u00e9e derni\u00e8re, la crise sanitaire nous a conduit \u00e0 proposer un festival du court-m\u00e9trage de Fr\u00e9jus en version \u00ab&nbsp;Hors les murs&nbsp;\u00bb, et ce sur tous les \u00e9tablissements de l\u2019acad\u00e9mie. Ce fut un r\u00e9el succ\u00e8s car 15 \u00e9tablissements et 1200 \u00e9l\u00e8ves y ont pris part, donnant une\u2026","post_mailing_queue_ids":[],"_links":{"self":[{"href":"https:\/\/www.pedagogie.ac-nice.fr\/daac\/wp-json\/wp\/v2\/pages\/3011","targetHints":{"allow":["GET"]}}],"collection":[{"href":"https:\/\/www.pedagogie.ac-nice.fr\/daac\/wp-json\/wp\/v2\/pages"}],"about":[{"href":"https:\/\/www.pedagogie.ac-nice.fr\/daac\/wp-json\/wp\/v2\/types\/page"}],"author":[{"embeddable":true,"href":"https:\/\/www.pedagogie.ac-nice.fr\/daac\/wp-json\/wp\/v2\/users\/241"}],"replies":[{"embeddable":true,"href":"https:\/\/www.pedagogie.ac-nice.fr\/daac\/wp-json\/wp\/v2\/comments?post=3011"}],"version-history":[{"count":10,"href":"https:\/\/www.pedagogie.ac-nice.fr\/daac\/wp-json\/wp\/v2\/pages\/3011\/revisions"}],"predecessor-version":[{"id":9078,"href":"https:\/\/www.pedagogie.ac-nice.fr\/daac\/wp-json\/wp\/v2\/pages\/3011\/revisions\/9078"}],"wp:attachment":[{"href":"https:\/\/www.pedagogie.ac-nice.fr\/daac\/wp-json\/wp\/v2\/media?parent=3011"}],"curies":[{"name":"wp","href":"https:\/\/api.w.org\/{rel}","templated":true}]}}

Festival des courts-métrages (Fréjus)

<p>[et_pb_section fb_built= »1&Prime; _builder_version= »4.10.7&Prime; _module_preset= »default » global_colors_info= »{} »][et_pb_row column_structure= »2_5,3_5&Prime; _builder_version= »4.10.7&Prime; _module_preset= »default » global_colors_info= »{} »][et_pb_column type= »2_5&Prime; _builder_version= »4.10.7&Prime; _module_preset= »default » global_colors_info= »{} »][et_pb_text admin_label= »logo cinema » _builder_version= »4.10.7&Prime; _module_preset= »default » global_colors_info= »{} »]</p>
<p><a href="https://www.pedagogie.ac-nice.fr/daac/pole_cinema_2021/" target="_blank" rel="noopener"><img loading="lazy" decoding="async" class="aligncenter wp-image-5920 size-medium" src="https://www.pedagogie.ac-nice.fr/daac/wp-content/uploads/sites/37/2021/09/cinema-300x183.png" alt="" width="300" height="183" srcset="https://www.pedagogie.ac-nice.fr/daac/wp-content/uploads/sites/37/2021/09/cinema-300x183.png 300w, https://www.pedagogie.ac-nice.fr/daac/wp-content/uploads/sites/37/2021/09/cinema.png 349w" sizes="(max-width: 300px) 100vw, 300px" /></a></p>
<p>[/et_pb_text][et_pb_divider _builder_version= »4.10.7&Prime; _module_preset= »default » custom_margin= »-18px||||| » global_colors_info= »{} »][/et_pb_divider][et_pb_text admin_label= »logo cinema » _builder_version= »4.10.7&Prime; _module_preset= »default » custom_margin= »-35px||||| » global_colors_info= »{} »]</p>
<p style="text-align: center;"><img loading="lazy" decoding="async" class="alignnone size-medium wp-image-9055" src="https://www.pedagogie.ac-nice.fr/daac/wp-content/uploads/sites/37/2021/11/logo_frejus-226x300.png" alt="" width="226" height="300" srcset="https://www.pedagogie.ac-nice.fr/daac/wp-content/uploads/sites/37/2021/11/logo_frejus-226x300.png 226w, https://www.pedagogie.ac-nice.fr/daac/wp-content/uploads/sites/37/2021/11/logo_frejus.png 273w" sizes="(max-width: 226px) 100vw, 226px" /></p>
<p>[/et_pb_text][et_pb_divider _builder_version= »4.10.7&Prime; _module_preset= »default » custom_margin= »-36px||||| » global_colors_info= »{} »][/et_pb_divider][et_pb_text admin_label= »inscription » _builder_version= »4.10.7&Prime; _module_preset= »default » custom_margin= »-29px||||| » hover_enabled= »0&Prime; global_colors_info= »{} » sticky_enabled= »0&Prime;]</p>
<p style="text-align: center;"><span style="color: #0000ff;">Informations complètes et inscriptions</span><a href="https://www.pedagogie.ac-nice.fr/daac/wp-content/uploads/sites/37/2021/11/fiche-inscription-festival-fréjus.pdf" target="_blank" rel="noopener"><img loading="lazy" decoding="async" class="aligncenter wp-image-3143" src="https://www.pedagogie.ac-nice.fr/daac/wp-content/uploads/sites/37/2021/05/inscription_freepik2-268x300.png" alt="" width="190" height="213" srcset="https://www.pedagogie.ac-nice.fr/daac/wp-content/uploads/sites/37/2021/05/inscription_freepik2-268x300.png 268w, https://www.pedagogie.ac-nice.fr/daac/wp-content/uploads/sites/37/2021/05/inscription_freepik2.png 306w" sizes="(max-width: 190px) 100vw, 190px" /></a></p>
<p>[/et_pb_text][/et_pb_column][et_pb_column type= »3_5&Prime; _builder_version= »4.10.7&Prime; _module_preset= »default » global_colors_info= »{} »][et_pb_text _builder_version= »4.10.7&Prime; _module_preset= »default » hover_enabled= »0&Prime; global_colors_info= »{} » sticky_enabled= »0&Prime;]</p>
<p style="text-align: center;"><span style="color: #ff00ff; font-size: 14pt;"><strong>25° Festival du Court-Métrage de Fréjus</strong></span></p>
<p style="text-align: justify;"><span style="color: #0000ff;">L’année dernière, la crise sanitaire nous a conduit à proposer un festival du court-métrage de Fréjus en version «&nbsp;Hors les murs&nbsp;», et ce sur tous les établissements de l’académie. </span><br /><span style="color: #0000ff;">Ce fut un réel succès car 15 établissements et 1200 élèves y ont pris part, donnant une très belle visibilité à ce festival du court-métrage et un accès de qualité à la culture à nos élèves, dans une période plus que morose et où tous les accès culturels se trouvaient restreints.</span></p>
<p style="text-align: justify;"><span style="color: #0000ff;">Les dernières évolutions des protocoles sanitaires et la volonté de la mairie de Fréjus nous permettent cette année de mener deux versions de ce festival à la fois&nbsp;:<br /></span><span style="color: #0000ff;">&#8211; La version traditionnelle au théâtre du Forum de Fréjus ;<br /></span><span style="color: #0000ff;">&#8211; La version « Hors les murs » pour les établissements éloignés qui veulent participer.</span></p>
<p style="text-align: justify;"><span style="color: #0000ff;">Dans la fiche d’inscription, il faudra donc choisir la version à laquelle vous voulez participer. Les établissements proches et pouvant se déplacer sont fortement invités à participer en présentiel au festival.</span></p>
<p style="text-align: center;"><strong><span style="color: #ff00ff;">Les inscriptions sont ouvertes jusqu&rsquo;au 18 décembre 2021.</span></strong></p>
<p style="text-align: justify;" align="justify"><span style="color: #0000ff;">L’autre nouveauté de cette édition est l’apparition d’une <strong>sélection «&nbsp;Animation&nbsp;»</strong>. Cette sélection est <strong>plus adaptée aux élèves de 6° et de 5°</strong>, contrairement à la sélection habituelle de court-métrage de fiction, qui est elle destinée aux classes de 4°, 3° et lycéens.<br />Cette nouvelle sélection sera projetée au cinéma «&nbsp;Le Vox&nbsp;», <strong><span style="color: #ff00ff;">le mardi 18 janvier 2022</span></strong>, lors de deux séances <strong><span style="color: #ff00ff;">(9h à 10h et 10h30 à 11h30)</span></strong>.<br />La <strong>sélection «&nbsp;Fiction&nbsp;»</strong> sera quant à elle diffusée le <strong><span style="color: #ff00ff;">vendredi 21 janvier 2021</span> </strong>pour deux séances <strong><span style="color: #ff00ff;">(8h30 à 10h30 et 10h45 à 12h45)</span></strong> au théâtre du Forum de Fréjus.</span></p>
<p><strong><span style="color: #0000ff;">Les informations complètes ici :</span></strong></p>
<p><strong><span style="color: #0000ff;"><a href="https://www.pedagogie.ac-nice.fr/daac/wp-content/uploads/sites/37/2021/11/mail-etablissments-festival-frejus.pdf" target="_blank" rel="noopener"><img loading="lazy" decoding="async" class="alignnone wp-image-8886" src="https://www.pedagogie.ac-nice.fr/daac/wp-content/uploads/sites/37/2021/11/programme.jpg" alt="" width="96" height="97" srcset="https://www.pedagogie.ac-nice.fr/daac/wp-content/uploads/sites/37/2021/11/programme.jpg 226w, https://www.pedagogie.ac-nice.fr/daac/wp-content/uploads/sites/37/2021/11/programme-150x150.jpg 150w" sizes="(max-width: 96px) 100vw, 96px" /></a></span> </strong></p>
<p><strong><span style="color: #0000ff;">Chargé de mission DAAC :</span></strong><br /><span style="color: #0000ff;"> Sébastien Lambert&nbsp; &#8211; <a style="color: #0000ff;" title="Composer un message à sebastien.lambert@ac-nice.fr">sebastien.lambert@ac-nice.fr</a></span></p>
<p>[/et_pb_text][/et_pb_column][/et_pb_row][/et_pb_section]</p>

<p>Informations complètes et inscriptions25° Festival du Court-Métrage de Fréjus L’année dernière, la crise sanitaire nous a conduit à proposer un festival du court-métrage de Fréjus en version «&nbsp;Hors les murs&nbsp;», et ce sur tous les établissements de l’académie. Ce fut un réel succès car 15 établissements et 1200 élèves y ont pris part, donnant une [&hellip;]</p>

<p style="text-align: justify;"><strong><img class="wp-image-3012 aligncenter" src="https://www.pedagogie.ac-nice.fr/daac/wp-content/uploads/sites/37/2021/05/festival_court_metrage.png" alt="" width="202" height="293"><br>Le Festival des courts-métrages</strong> de Fréjus aura lieu Hors-les-Murs pour le public scolaire cette année.</p><p style="text-align: justify;">Les établissements inscrits ont jusqu'au 12 juin pour faire remonter leurs votes auprès de Sébastien Lambert (<a title="Composer un message à sebastien.lambert@ac-nice.fr">sebastien.lambert@ac-nice.fr</a>).<br>19 établissements et près de 1200 élèves de l'académie y participent.</p><p><strong>La remise du prix aura lieu en séance publique le vendredi 2 juillet à 20h30 au Théâtre Romain de Fréjus.</strong></p>

Informations complètes et inscriptions25° Festival du Court-Métrage de Fréjus L’année dernière, la crise sanitaire nous a conduit à proposer un festival du court-métrage de Fréjus en version «&nbsp;Hors les murs&nbsp;», et ce sur tous les établissements de l’académie. Ce fut un réel succès car 15 établissements et 1200 élèves y ont pris part, donnant une…
