{"id":3017,"date":"2021-05-03T21:44:36","date_gmt":"2021-05-03T19:44:36","guid":{"rendered":"https:\/\/www.pedagogie.ac-nice.fr\/daac\/?page_id=3017"},"modified":"2021-05-04T23:00:32","modified_gmt":"2021-05-04T21:00:32","slug":"danse-a-lopera","status":"publish","type":"page","link":"https:\/\/www.pedagogie.ac-nice.fr\/daac\/les-domaines-de-leac\/arts-du-spectacle-vivant\/danse-a-lopera\/","title":{"rendered":"Danse \u00e0 l&rsquo;op\u00e9ra"},"content":{"rendered":"<p class=\"western\" align=\"center\"><span style=\"color: #0070c0;\"><span style=\"font-family: Open Sans, serif;\"><span style=\"font-size: x-large;\"><i><b>\u00ab&nbsp;Danse \u00e0 l&rsquo;Op\u00e9ra<\/b><\/i><\/span><\/span><\/span><span style=\"color: #0070c0;\"><span style=\"font-family: Open Sans, serif;\"><span style=\"font-size: x-large;\"><b>&nbsp;\u00bb<\/b><\/span><\/span><\/span><\/p>\n<p class=\"western\" align=\"center\"><span style=\"color: #0070c0;\"> <span style=\"font-family: Open Sans, serif;\"><span style=\"font-size: large;\"><b>Th\u00e9matique 2021<\/b><\/span><\/span><\/span><b> <\/b><span style=\"color: #0070c0;\"><span style=\"font-family: Open Sans, serif;\"><span style=\"font-size: large;\"><b>: <\/b><\/span><\/span><\/span><span style=\"color: #0070c0;\"><span style=\"font-family: Open Sans, serif;\"><span style=\"font-size: large;\"><b>\u00ab\u00a0<\/b><\/span><\/span><\/span><span style=\"color: #0070c0;\"><span style=\"font-family: Open Sans, serif;\"><span style=\"font-size: large;\"><i><b>Tout va vite, tr\u00e8s vite, trop vite&nbsp;! <\/b><\/i><\/span><\/span><\/span><span style=\"color: #0070c0;\"><span style=\"font-family: Open Sans, serif;\"><span style=\"font-size: large;\"><b>\u00ab\u00a0<\/b><\/span><\/span><\/span><\/p>\n<p class=\"western\" align=\"center\"><i>Responsable du projet EAC Marlene KOHLER, professeur EPS au Lyc\u00e9e Dumont d&rsquo;Urville, charg\u00e9e de mission DAAC \u00e0 l\u2019Op\u00e9ra de Toulon, acad\u00e9mie de Nice.<\/i><\/p>\n<p class=\"western\" align=\"justify\">Equipe de travail sur les secondes Mme Paredes Elodie Professeur d\u2019Histoire G\u00e9ographie, Charg\u00e9e de mission DAAC Patrimoine, Mme Spano Sophie et Mme Goncalves Sabine Professeurs de Lettres.<\/p>\n<p class=\"western\" align=\"justify\">Equipe de Travail terminales compl\u00e9mentaires Mme Blitz Anne- Marie Professeur de Philosophie.<\/p>\n<p class=\"western\" align=\"justify\">Equipe de Travail en EPS Mme Farizon C\u00e9cile sur les classes de secondes.<\/p>\n<p style=\"padding-left: 120px;\" align=\"justify\"><object width=\"300\" height=\"250\"><param name=\"movie\" value=\"https:\/\/acamedia.ac-nice.fr\/v2\/player\/embed_player.php?vid=6798\"><param name=\"allowFullScreen\" value=\"true\"><param name=\"allowscriptaccess\" value=\"always\"><embed src=\"https:\/\/acamedia.ac-nice.fr\/v2\/player\/embed_player.php?vid=6798\" type=\"application\/x-shockwave-flash\" allowscriptaccess=\"always\" allowfullscreen=\"allowfullscreen\" width=\"300\" height=\"250\"><\/object><\/p>\n<p class=\"western\" align=\"justify\">Le projet consiste \u00e0 r\u00e9aliser <b>un spectacle vivant \u00e0 l&rsquo;op\u00e9ra de Toulon<\/b> autour duquel s&rsquo;articulent plusieurs productions : cr\u00e9ation de chor\u00e9graphies et d\u00e9cors num\u00e9riques, \u00e9dition d&rsquo;un livret d&rsquo;art, exposition photos des \u00e9l\u00e8ves dans le Hall de l\u2019Op\u00e9ra de Toulon. C&rsquo;est un projet interdisciplinaire et inter \u00e9tablissement au service de la formation artistique des \u00e9l\u00e8ves. Six classes sont concern\u00e9es, trois classes de secondes, une classe de terminale option EPS et deux classes de terminales menu danse au BAC. Il se veut une ouverture culturelle, une construction collective et collaborative de comp\u00e9tences transversales et disciplinaires.<\/p>\n<p align=\"justify\">Le contexte sanitaire a fait revoir notre projet au minimum, pas de collaboration avec les autres \u00e9tablissements, pas de spectacle \u00e0 l\u2019op\u00e9ra ferm\u00e9 depuis le mois de novembre, pas de cr\u00e9ations num\u00e9riques avec le lyc\u00e9e professionnel du Golf h\u00f4tel de Hy\u00e8res, pas de photos avec les \u00e9l\u00e8ves du lyc\u00e9e professionnel de Cisson, aucune sortie \u00e0 l\u2019ext\u00e9rieur vers un lieu culturel, la seule possibilit\u00e9 a \u00e9t\u00e9 de faire venir un professionnel de la culture.<\/p>\n<p class=\"western\" align=\"justify\">Ainsi apr\u00e8s un travail th\u00e9orique sur la th\u00e9matique dans l\u2019ensemble des disciplines philosophie, histoire, EMC, litt\u00e9rature et une formation artistique en danse en EPS avec l\u2019aide d\u2019un chor\u00e9graphe, nous avons pu r\u00e9aliser une formation artistique, les \u00e9l\u00e8ves se sont engag\u00e9s physiquement pour produire des ballets qui refl\u00e8tent leur prise de position sur le sujet et nous avons pu r\u00e9aliser le film de leur production qui synth\u00e9tise tout ce travail dans le cadre de notre lyc\u00e9e sur le stade d\u2019athl\u00e9tisme du lyc\u00e9e Dumont d\u2019Urville \u2026<\/p>\n","protected":false},"excerpt":{"rendered":"<p>\u00ab&nbsp;Danse \u00e0 l&rsquo;Op\u00e9ra&nbsp;\u00bb Th\u00e9matique 2021 : \u00ab\u00a0Tout va vite, tr\u00e8s vite, trop vite&nbsp;! \u00ab\u00a0 Responsable du projet EAC Marlene KOHLER, professeur EPS au Lyc\u00e9e Dumont d&rsquo;Urville, charg\u00e9e de mission DAAC \u00e0 l\u2019Op\u00e9ra de Toulon, acad\u00e9mie de Nice. Equipe de travail sur les secondes Mme Paredes Elodie Professeur d\u2019Histoire G\u00e9ographie, Charg\u00e9e de mission DAAC Patrimoine, Mme [&hellip;]<\/p>\n","protected":false},"author":241,"featured_media":0,"parent":1105,"menu_order":0,"comment_status":"closed","ping_status":"closed","template":"","meta":{"_et_pb_use_builder":"","_et_pb_old_content":"","_et_gb_content_width":"","ngg_post_thumbnail":0,"footnotes":""},"class_list":["post-3017","page","type-page","status-publish","hentry"],"rttpg_featured_image_url":null,"rttpg_author":{"display_name":"daacadmin","author_link":"https:\/\/www.pedagogie.ac-nice.fr\/daac\/author\/daacadmin\/"},"rttpg_comment":0,"rttpg_category":null,"rttpg_excerpt":"\u00ab&nbsp;Danse \u00e0 l&rsquo;Op\u00e9ra&nbsp;\u00bb Th\u00e9matique 2021 : \u00ab\u00a0Tout va vite, tr\u00e8s vite, trop vite&nbsp;! \u00ab\u00a0 Responsable du projet EAC Marlene KOHLER, professeur EPS au Lyc\u00e9e Dumont d&rsquo;Urville, charg\u00e9e de mission DAAC \u00e0 l\u2019Op\u00e9ra de Toulon, acad\u00e9mie de Nice. Equipe de travail sur les secondes Mme Paredes Elodie Professeur d\u2019Histoire G\u00e9ographie, Charg\u00e9e de mission DAAC Patrimoine, Mme\u2026","post_mailing_queue_ids":[],"_links":{"self":[{"href":"https:\/\/www.pedagogie.ac-nice.fr\/daac\/wp-json\/wp\/v2\/pages\/3017","targetHints":{"allow":["GET"]}}],"collection":[{"href":"https:\/\/www.pedagogie.ac-nice.fr\/daac\/wp-json\/wp\/v2\/pages"}],"about":[{"href":"https:\/\/www.pedagogie.ac-nice.fr\/daac\/wp-json\/wp\/v2\/types\/page"}],"author":[{"embeddable":true,"href":"https:\/\/www.pedagogie.ac-nice.fr\/daac\/wp-json\/wp\/v2\/users\/241"}],"replies":[{"embeddable":true,"href":"https:\/\/www.pedagogie.ac-nice.fr\/daac\/wp-json\/wp\/v2\/comments?post=3017"}],"version-history":[{"count":11,"href":"https:\/\/www.pedagogie.ac-nice.fr\/daac\/wp-json\/wp\/v2\/pages\/3017\/revisions"}],"predecessor-version":[{"id":3039,"href":"https:\/\/www.pedagogie.ac-nice.fr\/daac\/wp-json\/wp\/v2\/pages\/3017\/revisions\/3039"}],"up":[{"embeddable":true,"href":"https:\/\/www.pedagogie.ac-nice.fr\/daac\/wp-json\/wp\/v2\/pages\/1105"}],"wp:attachment":[{"href":"https:\/\/www.pedagogie.ac-nice.fr\/daac\/wp-json\/wp\/v2\/media?parent=3017"}],"curies":[{"name":"wp","href":"https:\/\/api.w.org\/{rel}","templated":true}]}}

Danse à l&rsquo;opéra

<p class="western" align="center"><span style="color: #0070c0;"><span style="font-family: Open Sans, serif;"><span style="font-size: x-large;"><i><b>«&nbsp;Danse à l&rsquo;Opéra</b></i></span></span></span><span style="color: #0070c0;"><span style="font-family: Open Sans, serif;"><span style="font-size: x-large;"><b>&nbsp;»</b></span></span></span></p>
<p class="western" align="center"><span style="color: #0070c0;"> <span style="font-family: Open Sans, serif;"><span style="font-size: large;"><b>Thématique 2021</b></span></span></span><b> </b><span style="color: #0070c0;"><span style="font-family: Open Sans, serif;"><span style="font-size: large;"><b>: </b></span></span></span><span style="color: #0070c0;"><span style="font-family: Open Sans, serif;"><span style="font-size: large;"><b>« </b></span></span></span><span style="color: #0070c0;"><span style="font-family: Open Sans, serif;"><span style="font-size: large;"><i><b>Tout va vite, très vite, trop vite&nbsp;! </b></i></span></span></span><span style="color: #0070c0;"><span style="font-family: Open Sans, serif;"><span style="font-size: large;"><b>« </b></span></span></span></p>
<p class="western" align="center"><i>Responsable du projet EAC Marlene KOHLER, professeur EPS au Lycée Dumont d&rsquo;Urville, chargée de mission DAAC à l’Opéra de Toulon, académie de Nice.</i></p>
<p class="western" align="justify">Equipe de travail sur les secondes Mme Paredes Elodie Professeur d’Histoire Géographie, Chargée de mission DAAC Patrimoine, Mme Spano Sophie et Mme Goncalves Sabine Professeurs de Lettres.</p>
<p class="western" align="justify">Equipe de Travail terminales complémentaires Mme Blitz Anne- Marie Professeur de Philosophie.</p>
<p class="western" align="justify">Equipe de Travail en EPS Mme Farizon Cécile sur les classes de secondes.</p>
<p style="padding-left: 120px;" align="justify"><object width="300" height="250"><param name="movie" value="https://acamedia.ac-nice.fr/v2/player/embed_player.php?vid=6798"><param name="allowFullScreen" value="true"><param name="allowscriptaccess" value="always"><embed src="https://acamedia.ac-nice.fr/v2/player/embed_player.php?vid=6798" type="application/x-shockwave-flash" allowscriptaccess="always" allowfullscreen="allowfullscreen" width="300" height="250"></object></p>
<p class="western" align="justify">Le projet consiste à réaliser <b>un spectacle vivant à l&rsquo;opéra de Toulon</b> autour duquel s&rsquo;articulent plusieurs productions : création de chorégraphies et décors numériques, édition d&rsquo;un livret d&rsquo;art, exposition photos des élèves dans le Hall de l’Opéra de Toulon. C&rsquo;est un projet interdisciplinaire et inter établissement au service de la formation artistique des élèves. Six classes sont concernées, trois classes de secondes, une classe de terminale option EPS et deux classes de terminales menu danse au BAC. Il se veut une ouverture culturelle, une construction collective et collaborative de compétences transversales et disciplinaires.</p>
<p align="justify">Le contexte sanitaire a fait revoir notre projet au minimum, pas de collaboration avec les autres établissements, pas de spectacle à l’opéra fermé depuis le mois de novembre, pas de créations numériques avec le lycée professionnel du Golf hôtel de Hyères, pas de photos avec les élèves du lycée professionnel de Cisson, aucune sortie à l’extérieur vers un lieu culturel, la seule possibilité a été de faire venir un professionnel de la culture.</p>
<p class="western" align="justify">Ainsi après un travail théorique sur la thématique dans l’ensemble des disciplines philosophie, histoire, EMC, littérature et une formation artistique en danse en EPS avec l’aide d’un chorégraphe, nous avons pu réaliser une formation artistique, les élèves se sont engagés physiquement pour produire des ballets qui reflètent leur prise de position sur le sujet et nous avons pu réaliser le film de leur production qui synthétise tout ce travail dans le cadre de notre lycée sur le stade d’athlétisme du lycée Dumont d’Urville …</p>

<p>«&nbsp;Danse à l&rsquo;Opéra&nbsp;» Thématique 2021 : « Tout va vite, très vite, trop vite&nbsp;! «  Responsable du projet EAC Marlene KOHLER, professeur EPS au Lycée Dumont d&rsquo;Urville, chargée de mission DAAC à l’Opéra de Toulon, académie de Nice. Equipe de travail sur les secondes Mme Paredes Elodie Professeur d’Histoire Géographie, Chargée de mission DAAC Patrimoine, Mme [&hellip;]</p>

«&nbsp;Danse à l&rsquo;Opéra&nbsp;» Thématique 2021 : « Tout va vite, très vite, trop vite&nbsp;! «  Responsable du projet EAC Marlene KOHLER, professeur EPS au Lycée Dumont d&rsquo;Urville, chargée de mission DAAC à l’Opéra de Toulon, académie de Nice. Equipe de travail sur les secondes Mme Paredes Elodie Professeur d’Histoire Géographie, Chargée de mission DAAC Patrimoine, Mme…
