{"id":3865,"date":"2021-06-18T20:45:28","date_gmt":"2021-06-18T18:45:28","guid":{"rendered":"https:\/\/www.pedagogie.ac-nice.fr\/daac\/?page_id=3865"},"modified":"2021-06-18T22:45:39","modified_gmt":"2021-06-18T20:45:39","slug":"residences-dartistes-capg-pays-de-grasse","status":"publish","type":"page","link":"https:\/\/www.pedagogie.ac-nice.fr\/daac\/residences-dartistes-capg-pays-de-grasse\/","title":{"rendered":"R\u00e9sidences d&rsquo;Artistes CAPG &#8211; Pays de Grasse"},"content":{"rendered":"<p style=\"text-align: center;\"><a href=\"https:\/\/residencesdartistes.paysdegrasse.fr\/\"><img loading=\"lazy\" decoding=\"async\" class=\"wp-image-1433 aligncenter\" src=\"https:\/\/www.pedagogie.ac-nice.fr\/daac\/wp-content\/uploads\/sites\/37\/2020\/11\/Pole_artiste_grasse.jpg\" alt=\"\" width=\"308\" height=\"73\" srcset=\"https:\/\/www.pedagogie.ac-nice.fr\/daac\/wp-content\/uploads\/sites\/37\/2020\/11\/Pole_artiste_grasse.jpg 156w, https:\/\/www.pedagogie.ac-nice.fr\/daac\/wp-content\/uploads\/sites\/37\/2020\/11\/Pole_artiste_grasse-150x37.jpg 150w\" sizes=\"(max-width: 308px) 100vw, 308px\" \/><\/a><\/p>\n<p style=\"text-align: justify;\">La r\u00e9sidence photo de la CAPG (Communaut\u00e9 d&rsquo;Agglom\u00e9ration du Pays de Grasse)&nbsp; fait un focus sur l&rsquo;acc\u00e8s \u00e0 la culture pour tous dans l&rsquo;arri\u00e8re pays grassois (St C\u00e9zaire sur Siagne).<\/p>\n<p style=\"text-align: justify;\">Le studio photo de C\u00e9lia Pernot s&rsquo;installe au sein du groupe scolaire de St C\u00e9zaire cette semaine. Dans le cadre de sa r\u00e9sidence, l&rsquo;artiste propose au jeune public des ateliers de mise en sc\u00e8ne photographique dans un \u00ab\u00a0vrai\u00a0\u00bb studio install\u00e9 pour l&rsquo;occasion. Les \u00e9l\u00e8ves sont tour \u00e0 tour mod\u00e8les et photographes. Ils choisissent des \u00e9l\u00e9ments mis \u00e0 leur disposition et prennent la pose le temps d&rsquo;un clich\u00e9. Sous le feu du flash et dans ce d\u00e9cor \u00e9pur\u00e9, ils se prennent au jeu et d\u00e9couvrent ensuite les images fig\u00e9es de leurs silhouettes. L&rsquo;accent est mis sur le sens (\u00e9vocation de la nature) , les jeux de formes et de lumi\u00e8res et non sur la ressemblance et l&rsquo;identit\u00e9 visuelle d&rsquo;un individu singulier. Par cette d\u00e9marche, les enfants d\u00e9couvrent une nouvelle dimension de la photographie: une image artistique.\u00a0\u00bb<\/p>\n<p><a href=\"https:\/\/www.icloud.com\/photos\/#0k-TDX_uCYu2ASpBKaQS3d9wg\" target=\"_blank\" rel=\"noopener noreferrer\"><img loading=\"lazy\" decoding=\"async\" class=\"alignnone size-medium wp-image-1432 aligncenter\" src=\"https:\/\/www.pedagogie.ac-nice.fr\/daac\/wp-content\/uploads\/sites\/37\/2020\/11\/IMG_4641-300x225.jpeg\" alt=\"\" width=\"300\" height=\"225\" srcset=\"https:\/\/www.pedagogie.ac-nice.fr\/daac\/wp-content\/uploads\/sites\/37\/2020\/11\/IMG_4641-300x225.jpeg 300w, https:\/\/www.pedagogie.ac-nice.fr\/daac\/wp-content\/uploads\/sites\/37\/2020\/11\/IMG_4641-1024x768.jpeg 1024w, https:\/\/www.pedagogie.ac-nice.fr\/daac\/wp-content\/uploads\/sites\/37\/2020\/11\/IMG_4641-768x576.jpeg 768w, https:\/\/www.pedagogie.ac-nice.fr\/daac\/wp-content\/uploads\/sites\/37\/2020\/11\/IMG_4641-1536x1152.jpeg 1536w, https:\/\/www.pedagogie.ac-nice.fr\/daac\/wp-content\/uploads\/sites\/37\/2020\/11\/IMG_4641.jpeg 2048w\" sizes=\"(max-width: 300px) 100vw, 300px\" \/><\/a><\/p>\n<p>D&rsquo;autres photos&nbsp;<\/p>\n<p><iframe loading=\"lazy\" src=\"https:\/\/acamedia.ac-nice.fr\/v2\/player\/embed_player.php?vid=OBHY35DD676N&amp;width=440&amp;height=272&amp;autoplay=yes\" width=\"440\" height=\"272\" frameborder=\"0\" allowfullscreen=\"allowfullscreen\"><\/iframe><\/p>\n<p style=\"text-align: justify;\">Les classes de maternelle et \u00e9l\u00e9mentaire de l&rsquo;\u00e9cole de St C\u00e9zaire sur Siagne accueillent un invit\u00e9 myst\u00e8re en novembre 2020. A l&rsquo;aide d&rsquo;indices (figurine, livres, mots&#8230;), Julien Revenu, auteur BD, fait d\u00e9couvrir son m\u00e9tier et ce en quoi il consiste. L&rsquo;artiste cr\u00e9e ensuite un univers sur papier \u00e0 partir des id\u00e9es des enfants, il les encourage \u00e0 prendre des libert\u00e9s dans les associations visuelles (Des \u00e9carts qui cr\u00e9ent du sens au-del\u00e0 des st\u00e9r\u00e9otypes et du r\u00e9alisme) puis il raconte une histoire invent\u00e9e \u00e0 partir du dessin produit. Un moment magique ou le dessin prend vie dans l&rsquo;imaginaire de nos jeunes \u00e9l\u00e8ves. La narration orale vient donc s&rsquo;associer \u00e0 l&rsquo;image. S&rsquo;ensuit un temps d&rsquo;ateliers o\u00f9 chacun peut pratiquer la mise en couleur du dessin, la lecture et le collage associ\u00e9 \u00e0 l&rsquo;image. Une opportunit\u00e9 rare d&rsquo;aborder ce m\u00e9dium avec un professionnel qui s&rsquo;adapte au niveau de son public.<\/p>\n<p>En savoir plus <a href=\"https:\/\/residencesdartistes.paysdegrasse.fr\/\"><img loading=\"lazy\" decoding=\"async\" class=\"alignnone wp-image-1433 size-full\" src=\"https:\/\/www.pedagogie.ac-nice.fr\/daac\/wp-content\/uploads\/sites\/37\/2020\/11\/Pole_artiste_grasse.jpg\" alt=\"\" width=\"156\" height=\"37\" srcset=\"https:\/\/www.pedagogie.ac-nice.fr\/daac\/wp-content\/uploads\/sites\/37\/2020\/11\/Pole_artiste_grasse.jpg 156w, https:\/\/www.pedagogie.ac-nice.fr\/daac\/wp-content\/uploads\/sites\/37\/2020\/11\/Pole_artiste_grasse-150x37.jpg 150w\" sizes=\"(max-width: 156px) 100vw, 156px\" \/><\/a><\/p>\n<p><span style=\"font-size: 10pt;\"><strong>Coordonateur DAAC<\/strong><\/span><br \/>\n<span style=\"font-size: 10pt;\">Julien Giraud-Destefanis : ce.daac@ac-nice.fr<\/span><\/p>\n<p><span style=\"font-size: 10pt;\"><strong>Charg\u00e9e de mission acad\u00e9mique \u00ab\u00a0Photographie\u00a0\u00bb<\/strong><\/span><br \/>\n<span style=\"font-size: 10pt;\">Anabelle-Valeri.Aubanel@ac-nice.fr<\/span><\/p>\n","protected":false},"excerpt":{"rendered":"<p>La r\u00e9sidence photo de la CAPG (Communaut\u00e9 d&rsquo;Agglom\u00e9ration du Pays de Grasse)&nbsp; fait un focus sur l&rsquo;acc\u00e8s \u00e0 la culture pour tous dans l&rsquo;arri\u00e8re pays grassois (St C\u00e9zaire sur Siagne). Le studio photo de C\u00e9lia Pernot s&rsquo;installe au sein du groupe scolaire de St C\u00e9zaire cette semaine. Dans le cadre de sa r\u00e9sidence, l&rsquo;artiste propose [&hellip;]<\/p>\n","protected":false},"author":241,"featured_media":0,"parent":0,"menu_order":0,"comment_status":"closed","ping_status":"closed","template":"","meta":{"_et_pb_use_builder":"","_et_pb_old_content":"","_et_gb_content_width":"","ngg_post_thumbnail":0,"footnotes":""},"class_list":["post-3865","page","type-page","status-publish","hentry"],"rttpg_featured_image_url":null,"rttpg_author":{"display_name":"daacadmin","author_link":"https:\/\/www.pedagogie.ac-nice.fr\/daac\/author\/daacadmin\/"},"rttpg_comment":0,"rttpg_category":null,"rttpg_excerpt":"La r\u00e9sidence photo de la CAPG (Communaut\u00e9 d&rsquo;Agglom\u00e9ration du Pays de Grasse)&nbsp; fait un focus sur l&rsquo;acc\u00e8s \u00e0 la culture pour tous dans l&rsquo;arri\u00e8re pays grassois (St C\u00e9zaire sur Siagne). Le studio photo de C\u00e9lia Pernot s&rsquo;installe au sein du groupe scolaire de St C\u00e9zaire cette semaine. Dans le cadre de sa r\u00e9sidence, l&rsquo;artiste propose\u2026","post_mailing_queue_ids":[],"_links":{"self":[{"href":"https:\/\/www.pedagogie.ac-nice.fr\/daac\/wp-json\/wp\/v2\/pages\/3865","targetHints":{"allow":["GET"]}}],"collection":[{"href":"https:\/\/www.pedagogie.ac-nice.fr\/daac\/wp-json\/wp\/v2\/pages"}],"about":[{"href":"https:\/\/www.pedagogie.ac-nice.fr\/daac\/wp-json\/wp\/v2\/types\/page"}],"author":[{"embeddable":true,"href":"https:\/\/www.pedagogie.ac-nice.fr\/daac\/wp-json\/wp\/v2\/users\/241"}],"replies":[{"embeddable":true,"href":"https:\/\/www.pedagogie.ac-nice.fr\/daac\/wp-json\/wp\/v2\/comments?post=3865"}],"version-history":[{"count":6,"href":"https:\/\/www.pedagogie.ac-nice.fr\/daac\/wp-json\/wp\/v2\/pages\/3865\/revisions"}],"predecessor-version":[{"id":3914,"href":"https:\/\/www.pedagogie.ac-nice.fr\/daac\/wp-json\/wp\/v2\/pages\/3865\/revisions\/3914"}],"wp:attachment":[{"href":"https:\/\/www.pedagogie.ac-nice.fr\/daac\/wp-json\/wp\/v2\/media?parent=3865"}],"curies":[{"name":"wp","href":"https:\/\/api.w.org\/{rel}","templated":true}]}}