{"id":3921,"date":"2021-06-21T20:25:32","date_gmt":"2021-06-21T18:25:32","guid":{"rendered":"https:\/\/www.pedagogie.ac-nice.fr\/daac\/?page_id=3921"},"modified":"2021-06-21T22:09:16","modified_gmt":"2021-06-21T20:09:16","slug":"festival-de-danse-cannes-cote-dazur","status":"publish","type":"page","link":"https:\/\/www.pedagogie.ac-nice.fr\/daac\/festival-de-danse-cannes-cote-dazur\/","title":{"rendered":"Festival de Danse &#8211; Cannes C\u00f4te d&rsquo;Azur"},"content":{"rendered":"<p>Retrouvez toutes les actualit\u00e9s du Festival de Danse de Cannes&nbsp; en cliquant sur cette pr\u00e9sentation Genially.<\/p>\n<p><span style=\"color: #ff0000; font-size: 8pt;\">Cette pr\u00e9sentation est r\u00e9alis\u00e9e sur Genially.<\/span><br \/>\n<span style=\"color: #ff0000; font-size: 8pt;\">Pou<strong>r PROTEGER vos donn\u00e9es personnelles et en limiter la collecte<\/strong>&nbsp;lors de la consultation des pr\u00e9sentations Genially, pensez \u00e0 cliquez sur<img loading=\"lazy\" decoding=\"async\" class=\"alignnone wp-image-3872\" src=\"https:\/\/www.pedagogie.ac-nice.fr\/daac\/wp-content\/uploads\/sites\/37\/2021\/06\/cookies_genially.jpg\" alt=\"\" width=\"246\" height=\"27\">&nbsp;en bas \u00e0 droite de la page d\u2019accueil de Genially, puis\u201d confirmez la s\u00e9lection\u201d<\/span><br \/>\n<a href=\"https:\/\/view.genial.ly\/60cc8c598de6240d42a9023c\/horizontal-infographic-lists-festival-de-danse-cannes-pistes-pedagogiques-daac\" target=\"_blank\" rel=\"noopener\"><img loading=\"lazy\" decoding=\"async\" class=\"alignnone wp-image-3919 size-full\" src=\"https:\/\/www.pedagogie.ac-nice.fr\/daac\/wp-content\/uploads\/sites\/37\/2021\/06\/FDCannes_illistration.png\" alt=\"illustration festival danse Cannes\" width=\"418\" height=\"104\" srcset=\"https:\/\/www.pedagogie.ac-nice.fr\/daac\/wp-content\/uploads\/sites\/37\/2021\/06\/FDCannes_illistration.png 418w, https:\/\/www.pedagogie.ac-nice.fr\/daac\/wp-content\/uploads\/sites\/37\/2021\/06\/FDCannes_illistration-300x75.png 300w\" sizes=\"(max-width: 418px) 100vw, 418px\" \/><\/a><\/p>\n","protected":false},"excerpt":{"rendered":"<p>Retrouvez toutes les actualit\u00e9s du Festival de Danse de Cannes&nbsp; en cliquant sur cette pr\u00e9sentation Genially. Cette pr\u00e9sentation est r\u00e9alis\u00e9e sur Genially. Pour PROTEGER vos donn\u00e9es personnelles et en limiter la collecte&nbsp;lors de la consultation des pr\u00e9sentations Genially, pensez \u00e0 cliquez sur&nbsp;en bas \u00e0 droite de la page d\u2019accueil de Genially, puis\u201d confirmez la s\u00e9lection\u201d<\/p>\n","protected":false},"author":241,"featured_media":0,"parent":0,"menu_order":0,"comment_status":"closed","ping_status":"closed","template":"","meta":{"_et_pb_use_builder":"","_et_pb_old_content":"","_et_gb_content_width":"","ngg_post_thumbnail":0,"footnotes":""},"class_list":["post-3921","page","type-page","status-publish","hentry"],"rttpg_featured_image_url":null,"rttpg_author":{"display_name":"daacadmin","author_link":"https:\/\/www.pedagogie.ac-nice.fr\/daac\/author\/daacadmin\/"},"rttpg_comment":0,"rttpg_category":null,"rttpg_excerpt":"Retrouvez toutes les actualit\u00e9s du Festival de Danse de Cannes&nbsp; en cliquant sur cette pr\u00e9sentation Genially. Cette pr\u00e9sentation est r\u00e9alis\u00e9e sur Genially. Pour PROTEGER vos donn\u00e9es personnelles et en limiter la collecte&nbsp;lors de la consultation des pr\u00e9sentations Genially, pensez \u00e0 cliquez sur&nbsp;en bas \u00e0 droite de la page d\u2019accueil de Genially, puis\u201d confirmez la s\u00e9lection\u201d","post_mailing_queue_ids":[],"_links":{"self":[{"href":"https:\/\/www.pedagogie.ac-nice.fr\/daac\/wp-json\/wp\/v2\/pages\/3921","targetHints":{"allow":["GET"]}}],"collection":[{"href":"https:\/\/www.pedagogie.ac-nice.fr\/daac\/wp-json\/wp\/v2\/pages"}],"about":[{"href":"https:\/\/www.pedagogie.ac-nice.fr\/daac\/wp-json\/wp\/v2\/types\/page"}],"author":[{"embeddable":true,"href":"https:\/\/www.pedagogie.ac-nice.fr\/daac\/wp-json\/wp\/v2\/users\/241"}],"replies":[{"embeddable":true,"href":"https:\/\/www.pedagogie.ac-nice.fr\/daac\/wp-json\/wp\/v2\/comments?post=3921"}],"version-history":[{"count":3,"href":"https:\/\/www.pedagogie.ac-nice.fr\/daac\/wp-json\/wp\/v2\/pages\/3921\/revisions"}],"predecessor-version":[{"id":3928,"href":"https:\/\/www.pedagogie.ac-nice.fr\/daac\/wp-json\/wp\/v2\/pages\/3921\/revisions\/3928"}],"wp:attachment":[{"href":"https:\/\/www.pedagogie.ac-nice.fr\/daac\/wp-json\/wp\/v2\/media?parent=3921"}],"curies":[{"name":"wp","href":"https:\/\/api.w.org\/{rel}","templated":true}]}}