{"id":5303,"date":"2021-09-14T21:29:09","date_gmt":"2021-09-14T19:29:09","guid":{"rendered":"https:\/\/www.pedagogie.ac-nice.fr\/daac\/?page_id=5303"},"modified":"2021-09-14T22:35:22","modified_gmt":"2021-09-14T20:35:22","slug":"jep-alpes-maritimes","status":"publish","type":"page","link":"https:\/\/www.pedagogie.ac-nice.fr\/daac\/jep-alpes-maritimes\/","title":{"rendered":"JEP Alpes Maritimes"},"content":{"rendered":"<p>[et_pb_section fb_built=\u00a0\u00bb1&Prime; _builder_version=\u00a0\u00bb4.10.7&Prime; _module_preset=\u00a0\u00bbdefault\u00a0\u00bb global_colors_info=\u00a0\u00bb{}\u00a0\u00bb][et_pb_row column_structure=\u00a0\u00bb1_3,1_3,1_3&Prime; _builder_version=\u00a0\u00bb4.10.7&Prime; _module_preset=\u00a0\u00bbdefault\u00a0\u00bb global_colors_info=\u00a0\u00bb{}\u00a0\u00bb][et_pb_column type=\u00a0\u00bb1_3&Prime; _builder_version=\u00a0\u00bb4.10.7&Prime; _module_preset=\u00a0\u00bbdefault\u00a0\u00bb global_colors_info=\u00a0\u00bb{}\u00a0\u00bb][et_pb_text admin_label=\u00a0\u00bbJEP grand public 06&Prime; _builder_version=\u00a0\u00bb4.10.7&Prime; _module_preset=\u00a0\u00bbdefault\u00a0\u00bb global_colors_info=\u00a0\u00bb{}\u00a0\u00bb]<\/p>\n<p><a href=\"https:\/\/www.departement06.fr\/tresors-du-patrimoine\/jdp-4428.html\" target=\"_blank\" rel=\"noopener\"><img loading=\"lazy\" decoding=\"async\" class=\"aligncenter wp-image-5277 size-full\" src=\"https:\/\/www.pedagogie.ac-nice.fr\/daac\/wp-content\/uploads\/sites\/37\/2021\/09\/JEP_Dpt06.png\" alt=\"\" width=\"222\" height=\"227\"><\/a><\/p>\n<p style=\"text-align: center;\"><span style=\"color: #008080;\">Programme grand public<\/span><\/p>\n<p>[\/et_pb_text][\/et_pb_column][et_pb_column type=\u00a0\u00bb1_3&Prime; _builder_version=\u00a0\u00bb4.10.7&Prime; _module_preset=\u00a0\u00bbdefault\u00a0\u00bb global_colors_info=\u00a0\u00bb{}\u00a0\u00bb][et_pb_text admin_label=\u00a0\u00bbtexte\u00a0\u00bb _builder_version=\u00a0\u00bb4.10.7&Prime; _module_preset=\u00a0\u00bbdefault\u00a0\u00bb global_colors_info=\u00a0\u00bb{}\u00a0\u00bb]<\/p>\n<p style=\"text-align: justify;\"><span style=\"color: #000000; font-family: verdana, geneva, sans-serif;\">En amont des visites pour le grand public des 18 et 19 septembre 2021, le D\u00e9partement des Alpes Maritimes propose des visites comment\u00e9es \u00e0 destination des scolaires le vendredi 17 septembre 2021 \u00e0 travers le dispositif Ac&rsquo;Educ. <br \/><\/span><\/p>\n<p>[\/et_pb_text][\/et_pb_column][et_pb_column type=\u00a0\u00bb1_3&Prime; _builder_version=\u00a0\u00bb4.10.7&Prime; _module_preset=\u00a0\u00bbdefault\u00a0\u00bb global_colors_info=\u00a0\u00bb{}\u00a0\u00bb][et_pb_text admin_label=\u00a0\u00bbvisuel JEP\u00a0\u00bb _builder_version=\u00a0\u00bb4.10.7&Prime; _module_preset=\u00a0\u00bbdefault\u00a0\u00bb global_colors_info=\u00a0\u00bb{}\u00a0\u00bb]<\/p>\n<p><img loading=\"lazy\" decoding=\"async\" class=\"alignnone size-medium wp-image-4999 aligncenter\" src=\"https:\/\/www.pedagogie.ac-nice.fr\/daac\/wp-content\/uploads\/sites\/37\/2021\/09\/JEP2021_logo-1-300x185.png\" alt=\"\" width=\"300\" height=\"185\" srcset=\"https:\/\/www.pedagogie.ac-nice.fr\/daac\/wp-content\/uploads\/sites\/37\/2021\/09\/JEP2021_logo-1-300x185.png 300w, https:\/\/www.pedagogie.ac-nice.fr\/daac\/wp-content\/uploads\/sites\/37\/2021\/09\/JEP2021_logo-1.png 304w\" sizes=\"(max-width: 300px) 100vw, 300px\" \/><\/p>\n<p>[\/et_pb_text][\/et_pb_column][\/et_pb_row][et_pb_row column_structure=\u00a0\u00bb1_2,1_2&Prime; _builder_version=\u00a0\u00bb4.10.7&Prime; _module_preset=\u00a0\u00bbdefault\u00a0\u00bb global_colors_info=\u00a0\u00bb{}\u00a0\u00bb][et_pb_column type=\u00a0\u00bb1_2&Prime; _builder_version=\u00a0\u00bb4.10.7&Prime; _module_preset=\u00a0\u00bbdefault\u00a0\u00bb global_colors_info=\u00a0\u00bb{}\u00a0\u00bb][et_pb_divider _builder_version=\u00a0\u00bb4.10.7&Prime; _module_preset=\u00a0\u00bbdefault\u00a0\u00bb global_colors_info=\u00a0\u00bb{}\u00a0\u00bb][\/et_pb_divider][et_pb_text admin_label=\u00a0\u00bbFort de la Revere\u00a0\u00bb _builder_version=\u00a0\u00bb4.10.7&Prime; _module_preset=\u00a0\u00bbdefault\u00a0\u00bb global_colors_info=\u00a0\u00bb{}\u00a0\u00bb]<\/p>\n<p style=\"text-align: justify;\"><span style=\"font-family: verdana, geneva, sans-serif; font-size: 10pt; color: #000000;\">Dans le cadre de l&rsquo;op\u00e9ration&nbsp; initi\u00e9e par le Minist\u00e8re de la Culture, \u00ab\u00a0Levez les Yeux\u00a0\u00bb, le service du Patrimoine du Conseil d\u00e9partemental des Alpes Maritimes via le dispositif Ac&rsquo;Educ propose aux scolaires une visite comment\u00e9e du Fort de la Rev\u00e8re, \u00e0 Eze-sur-Mer, le vendredi 17 septembre 2021.<\/span><\/p>\n<p><a href=\"https:\/\/www.pedagogie.ac-nice.fr\/daac\/wp-content\/uploads\/sites\/37\/2021\/09\/SERVICE-PATRIMOINE_VISITE-COMMENTEE-DU-FORT-DE-LA-REVERE-JOURNEE-DU-17-SEPTEMBRE-2021.pdf\" target=\"_blank\" rel=\"noopener\"><span style=\"font-size: 10pt; font-family: verdana, geneva, sans-serif; color: #0000ff;\">Toutes les informations ici<\/span><\/a><\/p>\n<p>[\/et_pb_text][\/et_pb_column][et_pb_column type=\u00a0\u00bb1_2&Prime; _builder_version=\u00a0\u00bb4.10.7&Prime; _module_preset=\u00a0\u00bbdefault\u00a0\u00bb global_colors_info=\u00a0\u00bb{}\u00a0\u00bb][et_pb_divider _builder_version=\u00a0\u00bb4.10.7&Prime; _module_preset=\u00a0\u00bbdefault\u00a0\u00bb global_colors_info=\u00a0\u00bb{}\u00a0\u00bb][\/et_pb_divider][et_pb_text admin_label=\u00a0\u00bbVillefranche\u00a0\u00bb _builder_version=\u00a0\u00bb4.10.7&Prime; _module_preset=\u00a0\u00bbdefault\u00a0\u00bb hover_enabled=\u00a0\u00bb0&Prime; global_colors_info=\u00a0\u00bb{}\u00a0\u00bb sticky_enabled=\u00a0\u00bb0&Prime;]<\/p>\n<p style=\"text-align: justify;\"><span style=\"font-family: verdana, geneva, sans-serif; font-size: 10pt; color: #000000;\">Dans le cadre de l&rsquo;op\u00e9ration&nbsp; initi\u00e9e par le Minist\u00e8re de la Culture, \u00ab\u00a0Levez les Yeux\u00a0\u00bb, le service du Patrimoine du Conseil d\u00e9partemental des Alpes Maritimes via le dispositif Ac&rsquo;Educ propose aux scolaires une visite comment\u00e9e du Port et de la Darse de Villefranche-sur-Mer le 17 septembre 2021.<\/span><\/p>\n<p><a href=\"https:\/\/www.pedagogie.ac-nice.fr\/daac\/wp-content\/uploads\/sites\/37\/2021\/09\/SERVICE-PATRIMOINE_VISITE-COMMENTEE-DU-FORT-DE-LA-REVERE-JOURNEE-DU-17-SEPTEMBRE-2021-1.pdf\" target=\"_blank\" rel=\"noopener\"><span style=\"font-size: 10pt; font-family: verdana, geneva, sans-serif; color: #0000ff;\">Toutes les informations ici<\/span><\/a><\/p>\n<p>[\/et_pb_text][\/et_pb_column][\/et_pb_row][\/et_pb_section]<\/p>\n","protected":false},"excerpt":{"rendered":"<p>Programme grand publicEn amont des visites pour le grand public des 18 et 19 septembre 2021, le D\u00e9partement des Alpes Maritimes propose des visites comment\u00e9es \u00e0 destination des scolaires le vendredi 17 septembre 2021 \u00e0 travers le dispositif Ac&rsquo;Educ. Dans le cadre de l&rsquo;op\u00e9ration&nbsp; initi\u00e9e par le Minist\u00e8re de la Culture, \u00ab\u00a0Levez les Yeux\u00a0\u00bb, le [&hellip;]<\/p>\n","protected":false},"author":241,"featured_media":0,"parent":0,"menu_order":0,"comment_status":"closed","ping_status":"closed","template":"","meta":{"_et_pb_use_builder":"on","_et_pb_old_content":"","_et_gb_content_width":"","ngg_post_thumbnail":0,"footnotes":""},"class_list":["post-5303","page","type-page","status-publish","hentry"],"rttpg_featured_image_url":null,"rttpg_author":{"display_name":"daacadmin","author_link":"https:\/\/www.pedagogie.ac-nice.fr\/daac\/author\/daacadmin\/"},"rttpg_comment":0,"rttpg_category":null,"rttpg_excerpt":"Programme grand publicEn amont des visites pour le grand public des 18 et 19 septembre 2021, le D\u00e9partement des Alpes Maritimes propose des visites comment\u00e9es \u00e0 destination des scolaires le vendredi 17 septembre 2021 \u00e0 travers le dispositif Ac'Educ. Dans le cadre de l'op\u00e9ration&nbsp; initi\u00e9e par le Minist\u00e8re de la Culture, \"Levez les Yeux\", le\u2026","post_mailing_queue_ids":[],"_links":{"self":[{"href":"https:\/\/www.pedagogie.ac-nice.fr\/daac\/wp-json\/wp\/v2\/pages\/5303","targetHints":{"allow":["GET"]}}],"collection":[{"href":"https:\/\/www.pedagogie.ac-nice.fr\/daac\/wp-json\/wp\/v2\/pages"}],"about":[{"href":"https:\/\/www.pedagogie.ac-nice.fr\/daac\/wp-json\/wp\/v2\/types\/page"}],"author":[{"embeddable":true,"href":"https:\/\/www.pedagogie.ac-nice.fr\/daac\/wp-json\/wp\/v2\/users\/241"}],"replies":[{"embeddable":true,"href":"https:\/\/www.pedagogie.ac-nice.fr\/daac\/wp-json\/wp\/v2\/comments?post=5303"}],"version-history":[{"count":7,"href":"https:\/\/www.pedagogie.ac-nice.fr\/daac\/wp-json\/wp\/v2\/pages\/5303\/revisions"}],"predecessor-version":[{"id":5348,"href":"https:\/\/www.pedagogie.ac-nice.fr\/daac\/wp-json\/wp\/v2\/pages\/5303\/revisions\/5348"}],"wp:attachment":[{"href":"https:\/\/www.pedagogie.ac-nice.fr\/daac\/wp-json\/wp\/v2\/media?parent=5303"}],"curies":[{"name":"wp","href":"https:\/\/api.w.org\/{rel}","templated":true}]}}