{"id":5372,"date":"2021-09-14T23:13:35","date_gmt":"2021-09-14T21:13:35","guid":{"rendered":"https:\/\/www.pedagogie.ac-nice.fr\/daac\/?page_id=5372"},"modified":"2023-02-15T12:16:54","modified_gmt":"2023-02-15T11:16:54","slug":"espace-magnan-nice","status":"publish","type":"page","link":"https:\/\/www.pedagogie.ac-nice.fr\/daac\/espace-magnan-nice\/","title":{"rendered":"Espace Magnan Nice"},"content":{"rendered":"<p>[et_pb_section fb_built=\u00a0\u00bb1&Prime; _builder_version=\u00a0\u00bb4.10.7&Prime; _module_preset=\u00a0\u00bbdefault\u00a0\u00bb global_colors_info=\u00a0\u00bb{}\u00a0\u00bb][et_pb_row column_structure=\u00a0\u00bb2_5,3_5&Prime; _builder_version=\u00a0\u00bb4.10.7&Prime; _module_preset=\u00a0\u00bbdefault\u00a0\u00bb global_colors_info=\u00a0\u00bb{}\u00a0\u00bb][et_pb_column type=\u00a0\u00bb2_5&Prime; _builder_version=\u00a0\u00bb4.10.7&Prime; _module_preset=\u00a0\u00bbdefault\u00a0\u00bb global_colors_info=\u00a0\u00bb{}\u00a0\u00bb][et_pb_text admin_label=\u00a0\u00bblogo cinema\u00a0\u00bb _builder_version=\u00a0\u00bb4.10.7&Prime; _module_preset=\u00a0\u00bbdefault\u00a0\u00bb global_colors_info=\u00a0\u00bb{}\u00a0\u00bb]<\/p>\n<p><a href=\"https:\/\/www.pedagogie.ac-nice.fr\/daac\/pole_cinema_2021\/\" target=\"_blank\" rel=\"noopener\"><img loading=\"lazy\" decoding=\"async\" class=\"aligncenter wp-image-5920 size-full\" src=\"https:\/\/www.pedagogie.ac-nice.fr\/daac\/wp-content\/uploads\/sites\/37\/2021\/09\/cinema.png\" alt=\"\" width=\"349\" height=\"213\" srcset=\"https:\/\/www.pedagogie.ac-nice.fr\/daac\/wp-content\/uploads\/sites\/37\/2021\/09\/cinema.png 349w, https:\/\/www.pedagogie.ac-nice.fr\/daac\/wp-content\/uploads\/sites\/37\/2021\/09\/cinema-300x183.png 300w\" sizes=\"(max-width: 349px) 100vw, 349px\" \/><\/a><\/p>\n<p>[\/et_pb_text][et_pb_divider _builder_version=\u00a0\u00bb4.10.7&Prime; _module_preset=\u00a0\u00bbdefault\u00a0\u00bb global_colors_info=\u00a0\u00bb{}\u00a0\u00bb][\/et_pb_divider][et_pb_text admin_label=\u00a0\u00bbciao italia\u00a0\u00bb _builder_version=\u00a0\u00bb4.10.7&Prime; _module_preset=\u00a0\u00bbdefault\u00a0\u00bb hover_enabled=\u00a0\u00bb0&Prime; global_colors_info=\u00a0\u00bb{}\u00a0\u00bb sticky_enabled=\u00a0\u00bb0&Prime;]<\/p>\n<p style=\"text-align: center;\"><span style=\"color: #ff00ff;\"><span style=\"color: #ff6600; font-size: 10pt;\"><strong><span style=\"color: #993366;\">Pour aller plus loin, Exposition \u00ab\u00a0Ciao Italia !<\/span> \u00a0\u00bb <\/strong><\/span><br \/><\/span><span style=\"color: #ff00ff;\"><span style=\"font-size: 10pt; color: #000000;\">du 11 octobre au 22 mars 2022<\/span><br \/><span style=\"font-size: 10pt; color: #000000;\">Cannes<\/span><br \/><a href=\"https:\/\/www.pedagogie.ac-nice.fr\/daac\/2021\/09\/02\/limmigration-italienne\/\" target=\"_blank\" rel=\"noopener\"><img loading=\"lazy\" decoding=\"async\" class=\"aligncenter wp-image-2450\" src=\"https:\/\/www.pedagogie.ac-nice.fr\/daac\/wp-content\/uploads\/sites\/37\/2021\/02\/ciao_italia.jpg\" alt=\"\" width=\"205\" height=\"276\" srcset=\"https:\/\/www.pedagogie.ac-nice.fr\/daac\/wp-content\/uploads\/sites\/37\/2021\/02\/ciao_italia.jpg 794w, https:\/\/www.pedagogie.ac-nice.fr\/daac\/wp-content\/uploads\/sites\/37\/2021\/02\/ciao_italia-223x300.jpg 223w, https:\/\/www.pedagogie.ac-nice.fr\/daac\/wp-content\/uploads\/sites\/37\/2021\/02\/ciao_italia-761x1024.jpg 761w, https:\/\/www.pedagogie.ac-nice.fr\/daac\/wp-content\/uploads\/sites\/37\/2021\/02\/ciao_italia-768x1033.jpg 768w\" sizes=\"(max-width: 205px) 100vw, 205px\" \/><\/a><span style=\"font-size: 8pt; color: #000000;\">Toutes les infos en cliquant sur l&rsquo;affiche<\/span><\/span><\/p>\n<p>[\/et_pb_text][et_pb_text admin_label=\u00a0\u00bblogo patrimoine\u00a0\u00bb _builder_version=\u00a0\u00bb4.10.7&Prime; _module_preset=\u00a0\u00bbdefault\u00a0\u00bb global_colors_info=\u00a0\u00bb{}\u00a0\u00bb]<\/p>\n<p><a href=\"https:\/\/www.pedagogie.ac-nice.fr\/daac\/patrimoines-memoires-2021\/\" target=\"_blank\" rel=\"noopener\"><img loading=\"lazy\" decoding=\"async\" class=\"aligncenter wp-image-5925\" src=\"https:\/\/www.pedagogie.ac-nice.fr\/daac\/wp-content\/uploads\/sites\/37\/2021\/09\/patrimoine_memoires.png\" alt=\"\" width=\"252\" height=\"161\" srcset=\"https:\/\/www.pedagogie.ac-nice.fr\/daac\/wp-content\/uploads\/sites\/37\/2021\/09\/patrimoine_memoires.png 347w, https:\/\/www.pedagogie.ac-nice.fr\/daac\/wp-content\/uploads\/sites\/37\/2021\/09\/patrimoine_memoires-300x192.png 300w\" sizes=\"(max-width: 252px) 100vw, 252px\" \/><\/a><\/p>\n<p>[\/et_pb_text][\/et_pb_column][et_pb_column type=\u00a0\u00bb3_5&Prime; _builder_version=\u00a0\u00bb4.10.7&Prime; _module_preset=\u00a0\u00bbdefault\u00a0\u00bb global_colors_info=\u00a0\u00bb{}\u00a0\u00bb][et_pb_text admin_label=\u00a0\u00bbAnnonce\u00a0\u00bb _builder_version=\u00a0\u00bb4.10.7&Prime; _module_preset=\u00a0\u00bbdefault\u00a0\u00bb hover_enabled=\u00a0\u00bb0&Prime; global_colors_info=\u00a0\u00bb{}\u00a0\u00bb text_font=\u00a0\u00bbTrebuchet||||||||\u00a0\u00bb text_text_color=\u00a0\u00bb#000000&Prime; text_font_size=\u00a0\u00bb17px\u00a0\u00bb text_orientation=\u00a0\u00bbjustified\u00a0\u00bb sticky_enabled=\u00a0\u00bb0&Prime; custom_padding=\u00a0\u00bb||3px|||\u00a0\u00bb]<\/p>\n<p style=\"text-align: center;\"><span style=\"font-size: 14pt;\"><strong><span style=\"color: #ff00ff;\"><span style=\"color: #993366;\">FESTIVAL DU CIN\u00c9MA ITALIEN<\/span><br \/><img loading=\"lazy\" decoding=\"async\" class=\"alignnone size-full wp-image-11190\" src=\"https:\/\/www.pedagogie.ac-nice.fr\/daac\/wp-content\/uploads\/sites\/37\/2022\/02\/36e_journees_cine_italien.jpg\" alt=\"\" width=\"1097\" height=\"167\" srcset=\"https:\/\/www.pedagogie.ac-nice.fr\/daac\/wp-content\/uploads\/sites\/37\/2022\/02\/36e_journees_cine_italien.jpg 1097w, https:\/\/www.pedagogie.ac-nice.fr\/daac\/wp-content\/uploads\/sites\/37\/2022\/02\/36e_journees_cine_italien-300x46.jpg 300w, https:\/\/www.pedagogie.ac-nice.fr\/daac\/wp-content\/uploads\/sites\/37\/2022\/02\/36e_journees_cine_italien-1024x156.jpg 1024w, https:\/\/www.pedagogie.ac-nice.fr\/daac\/wp-content\/uploads\/sites\/37\/2022\/02\/36e_journees_cine_italien-768x117.jpg 768w, https:\/\/www.pedagogie.ac-nice.fr\/daac\/wp-content\/uploads\/sites\/37\/2022\/02\/36e_journees_cine_italien-1080x164.jpg 1080w\" sizes=\"(max-width: 1097px) 100vw, 1097px\" \/><br \/><\/span><\/strong><\/span><\/p>\n<p style=\"text-align: justify;\"><span style=\"color: #000000;\"><strong>Les 36<sup>e<\/sup> \u00a0 Journ\u00e9es du Cin\u00e9ma Italien<\/strong> se d\u00e9rouleront <strong>du 12 au 26 mars 2022 \u00e0 l&rsquo;Espace Magnan \u00e0 Nice<\/strong>, afin de promouvoir la connaissance et la diffusion de la langue et de la culture italiennes.<\/span><\/p>\n<p style=\"text-align: justify;\"><span style=\"color: #000000;\">Cette manifestation participe \u00e0 la Campagne Acad\u00e9mique Promotionnelle de l&rsquo;Italien organis\u00e9e par l&rsquo;API 06\/83, Association des Professeurs d\u2019Italien des Alpes-Maritimes et du Var pr\u00e9sid\u00e9e par M. Dalmasso.<\/span><\/p>\n<p><span style=\"color: #000000;\"><strong>Les s\u00e9ances seront exclusivement r\u00e9serv\u00e9es aux scolaires<\/strong>.<\/span><\/p>\n<p><span style=\"font-family: georgia, palatino, serif; font-size: 12pt; color: #000000;\">Films propos\u00e9s lors de cette 36e \u00e9dition : <\/span><\/p>\n<ul>\n<li><span style=\"font-family: georgia, palatino, serif; font-size: 12pt; color: #000000;\">LA MOUETTE ET LE CHAT (VF) \/ <strong>Ressortie en version restaur\u00e9e<\/strong><\/span><\/li>\n<li><span style=\"font-family: georgia, palatino, serif; font-size: 12pt; color: #000000;\">MIO FRATELLO RINCORRE I DINOSAURI \/ <strong>In\u00e9dit en France<\/strong><\/span><\/li>\n<li><span style=\"font-family: georgia, palatino, serif; font-size: 12pt; color: #000000;\">GENITORI VS INFLUENCER \/ <strong>In\u00e9dit en France<\/strong><\/span><\/li>\n<li><span style=\"font-family: georgia, palatino, serif; font-size: 12pt; color: #000000;\">A CHIARA \/ <strong>Avant-Premi\u00e8re<\/strong><\/span><\/li>\n<li><span style=\"font-family: georgia, palatino, serif; font-size: 12pt; color: #000000;\">LA DEA FORTUNA<\/span><\/li>\n<li><span style=\"font-family: georgia, palatino, serif; font-size: 12pt; color: #000000;\">IL PECCATO (Michel-Ange)<\/span><\/li>\n<li><span style=\"font-family: georgia, palatino, serif; font-size: 12pt; color: #000000;\">IL VARCO<\/span><\/li>\n<\/ul>\n<p><span style=\"font-family: georgia, palatino, serif; font-size: 12pt; color: #000000;\">Et pour ceux qui n&rsquo;auraient pas pu voir certains films en octobre dernier,\u00a0 seront rediffus\u00e9s :<\/span><\/p>\n<ul>\n<li><span style=\"font-family: georgia, palatino, serif; font-size: 12pt; color: #000000;\">IL CAMPIONE<\/span><\/li>\n<li><span style=\"font-family: georgia, palatino, serif; font-size: 12pt; color: #000000;\">IL TRADITORE<\/span><\/li>\n<\/ul>\n<p><span style=\"color: #000000;\">\u00a0<\/span><\/p>\n<p data-wp-editing=\"1\"><span style=\"color: #000000;\"><img loading=\"lazy\" decoding=\"async\" class=\"wp-image-8629 alignleft\" src=\"https:\/\/www.pedagogie.ac-nice.fr\/daac\/wp-content\/uploads\/sites\/37\/2021\/10\/fichier_pdf.jpg\" alt=\"\" width=\"72\" height=\"75\" \/><\/span><\/p>\n<p><span style=\"color: #000000;\">Toutes les informations ici<\/span><\/p>\n<p>&nbsp;<\/p>\n<p><a href=\"https:\/\/www.pedagogie.ac-nice.fr\/daac\/wp-content\/uploads\/sites\/37\/2022\/02\/FICHE_INSCRIPTION_Espace_Magnan_Cinema_Scolaires_2021_2022_modifiable.pdf\" target=\"_blank\" rel=\"noopener\"><img loading=\"lazy\" decoding=\"async\" class=\"alignleft wp-image-8621\" src=\"https:\/\/www.pedagogie.ac-nice.fr\/daac\/wp-content\/uploads\/sites\/37\/2021\/10\/fichier_modifiable.jpg\" alt=\"\" width=\"75\" height=\"75\" srcset=\"https:\/\/www.pedagogie.ac-nice.fr\/daac\/wp-content\/uploads\/sites\/37\/2021\/10\/fichier_modifiable.jpg 273w, https:\/\/www.pedagogie.ac-nice.fr\/daac\/wp-content\/uploads\/sites\/37\/2021\/10\/fichier_modifiable-150x150.jpg 150w\" sizes=\"(max-width: 75px) 100vw, 75px\" \/><\/a><br \/><span style=\"color: #000000;\">Le bulletin d&rsquo;inscription<\/span><\/p>\n<p>[\/et_pb_text][\/et_pb_column][\/et_pb_row][\/et_pb_section]<\/p>\n","protected":false},"excerpt":{"rendered":"<p>Pour aller plus loin, Exposition \u00ab\u00a0Ciao Italia ! \u00a0\u00bb du 11 octobre au 22 mars 2022CannesToutes les infos en cliquant sur l&rsquo;afficheFESTIVAL DU CIN\u00c9MA ITALIEN Les 36e \u00a0 Journ\u00e9es du Cin\u00e9ma Italien se d\u00e9rouleront du 12 au 26 mars 2022 \u00e0 l&rsquo;Espace Magnan \u00e0 Nice, afin de promouvoir la connaissance et la diffusion de la [&hellip;]<\/p>\n","protected":false},"author":241,"featured_media":0,"parent":0,"menu_order":0,"comment_status":"closed","ping_status":"closed","template":"","meta":{"_et_pb_use_builder":"on","_et_pb_old_content":"","_et_gb_content_width":"","ngg_post_thumbnail":0,"footnotes":""},"class_list":["post-5372","page","type-page","status-publish","hentry"],"rttpg_featured_image_url":null,"rttpg_author":{"display_name":"daacadmin","author_link":"https:\/\/www.pedagogie.ac-nice.fr\/daac\/author\/daacadmin\/"},"rttpg_comment":0,"rttpg_category":null,"rttpg_excerpt":"Pour aller plus loin, Exposition \"Ciao Italia ! \" du 11 octobre au 22 mars 2022CannesToutes les infos en cliquant sur l'afficheFESTIVAL DU CIN\u00c9MA ITALIEN Les 36e \u00a0 Journ\u00e9es du Cin\u00e9ma Italien se d\u00e9rouleront du 12 au 26 mars 2022 \u00e0 l'Espace Magnan \u00e0 Nice, afin de promouvoir la connaissance et la diffusion de la\u2026","post_mailing_queue_ids":[],"_links":{"self":[{"href":"https:\/\/www.pedagogie.ac-nice.fr\/daac\/wp-json\/wp\/v2\/pages\/5372","targetHints":{"allow":["GET"]}}],"collection":[{"href":"https:\/\/www.pedagogie.ac-nice.fr\/daac\/wp-json\/wp\/v2\/pages"}],"about":[{"href":"https:\/\/www.pedagogie.ac-nice.fr\/daac\/wp-json\/wp\/v2\/types\/page"}],"author":[{"embeddable":true,"href":"https:\/\/www.pedagogie.ac-nice.fr\/daac\/wp-json\/wp\/v2\/users\/241"}],"replies":[{"embeddable":true,"href":"https:\/\/www.pedagogie.ac-nice.fr\/daac\/wp-json\/wp\/v2\/comments?post=5372"}],"version-history":[{"count":14,"href":"https:\/\/www.pedagogie.ac-nice.fr\/daac\/wp-json\/wp\/v2\/pages\/5372\/revisions"}],"predecessor-version":[{"id":14496,"href":"https:\/\/www.pedagogie.ac-nice.fr\/daac\/wp-json\/wp\/v2\/pages\/5372\/revisions\/14496"}],"wp:attachment":[{"href":"https:\/\/www.pedagogie.ac-nice.fr\/daac\/wp-json\/wp\/v2\/media?parent=5372"}],"curies":[{"name":"wp","href":"https:\/\/api.w.org\/{rel}","templated":true}]}}

<p>[et_pb_section fb_built= »1&Prime; _builder_version= »4.10.7&Prime; _module_preset= »default » global_colors_info= »{} »][et_pb_row column_structure= »2_5,3_5&Prime; _builder_version= »4.10.7&Prime; _module_preset= »default » global_colors_info= »{} »][et_pb_column type= »2_5&Prime; _builder_version= »4.10.7&Prime; _module_preset= »default » global_colors_info= »{} »][et_pb_text admin_label= »logo cinema » _builder_version= »4.10.7&Prime; _module_preset= »default » global_colors_info= »{} »]</p>
<p><a href="https://www.pedagogie.ac-nice.fr/daac/pole_cinema_2021/" target="_blank" rel="noopener"><img loading="lazy" decoding="async" class="aligncenter wp-image-5920 size-full" src="https://www.pedagogie.ac-nice.fr/daac/wp-content/uploads/sites/37/2021/09/cinema.png" alt="" width="349" height="213" srcset="https://www.pedagogie.ac-nice.fr/daac/wp-content/uploads/sites/37/2021/09/cinema.png 349w, https://www.pedagogie.ac-nice.fr/daac/wp-content/uploads/sites/37/2021/09/cinema-300x183.png 300w" sizes="(max-width: 349px) 100vw, 349px" /></a></p>
<p>[/et_pb_text][et_pb_divider _builder_version= »4.10.7&Prime; _module_preset= »default » global_colors_info= »{} »][/et_pb_divider][et_pb_text admin_label= »ciao italia » _builder_version= »4.10.7&Prime; _module_preset= »default » hover_enabled= »0&Prime; global_colors_info= »{} » sticky_enabled= »0&Prime;]</p>
<p style="text-align: center;"><span style="color: #ff00ff;"><span style="color: #ff6600; font-size: 10pt;"><strong><span style="color: #993366;">Pour aller plus loin, Exposition « Ciao Italia !</span>  » </strong></span><br /></span><span style="color: #ff00ff;"><span style="font-size: 10pt; color: #000000;">du 11 octobre au 22 mars 2022</span><br /><span style="font-size: 10pt; color: #000000;">Cannes</span><br /><a href="https://www.pedagogie.ac-nice.fr/daac/2021/09/02/limmigration-italienne/" target="_blank" rel="noopener"><img loading="lazy" decoding="async" class="aligncenter wp-image-2450" src="https://www.pedagogie.ac-nice.fr/daac/wp-content/uploads/sites/37/2021/02/ciao_italia.jpg" alt="" width="205" height="276" srcset="https://www.pedagogie.ac-nice.fr/daac/wp-content/uploads/sites/37/2021/02/ciao_italia.jpg 794w, https://www.pedagogie.ac-nice.fr/daac/wp-content/uploads/sites/37/2021/02/ciao_italia-223x300.jpg 223w, https://www.pedagogie.ac-nice.fr/daac/wp-content/uploads/sites/37/2021/02/ciao_italia-761x1024.jpg 761w, https://www.pedagogie.ac-nice.fr/daac/wp-content/uploads/sites/37/2021/02/ciao_italia-768x1033.jpg 768w" sizes="(max-width: 205px) 100vw, 205px" /></a><span style="font-size: 8pt; color: #000000;">Toutes les infos en cliquant sur l&rsquo;affiche</span></span></p>
<p>[/et_pb_text][et_pb_text admin_label= »logo patrimoine » _builder_version= »4.10.7&Prime; _module_preset= »default » global_colors_info= »{} »]</p>
<p><a href="https://www.pedagogie.ac-nice.fr/daac/patrimoines-memoires-2021/" target="_blank" rel="noopener"><img loading="lazy" decoding="async" class="aligncenter wp-image-5925" src="https://www.pedagogie.ac-nice.fr/daac/wp-content/uploads/sites/37/2021/09/patrimoine_memoires.png" alt="" width="252" height="161" srcset="https://www.pedagogie.ac-nice.fr/daac/wp-content/uploads/sites/37/2021/09/patrimoine_memoires.png 347w, https://www.pedagogie.ac-nice.fr/daac/wp-content/uploads/sites/37/2021/09/patrimoine_memoires-300x192.png 300w" sizes="(max-width: 252px) 100vw, 252px" /></a></p>
<p>[/et_pb_text][/et_pb_column][et_pb_column type= »3_5&Prime; _builder_version= »4.10.7&Prime; _module_preset= »default » global_colors_info= »{} »][et_pb_text admin_label= »Annonce » _builder_version= »4.10.7&Prime; _module_preset= »default » hover_enabled= »0&Prime; global_colors_info= »{} » text_font= »Trebuchet|||||||| » text_text_color= »#000000&Prime; text_font_size= »17px » text_orientation= »justified » sticky_enabled= »0&Prime; custom_padding= »||3px||| »]</p>
<p style="text-align: center;"><span style="font-size: 14pt;"><strong><span style="color: #ff00ff;"><span style="color: #993366;">FESTIVAL DU CINÉMA ITALIEN</span><br /><img loading="lazy" decoding="async" class="alignnone size-full wp-image-11190" src="https://www.pedagogie.ac-nice.fr/daac/wp-content/uploads/sites/37/2022/02/36e_journees_cine_italien.jpg" alt="" width="1097" height="167" srcset="https://www.pedagogie.ac-nice.fr/daac/wp-content/uploads/sites/37/2022/02/36e_journees_cine_italien.jpg 1097w, https://www.pedagogie.ac-nice.fr/daac/wp-content/uploads/sites/37/2022/02/36e_journees_cine_italien-300x46.jpg 300w, https://www.pedagogie.ac-nice.fr/daac/wp-content/uploads/sites/37/2022/02/36e_journees_cine_italien-1024x156.jpg 1024w, https://www.pedagogie.ac-nice.fr/daac/wp-content/uploads/sites/37/2022/02/36e_journees_cine_italien-768x117.jpg 768w, https://www.pedagogie.ac-nice.fr/daac/wp-content/uploads/sites/37/2022/02/36e_journees_cine_italien-1080x164.jpg 1080w" sizes="(max-width: 1097px) 100vw, 1097px" /><br /></span></strong></span></p>
<p style="text-align: justify;"><span style="color: #000000;"><strong>Les 36<sup>e</sup>   Journées du Cinéma Italien</strong> se dérouleront <strong>du 12 au 26 mars 2022 à l&rsquo;Espace Magnan à Nice</strong>, afin de promouvoir la connaissance et la diffusion de la langue et de la culture italiennes.</span></p>
<p style="text-align: justify;"><span style="color: #000000;">Cette manifestation participe à la Campagne Académique Promotionnelle de l&rsquo;Italien organisée par l&rsquo;API 06/83, Association des Professeurs d’Italien des Alpes-Maritimes et du Var présidée par M. Dalmasso.</span></p>
<p><span style="color: #000000;"><strong>Les séances seront exclusivement réservées aux scolaires</strong>.</span></p>
<p><span style="font-family: georgia, palatino, serif; font-size: 12pt; color: #000000;">Films proposés lors de cette 36e édition : </span></p>
<ul>
<li><span style="font-family: georgia, palatino, serif; font-size: 12pt; color: #000000;">LA MOUETTE ET LE CHAT (VF) / <strong>Ressortie en version restaurée</strong></span></li>
<li><span style="font-family: georgia, palatino, serif; font-size: 12pt; color: #000000;">MIO FRATELLO RINCORRE I DINOSAURI / <strong>Inédit en France</strong></span></li>
<li><span style="font-family: georgia, palatino, serif; font-size: 12pt; color: #000000;">GENITORI VS INFLUENCER / <strong>Inédit en France</strong></span></li>
<li><span style="font-family: georgia, palatino, serif; font-size: 12pt; color: #000000;">A CHIARA / <strong>Avant-Première</strong></span></li>
<li><span style="font-family: georgia, palatino, serif; font-size: 12pt; color: #000000;">LA DEA FORTUNA</span></li>
<li><span style="font-family: georgia, palatino, serif; font-size: 12pt; color: #000000;">IL PECCATO (Michel-Ange)</span></li>
<li><span style="font-family: georgia, palatino, serif; font-size: 12pt; color: #000000;">IL VARCO</span></li>
</ul>
<p><span style="font-family: georgia, palatino, serif; font-size: 12pt; color: #000000;">Et pour ceux qui n&rsquo;auraient pas pu voir certains films en octobre dernier,  seront rediffusés :</span></p>
<ul>
<li><span style="font-family: georgia, palatino, serif; font-size: 12pt; color: #000000;">IL CAMPIONE</span></li>
<li><span style="font-family: georgia, palatino, serif; font-size: 12pt; color: #000000;">IL TRADITORE</span></li>
</ul>
<p><span style="color: #000000;"> </span></p>
<p data-wp-editing="1"><span style="color: #000000;"><img loading="lazy" decoding="async" class="wp-image-8629 alignleft" src="https://www.pedagogie.ac-nice.fr/daac/wp-content/uploads/sites/37/2021/10/fichier_pdf.jpg" alt="" width="72" height="75" /></span></p>
<p><span style="color: #000000;">Toutes les informations ici</span></p>
<p>&nbsp;</p>
<p><a href="https://www.pedagogie.ac-nice.fr/daac/wp-content/uploads/sites/37/2022/02/FICHE_INSCRIPTION_Espace_Magnan_Cinema_Scolaires_2021_2022_modifiable.pdf" target="_blank" rel="noopener"><img loading="lazy" decoding="async" class="alignleft wp-image-8621" src="https://www.pedagogie.ac-nice.fr/daac/wp-content/uploads/sites/37/2021/10/fichier_modifiable.jpg" alt="" width="75" height="75" srcset="https://www.pedagogie.ac-nice.fr/daac/wp-content/uploads/sites/37/2021/10/fichier_modifiable.jpg 273w, https://www.pedagogie.ac-nice.fr/daac/wp-content/uploads/sites/37/2021/10/fichier_modifiable-150x150.jpg 150w" sizes="(max-width: 75px) 100vw, 75px" /></a><br /><span style="color: #000000;">Le bulletin d&rsquo;inscription</span></p>
<p>[/et_pb_text][/et_pb_column][/et_pb_row][/et_pb_section]</p>

<p>Pour aller plus loin, Exposition « Ciao Italia !  » du 11 octobre au 22 mars 2022CannesToutes les infos en cliquant sur l&rsquo;afficheFESTIVAL DU CINÉMA ITALIEN Les 36e   Journées du Cinéma Italien se dérouleront du 12 au 26 mars 2022 à l&rsquo;Espace Magnan à Nice, afin de promouvoir la connaissance et la diffusion de la [&hellip;]</p>

Pour aller plus loin, Exposition "Ciao Italia ! " du 11 octobre au 22 mars 2022CannesToutes les infos en cliquant sur l'afficheFESTIVAL DU CINÉMA ITALIEN Les 36e   Journées du Cinéma Italien se dérouleront du 12 au 26 mars 2022 à l'Espace Magnan à Nice, afin de promouvoir la connaissance et la diffusion de la…
