{"id":5393,"date":"2021-09-15T23:01:19","date_gmt":"2021-09-15T21:01:19","guid":{"rendered":"https:\/\/www.pedagogie.ac-nice.fr\/daac\/?page_id=5393"},"modified":"2022-01-21T12:23:14","modified_gmt":"2022-01-21T11:23:14","slug":"rdv-du-soir","status":"publish","type":"page","link":"https:\/\/www.pedagogie.ac-nice.fr\/daac\/rdv-du-soir\/","title":{"rendered":"RDV du soir"},"content":{"rendered":"<p>[et_pb_section fb_built=\u00a0\u00bb1&Prime; _builder_version=\u00a0\u00bb4.10.7&Prime; _module_preset=\u00a0\u00bbdefault\u00a0\u00bb global_colors_info=\u00a0\u00bb{}\u00a0\u00bb][et_pb_row column_structure=\u00a0\u00bb2_5,3_5&Prime; _builder_version=\u00a0\u00bb4.10.7&Prime; _module_preset=\u00a0\u00bbdefault\u00a0\u00bb global_colors_info=\u00a0\u00bb{}\u00a0\u00bb][et_pb_column type=\u00a0\u00bb2_5&Prime; _builder_version=\u00a0\u00bb4.10.7&Prime; _module_preset=\u00a0\u00bbdefault\u00a0\u00bb global_colors_info=\u00a0\u00bb{}\u00a0\u00bb][et_pb_text admin_label=\u00a0\u00bbvisuel\u00a0\u00bb _builder_version=\u00a0\u00bb4.10.7&Prime; _module_preset=\u00a0\u00bbdefault\u00a0\u00bb global_colors_info=\u00a0\u00bb{}\u00a0\u00bb]<\/p>\n<p><img loading=\"lazy\" decoding=\"async\" class=\"alignnone size-full wp-image-5391 aligncenter\" src=\"https:\/\/www.pedagogie.ac-nice.fr\/daac\/wp-content\/uploads\/sites\/37\/2021\/09\/rdv_soir_visuel.jpg\" alt=\"\" width=\"285\" height=\"193\"><\/p>\n<p>[\/et_pb_text][et_pb_divider _builder_version=\u00a0\u00bb4.10.7&Prime; _module_preset=\u00a0\u00bbdefault\u00a0\u00bb global_colors_info=\u00a0\u00bb{}\u00a0\u00bb][\/et_pb_divider][et_pb_text admin_label=\u00a0\u00bbAD83&Prime; _builder_version=\u00a0\u00bb4.10.7&Prime; _module_preset=\u00a0\u00bbdefault\u00a0\u00bb hover_enabled=\u00a0\u00bb0&Prime; global_colors_info=\u00a0\u00bb{}\u00a0\u00bb sticky_enabled=\u00a0\u00bb0&Prime;]<\/p>\n<p><a href=\"https:\/\/www.pedagogie.ac-nice.fr\/daac\/camps-ad-83-camps-dinternes-civils\/\" target=\"_blank\" rel=\"noopener\"><img loading=\"lazy\" decoding=\"async\" class=\"aligncenter wp-image-1383 size-medium\" src=\"https:\/\/www.pedagogie.ac-nice.fr\/daac\/wp-content\/uploads\/sites\/37\/2020\/11\/ADVAR-300x94.png\" alt=\"logo des archives d\u00e9partementales du Var. En un clic, retrouvez les ressources propos\u00e9es aux enseignants\" width=\"300\" height=\"94\" srcset=\"https:\/\/www.pedagogie.ac-nice.fr\/daac\/wp-content\/uploads\/sites\/37\/2020\/11\/ADVAR-300x94.png 300w, https:\/\/www.pedagogie.ac-nice.fr\/daac\/wp-content\/uploads\/sites\/37\/2020\/11\/ADVAR.png 472w\" sizes=\"(max-width: 300px) 100vw, 300px\" \/><\/a><\/p>\n<p>[\/et_pb_text][et_pb_divider _builder_version=\u00a0\u00bb4.10.7&Prime; _module_preset=\u00a0\u00bbdefault\u00a0\u00bb min_height=\u00a0\u00bb10.8px\u00a0\u00bb custom_margin=\u00a0\u00bb130px|||||\u00a0\u00bb global_colors_info=\u00a0\u00bb{}\u00a0\u00bb][\/et_pb_divider][et_pb_text admin_label=\u00a0\u00bbmus\u00e9e toulon\u00a0\u00bb _builder_version=\u00a0\u00bb4.10.7&Prime; _module_preset=\u00a0\u00bbdefault\u00a0\u00bb custom_margin=\u00a0\u00bb0px|||||\u00a0\u00bb global_colors_info=\u00a0\u00bb{}\u00a0\u00bb]<\/p>\n<p><a href=\"https:\/\/www.pedagogie.ac-nice.fr\/daac\/minerve-au-musee-de-toulon\/\" target=\"_blank\" rel=\"noopener\"><img loading=\"lazy\" decoding=\"async\" class=\"aligncenter wp-image-2951 size-full\" src=\"https:\/\/www.pedagogie.ac-nice.fr\/daac\/wp-content\/uploads\/sites\/37\/2021\/04\/musee_national_marine.png\" alt=\"\" width=\"209\" height=\"117\"><\/a><\/p>\n<p>[\/et_pb_text][\/et_pb_column][et_pb_column type=\u00a0\u00bb3_5&Prime; _builder_version=\u00a0\u00bb4.10.7&Prime; _module_preset=\u00a0\u00bbdefault\u00a0\u00bb global_colors_info=\u00a0\u00bb{}\u00a0\u00bb][et_pb_text _builder_version=\u00a0\u00bb4.10.7&Prime; _module_preset=\u00a0\u00bbdefault\u00a0\u00bb hover_enabled=\u00a0\u00bb0&Prime; global_colors_info=\u00a0\u00bb{}\u00a0\u00bb sticky_enabled=\u00a0\u00bb0&Prime;]<\/p>\n<p><a href=\"https:\/\/www.pedagogie.ac-nice.fr\/daac\/camps-ad-83-camps-dinternes-civils\/\" target=\"_blank\" rel=\"noopener\"><img loading=\"lazy\" decoding=\"async\" class=\"aligncenter wp-image-10701 size-medium\" src=\"https:\/\/www.pedagogie.ac-nice.fr\/daac\/wp-content\/uploads\/sites\/37\/2022\/01\/AD83_civils_2eGM-300x217.jpg\" alt=\"\" width=\"300\" height=\"217\" srcset=\"https:\/\/www.pedagogie.ac-nice.fr\/daac\/wp-content\/uploads\/sites\/37\/2022\/01\/AD83_civils_2eGM-300x217.jpg 300w, https:\/\/www.pedagogie.ac-nice.fr\/daac\/wp-content\/uploads\/sites\/37\/2022\/01\/AD83_civils_2eGM-768x556.jpg 768w, https:\/\/www.pedagogie.ac-nice.fr\/daac\/wp-content\/uploads\/sites\/37\/2022\/01\/AD83_civils_2eGM.jpg 900w\" sizes=\"(max-width: 300px) 100vw, 300px\" \/><\/a><\/p>\n<p>[\/et_pb_text][et_pb_text admin_label=\u00a0\u00bbcamps d&rsquo;internement\u00a0\u00bb _builder_version=\u00a0\u00bb4.10.7&Prime; _module_preset=\u00a0\u00bbdefault\u00a0\u00bb hover_enabled=\u00a0\u00bb0&Prime; global_colors_info=\u00a0\u00bb{}\u00a0\u00bb sticky_enabled=\u00a0\u00bb0&Prime;]<\/p>\n<h2 class=\"sous_titre\" style=\"text-align: center;\"><a href=\"https:\/\/www.pedagogie.ac-nice.fr\/daac\/camps-ad-83-camps-dinternes-civils\/\" target=\"_blank\" rel=\"noopener\"><span style=\"color: #000000;\">\u00ab\u00a0Les camps d&rsquo;intern\u00e9s civils austro-allemands du Var durant la Grande Guerre\u00a0\u00bb par St\u00e9phane KRONENBERGER, docteur en histoire \u00e0 l&rsquo;universit\u00e9 C\u00f4te d&rsquo;Azur<\/span><\/a><\/h2>\n<p style=\"text-align: center;\"><a href=\"_wp_link_placeholder\"><strong><span style=\"color: #ff00ff;\">Date et horaire : le jeudi 27 janvier 2022 \u00e0 18h00<\/span><\/strong><\/a><\/p>\n<p><a href=\"_wp_link_placeholder\"><span style=\"color: #0000ff;\">Toutes les informations ici<\/span><\/a><\/p>\n<p>[\/et_pb_text][et_pb_divider _builder_version=\u00a0\u00bb4.10.7&Prime; _module_preset=\u00a0\u00bbdefault\u00a0\u00bb global_colors_info=\u00a0\u00bb{}\u00a0\u00bb][\/et_pb_divider][et_pb_text admin_label=\u00a0\u00bbMinerve visuel\u00a0\u00bb _builder_version=\u00a0\u00bb4.10.7&Prime; _module_preset=\u00a0\u00bbdefault\u00a0\u00bb global_colors_info=\u00a0\u00bb{}\u00a0\u00bb]<\/p>\n<p><a href=\"https:\/\/www.pedagogie.ac-nice.fr\/daac\/minerve-au-musee-de-toulon\/\" target=\"_blank\" rel=\"noopener\"><img loading=\"lazy\" decoding=\"async\" class=\"aligncenter wp-image-10750 size-medium\" src=\"https:\/\/www.pedagogie.ac-nice.fr\/daac\/wp-content\/uploads\/sites\/37\/2022\/01\/banner_site_motif_vague_toulon_minerve_22_credit-300x143.png\" alt=\"\" width=\"300\" height=\"143\" srcset=\"https:\/\/www.pedagogie.ac-nice.fr\/daac\/wp-content\/uploads\/sites\/37\/2022\/01\/banner_site_motif_vague_toulon_minerve_22_credit-300x143.png 300w, https:\/\/www.pedagogie.ac-nice.fr\/daac\/wp-content\/uploads\/sites\/37\/2022\/01\/banner_site_motif_vague_toulon_minerve_22_credit-768x365.png 768w, https:\/\/www.pedagogie.ac-nice.fr\/daac\/wp-content\/uploads\/sites\/37\/2022\/01\/banner_site_motif_vague_toulon_minerve_22_credit.png 800w\" sizes=\"(max-width: 300px) 100vw, 300px\" \/><\/a><\/p>\n<p>[\/et_pb_text][et_pb_text _builder_version=\u00a0\u00bb4.10.7&Prime; _module_preset=\u00a0\u00bbdefault\u00a0\u00bb global_colors_info=\u00a0\u00bb{}\u00a0\u00bb]<\/p>\n<p><a href=\"https:\/\/www.pedagogie.ac-nice.fr\/daac\/minerve-au-musee-de-toulon\/\" target=\"_blank\" rel=\"noopener\"><span style=\"color: #0000ff;\">Le mus\u00e9e national de la Marine rend hommage aux sous-mariniers disparus de&nbsp;<strong>La&nbsp;<em>Minerve<\/em><\/strong>&nbsp;le&nbsp;<strong><span style=\"color: #ff00ff;\">vendredi 28 janvier 2022<\/span>.<\/strong><\/span><\/a><br \/><a href=\"_wp_link_placeholder\"> <span style=\"color: #0000ff;\">Tout au long d\u2019une soir\u00e9e exceptionnelle seront \u00e9voqu\u00e9s le souvenir des disparus et les recherches entreprises depuis la disparition inexpliqu\u00e9e de <strong>La&nbsp;<em>Minerve<\/em> le 27 janvier 1968&nbsp;<\/strong>au large des c\u00f4tes toulonnaises.<\/span><\/a><\/p>\n<p><a href=\"_wp_link_placeholder\"><span style=\"color: #0000ff;\">Toutes les informations ici<\/span><\/a><\/p>\n<p>[\/et_pb_text][\/et_pb_column][\/et_pb_row][\/et_pb_section]<\/p>\n","protected":false},"excerpt":{"rendered":"<p>\u00ab\u00a0Les camps d&rsquo;intern\u00e9s civils austro-allemands du Var durant la Grande Guerre\u00a0\u00bb par St\u00e9phane KRONENBERGER, docteur en histoire \u00e0 l&rsquo;universit\u00e9 C\u00f4te d&rsquo;Azur Date et horaire : le jeudi 27 janvier 2022 \u00e0 18h00 Toutes les informations iciLe mus\u00e9e national de la Marine rend hommage aux sous-mariniers disparus de&nbsp;La&nbsp;Minerve&nbsp;le&nbsp;vendredi 28 janvier 2022. Tout au long d\u2019une soir\u00e9e [&hellip;]<\/p>\n","protected":false},"author":241,"featured_media":0,"parent":0,"menu_order":0,"comment_status":"closed","ping_status":"closed","template":"","meta":{"_et_pb_use_builder":"on","_et_pb_old_content":"","_et_gb_content_width":"","ngg_post_thumbnail":0,"footnotes":""},"class_list":["post-5393","page","type-page","status-publish","hentry"],"rttpg_featured_image_url":null,"rttpg_author":{"display_name":"daacadmin","author_link":"https:\/\/www.pedagogie.ac-nice.fr\/daac\/author\/daacadmin\/"},"rttpg_comment":0,"rttpg_category":null,"rttpg_excerpt":"\"Les camps d'intern\u00e9s civils austro-allemands du Var durant la Grande Guerre\" par St\u00e9phane KRONENBERGER, docteur en histoire \u00e0 l'universit\u00e9 C\u00f4te d'Azur Date et horaire : le jeudi 27 janvier 2022 \u00e0 18h00 Toutes les informations iciLe mus\u00e9e national de la Marine rend hommage aux sous-mariniers disparus de&nbsp;La&nbsp;Minerve&nbsp;le&nbsp;vendredi 28 janvier 2022. Tout au long d\u2019une soir\u00e9e\u2026","post_mailing_queue_ids":[],"_links":{"self":[{"href":"https:\/\/www.pedagogie.ac-nice.fr\/daac\/wp-json\/wp\/v2\/pages\/5393","targetHints":{"allow":["GET"]}}],"collection":[{"href":"https:\/\/www.pedagogie.ac-nice.fr\/daac\/wp-json\/wp\/v2\/pages"}],"about":[{"href":"https:\/\/www.pedagogie.ac-nice.fr\/daac\/wp-json\/wp\/v2\/types\/page"}],"author":[{"embeddable":true,"href":"https:\/\/www.pedagogie.ac-nice.fr\/daac\/wp-json\/wp\/v2\/users\/241"}],"replies":[{"embeddable":true,"href":"https:\/\/www.pedagogie.ac-nice.fr\/daac\/wp-json\/wp\/v2\/comments?post=5393"}],"version-history":[{"count":14,"href":"https:\/\/www.pedagogie.ac-nice.fr\/daac\/wp-json\/wp\/v2\/pages\/5393\/revisions"}],"predecessor-version":[{"id":10777,"href":"https:\/\/www.pedagogie.ac-nice.fr\/daac\/wp-json\/wp\/v2\/pages\/5393\/revisions\/10777"}],"wp:attachment":[{"href":"https:\/\/www.pedagogie.ac-nice.fr\/daac\/wp-json\/wp\/v2\/media?parent=5393"}],"curies":[{"name":"wp","href":"https:\/\/api.w.org\/{rel}","templated":true}]}}

<p>[et_pb_section fb_built= »1&Prime; _builder_version= »4.10.7&Prime; _module_preset= »default » global_colors_info= »{} »][et_pb_row column_structure= »2_5,3_5&Prime; _builder_version= »4.10.7&Prime; _module_preset= »default » global_colors_info= »{} »][et_pb_column type= »2_5&Prime; _builder_version= »4.10.7&Prime; _module_preset= »default » global_colors_info= »{} »][et_pb_text admin_label= »visuel » _builder_version= »4.10.7&Prime; _module_preset= »default » global_colors_info= »{} »]</p>
<p><img loading="lazy" decoding="async" class="alignnone size-full wp-image-5391 aligncenter" src="https://www.pedagogie.ac-nice.fr/daac/wp-content/uploads/sites/37/2021/09/rdv_soir_visuel.jpg" alt="" width="285" height="193"></p>
<p>[/et_pb_text][et_pb_divider _builder_version= »4.10.7&Prime; _module_preset= »default » global_colors_info= »{} »][/et_pb_divider][et_pb_text admin_label= »AD83&Prime; _builder_version= »4.10.7&Prime; _module_preset= »default » hover_enabled= »0&Prime; global_colors_info= »{} » sticky_enabled= »0&Prime;]</p>
<p><a href="https://www.pedagogie.ac-nice.fr/daac/camps-ad-83-camps-dinternes-civils/" target="_blank" rel="noopener"><img loading="lazy" decoding="async" class="aligncenter wp-image-1383 size-medium" src="https://www.pedagogie.ac-nice.fr/daac/wp-content/uploads/sites/37/2020/11/ADVAR-300x94.png" alt="logo des archives départementales du Var. En un clic, retrouvez les ressources proposées aux enseignants" width="300" height="94" srcset="https://www.pedagogie.ac-nice.fr/daac/wp-content/uploads/sites/37/2020/11/ADVAR-300x94.png 300w, https://www.pedagogie.ac-nice.fr/daac/wp-content/uploads/sites/37/2020/11/ADVAR.png 472w" sizes="(max-width: 300px) 100vw, 300px" /></a></p>
<p>[/et_pb_text][et_pb_divider _builder_version= »4.10.7&Prime; _module_preset= »default » min_height= »10.8px » custom_margin= »130px||||| » global_colors_info= »{} »][/et_pb_divider][et_pb_text admin_label= »musée toulon » _builder_version= »4.10.7&Prime; _module_preset= »default » custom_margin= »0px||||| » global_colors_info= »{} »]</p>
<p><a href="https://www.pedagogie.ac-nice.fr/daac/minerve-au-musee-de-toulon/" target="_blank" rel="noopener"><img loading="lazy" decoding="async" class="aligncenter wp-image-2951 size-full" src="https://www.pedagogie.ac-nice.fr/daac/wp-content/uploads/sites/37/2021/04/musee_national_marine.png" alt="" width="209" height="117"></a></p>
<p>[/et_pb_text][/et_pb_column][et_pb_column type= »3_5&Prime; _builder_version= »4.10.7&Prime; _module_preset= »default » global_colors_info= »{} »][et_pb_text _builder_version= »4.10.7&Prime; _module_preset= »default » hover_enabled= »0&Prime; global_colors_info= »{} » sticky_enabled= »0&Prime;]</p>
<p><a href="https://www.pedagogie.ac-nice.fr/daac/camps-ad-83-camps-dinternes-civils/" target="_blank" rel="noopener"><img loading="lazy" decoding="async" class="aligncenter wp-image-10701 size-medium" src="https://www.pedagogie.ac-nice.fr/daac/wp-content/uploads/sites/37/2022/01/AD83_civils_2eGM-300x217.jpg" alt="" width="300" height="217" srcset="https://www.pedagogie.ac-nice.fr/daac/wp-content/uploads/sites/37/2022/01/AD83_civils_2eGM-300x217.jpg 300w, https://www.pedagogie.ac-nice.fr/daac/wp-content/uploads/sites/37/2022/01/AD83_civils_2eGM-768x556.jpg 768w, https://www.pedagogie.ac-nice.fr/daac/wp-content/uploads/sites/37/2022/01/AD83_civils_2eGM.jpg 900w" sizes="(max-width: 300px) 100vw, 300px" /></a></p>
<p>[/et_pb_text][et_pb_text admin_label= »camps d&rsquo;internement » _builder_version= »4.10.7&Prime; _module_preset= »default » hover_enabled= »0&Prime; global_colors_info= »{} » sticky_enabled= »0&Prime;]</p>
<h2 class="sous_titre" style="text-align: center;"><a href="https://www.pedagogie.ac-nice.fr/daac/camps-ad-83-camps-dinternes-civils/" target="_blank" rel="noopener"><span style="color: #000000;">« Les camps d&rsquo;internés civils austro-allemands du Var durant la Grande Guerre » par Stéphane KRONENBERGER, docteur en histoire à l&rsquo;université Côte d&rsquo;Azur</span></a></h2>
<p style="text-align: center;"><a href="_wp_link_placeholder"><strong><span style="color: #ff00ff;">Date et horaire : le jeudi 27 janvier 2022 à 18h00</span></strong></a></p>
<p><a href="_wp_link_placeholder"><span style="color: #0000ff;">Toutes les informations ici</span></a></p>
<p>[/et_pb_text][et_pb_divider _builder_version= »4.10.7&Prime; _module_preset= »default » global_colors_info= »{} »][/et_pb_divider][et_pb_text admin_label= »Minerve visuel » _builder_version= »4.10.7&Prime; _module_preset= »default » global_colors_info= »{} »]</p>
<p><a href="https://www.pedagogie.ac-nice.fr/daac/minerve-au-musee-de-toulon/" target="_blank" rel="noopener"><img loading="lazy" decoding="async" class="aligncenter wp-image-10750 size-medium" src="https://www.pedagogie.ac-nice.fr/daac/wp-content/uploads/sites/37/2022/01/banner_site_motif_vague_toulon_minerve_22_credit-300x143.png" alt="" width="300" height="143" srcset="https://www.pedagogie.ac-nice.fr/daac/wp-content/uploads/sites/37/2022/01/banner_site_motif_vague_toulon_minerve_22_credit-300x143.png 300w, https://www.pedagogie.ac-nice.fr/daac/wp-content/uploads/sites/37/2022/01/banner_site_motif_vague_toulon_minerve_22_credit-768x365.png 768w, https://www.pedagogie.ac-nice.fr/daac/wp-content/uploads/sites/37/2022/01/banner_site_motif_vague_toulon_minerve_22_credit.png 800w" sizes="(max-width: 300px) 100vw, 300px" /></a></p>
<p>[/et_pb_text][et_pb_text _builder_version= »4.10.7&Prime; _module_preset= »default » global_colors_info= »{} »]</p>
<p><a href="https://www.pedagogie.ac-nice.fr/daac/minerve-au-musee-de-toulon/" target="_blank" rel="noopener"><span style="color: #0000ff;">Le musée national de la Marine rend hommage aux sous-mariniers disparus de&nbsp;<strong>La&nbsp;<em>Minerve</em></strong>&nbsp;le&nbsp;<strong><span style="color: #ff00ff;">vendredi 28 janvier 2022</span>.</strong></span></a><br /><a href="_wp_link_placeholder"> <span style="color: #0000ff;">Tout au long d’une soirée exceptionnelle seront évoqués le souvenir des disparus et les recherches entreprises depuis la disparition inexpliquée de <strong>La&nbsp;<em>Minerve</em> le 27 janvier 1968&nbsp;</strong>au large des côtes toulonnaises.</span></a></p>
<p><a href="_wp_link_placeholder"><span style="color: #0000ff;">Toutes les informations ici</span></a></p>
<p>[/et_pb_text][/et_pb_column][/et_pb_row][/et_pb_section]</p>

<p>« Les camps d&rsquo;internés civils austro-allemands du Var durant la Grande Guerre » par Stéphane KRONENBERGER, docteur en histoire à l&rsquo;université Côte d&rsquo;Azur Date et horaire : le jeudi 27 janvier 2022 à 18h00 Toutes les informations iciLe musée national de la Marine rend hommage aux sous-mariniers disparus de&nbsp;La&nbsp;Minerve&nbsp;le&nbsp;vendredi 28 janvier 2022. Tout au long d’une soirée [&hellip;]</p>

"Les camps d'internés civils austro-allemands du Var durant la Grande Guerre" par Stéphane KRONENBERGER, docteur en histoire à l'université Côte d'Azur Date et horaire : le jeudi 27 janvier 2022 à 18h00 Toutes les informations iciLe musée national de la Marine rend hommage aux sous-mariniers disparus de&nbsp;La&nbsp;Minerve&nbsp;le&nbsp;vendredi 28 janvier 2022. Tout au long d’une soirée…
