{"id":5685,"date":"2021-09-20T17:43:48","date_gmt":"2021-09-20T15:43:48","guid":{"rendered":"https:\/\/www.pedagogie.ac-nice.fr\/daac\/?page_id=5685"},"modified":"2022-09-24T16:18:39","modified_gmt":"2022-09-24T14:18:39","slug":"rencontres-cinematographiques-de-cannes","status":"publish","type":"page","link":"https:\/\/www.pedagogie.ac-nice.fr\/daac\/rencontres-cinematographiques-de-cannes\/","title":{"rendered":"Rencontres Cin\u00e9matographiques de Cannes"},"content":{"rendered":"<p>[et_pb_section fb_built=\u00a0\u00bb1&Prime; _builder_version=\u00a0\u00bb4.10.7&Prime; _module_preset=\u00a0\u00bbdefault\u00a0\u00bb global_colors_info=\u00a0\u00bb{}\u00a0\u00bb][et_pb_row column_structure=\u00a0\u00bb2_5,3_5&Prime; _builder_version=\u00a0\u00bb4.10.7&Prime; _module_preset=\u00a0\u00bbdefault\u00a0\u00bb global_colors_info=\u00a0\u00bb{}\u00a0\u00bb][et_pb_column type=\u00a0\u00bb2_5&Prime; _builder_version=\u00a0\u00bb4.10.7&Prime; _module_preset=\u00a0\u00bbdefault\u00a0\u00bb global_colors_info=\u00a0\u00bb{}\u00a0\u00bb][et_pb_text admin_label=\u00a0\u00bblogo cinema\u00a0\u00bb _builder_version=\u00a0\u00bb4.10.7&Prime; _module_preset=\u00a0\u00bbdefault\u00a0\u00bb global_colors_info=\u00a0\u00bb{}\u00a0\u00bb]<\/p>\n<p><a href=\"https:\/\/www.pedagogie.ac-nice.fr\/daac\/pole_cinema_2021\/\" target=\"_blank\" rel=\"noopener\"><img loading=\"lazy\" decoding=\"async\" class=\"aligncenter wp-image-5920 size-medium\" src=\"https:\/\/www.pedagogie.ac-nice.fr\/daac\/wp-content\/uploads\/sites\/37\/2021\/09\/cinema-300x183.png\" alt=\"\" width=\"300\" height=\"183\" srcset=\"https:\/\/www.pedagogie.ac-nice.fr\/daac\/wp-content\/uploads\/sites\/37\/2021\/09\/cinema-300x183.png 300w, https:\/\/www.pedagogie.ac-nice.fr\/daac\/wp-content\/uploads\/sites\/37\/2021\/09\/cinema.png 349w\" sizes=\"(max-width: 300px) 100vw, 300px\" \/><\/a><\/p>\n<p>[\/et_pb_text][et_pb_divider _builder_version=\u00a0\u00bb4.10.7&Prime; _module_preset=\u00a0\u00bbdefault\u00a0\u00bb global_colors_info=\u00a0\u00bb{}\u00a0\u00bb][\/et_pb_divider][et_pb_text admin_label=\u00a0\u00bbvisuel RCC\u00a0\u00bb _builder_version=\u00a0\u00bb4.10.7&Prime; _module_preset=\u00a0\u00bbdefault\u00a0\u00bb global_colors_info=\u00a0\u00bb{}\u00a0\u00bb]<\/p>\n<p><img loading=\"lazy\" decoding=\"async\" src=\"https:\/\/www.pedagogie.ac-nice.fr\/daac\/wp-content\/uploads\/sites\/37\/2022\/09\/rencontre-cine.png\" width=\"539\" height=\"277\" alt=\"\" class=\"wp-image-13705 alignnone size-full\" style=\"display: block; margin-left: auto; margin-right: auto;\" srcset=\"https:\/\/www.pedagogie.ac-nice.fr\/daac\/wp-content\/uploads\/sites\/37\/2022\/09\/rencontre-cine.png 960w, https:\/\/www.pedagogie.ac-nice.fr\/daac\/wp-content\/uploads\/sites\/37\/2022\/09\/rencontre-cine-300x154.png 300w, https:\/\/www.pedagogie.ac-nice.fr\/daac\/wp-content\/uploads\/sites\/37\/2022\/09\/rencontre-cine-768x394.png 768w\" sizes=\"(max-width: 539px) 100vw, 539px\" \/><\/p>\n<p>[\/et_pb_text][et_pb_divider _builder_version=\u00a0\u00bb4.10.7&Prime; _module_preset=\u00a0\u00bbdefault\u00a0\u00bb global_colors_info=\u00a0\u00bb{}\u00a0\u00bb][\/et_pb_divider][et_pb_text admin_label=\u00a0\u00bbgrille complete\u00a0\u00bb _builder_version=\u00a0\u00bb4.10.7&Prime; _module_preset=\u00a0\u00bbdefault\u00a0\u00bb global_colors_info=\u00a0\u00bb{}\u00a0\u00bb]<\/p>\n<p style=\"text-align: center;\"><a href=\"https:\/\/www.pedagogie.ac-nice.fr\/daac\/wp-content\/uploads\/sites\/37\/2021\/11\/grille_cannes_cinema.pdf\" target=\"_blank\" rel=\"noopener\" data-wp-editing=\"1\"><span style=\"color: #0000ff;\">Programmation d\u00e9taill\u00e9e<br \/><\/span><\/a><a href=\"https:\/\/www.pedagogie.ac-nice.fr\/daac\/wp-content\/uploads\/sites\/37\/2022\/09\/Ateliers-RCC.pdf\" target=\"_blank\" rel=\"noopener\"><img loading=\"lazy\" decoding=\"async\" class=\"aligncenter wp-image-9074\" src=\"https:\/\/www.pedagogie.ac-nice.fr\/daac\/wp-content\/uploads\/sites\/37\/2021\/11\/programme_grille.jpg\" alt=\"\" width=\"197\" height=\"158\" \/><\/a><\/p>\n<p>[\/et_pb_text][\/et_pb_column][et_pb_column type=\u00a0\u00bb3_5&Prime; _builder_version=\u00a0\u00bb4.10.7&Prime; _module_preset=\u00a0\u00bbdefault\u00a0\u00bb global_colors_info=\u00a0\u00bb{}\u00a0\u00bb][et_pb_text admin_label=\u00a0\u00bbTexte Florence\u00a0\u00bb _builder_version=\u00a0\u00bb4.10.7&Prime; _module_preset=\u00a0\u00bbdefault\u00a0\u00bb text_text_color=\u00a0\u00bb#000000&Prime; text_font_size=\u00a0\u00bb17px\u00a0\u00bb text_orientation=\u00a0\u00bbjustified\u00a0\u00bb hover_enabled=\u00a0\u00bb0&Prime; global_colors_info=\u00a0\u00bb{}\u00a0\u00bb text_font=\u00a0\u00bbTrebuchet||||||||\u00a0\u00bb sticky_enabled=\u00a0\u00bb0&Prime;]<\/p>\n<p align=\"center\"><span style=\"text-decoration: underline; color: #993366;\"><strong>35<sup>es<\/sup>\u00a0Rencontres Cin\u00e9matographiques de Cannes<br \/>21 au 27 novembre 2022<\/strong><\/span><span><\/span><\/p>\n<p><span>Le programme est en cours de r\u00e9alisation mais vous retrouverez comme chaque ann\u00e9e des films en avant-premi\u00e8re, des r\u00e9trospectives, des masterclasses&#8230;<br \/>Vous trouverez, ci-joint, une fiche de pr\u00e9sentation des RCC destin\u00e9e aux enseignants.<\/span><\/p>\n<p><span>Si vous \u00eates int\u00e9ress\u00e9s pour inscrire vos \u00e9l\u00e8ves \u00e0 un atelier d&rsquo;\u00e9criture de critique, de sc\u00e9nario, de r\u00e9alisation de court m\u00e9trage&#8230; (35\u20ac\/ \u00e9l\u00e8ve pour 5 jours \u2013 du lundi 21 au vendredi 25), merci de remplir le formulaire suivant :<\/span><\/p>\n<p><span><\/span><a href=\"https:\/\/docs.google.com\/forms\/d\/e\/1FAIpQLSei0Qr2jx9LR4WK9gqoTtRubabELMGF654EwDfdbNxlhw4MwQ\/viewform?usp=sf_link\" class=\"v1moz-txt-link-freetext\" target=\"_blank\" rel=\"noopener noreferrer\"><span style=\"color: #0c71c3;\">https:\/\/docs.google.com\/forms\/d\/e\/1FAIpQLSei0Qr2jx9LR4WK9gqoTtRubabELMGF654EwDfdbNxlhw4MwQ\/viewform?usp=sf_link<\/span><\/a><\/p>\n<p><span>Vous pouvez aussi inscrire votre classe \u00e0 une ou plusieurs s\u00e9ance(s) des RCC (projection simple, projection + masterclass ou rencontre&#8230;) au tarif de (2.50\u20ac\/\u00e9l\u00e8ve). Si vous \u00eates int\u00e9ress\u00e9s pour conna\u00eetre le programme \u00e0 venir, merci d&rsquo;envoyer un mail \u00e0 l&rsquo;adresse suivante\u00a0<u><a href=\"mailto:contact@cannes-cinema.com\" class=\"v1moz-txt-link-freetext\" onclick=\"return rcmail.command('compose','contact@cannes-cinema.com',this)\" rel=\"noreferrer\">contact@cannes-cinema.com<\/a><\/u>.<\/span><\/p>\n<p><span>Contact DAAC : Isabelle Campo, Charg\u00e9e de mission Cannes Cin\u00e9ma :\u00a0<a href=\"mailto:isabelle.campo@ac-nice.fr\" class=\"v1moz-txt-link-freetext\" onclick=\"return rcmail.command('compose','isabelle.campo@ac-nice.fr',this)\" rel=\"noreferrer\">isabelle.campo@ac-nice.fr<\/a><\/span><\/p>\n<div>\n<p class=\"v1MsoNormal\">\n<\/div>\n<p>[\/et_pb_text][et_pb_text admin_label=\u00a0\u00bbLien fichier daac\u00a0\u00bb _builder_version=\u00a0\u00bb4.10.7&Prime; _module_preset=\u00a0\u00bbdefault\u00a0\u00bb global_colors_info=\u00a0\u00bb{}\u00a0\u00bb]<\/p>\n<p style=\"text-align: center;\"><span style=\"color: #ff6600;\">Toutes les informations ici<\/span><\/p>\n<p data-wp-editing=\"1\"><a href=\"https:\/\/www.pedagogie.ac-nice.fr\/daac\/wp-content\/uploads\/sites\/37\/2022\/09\/Ateliers-RCC.pdf\" target=\"_blank\" rel=\"noopener\"><img loading=\"lazy\" decoding=\"async\" class=\"aligncenter wp-image-4754 size-full\" src=\"https:\/\/www.pedagogie.ac-nice.fr\/daac\/wp-content\/uploads\/sites\/37\/2021\/09\/puce_orange.png\" alt=\"puce_orange\" width=\"43\" height=\"43\" \/><\/a><\/p>\n<p>[\/et_pb_text][\/et_pb_column][\/et_pb_row][\/et_pb_section]<\/p>\n","protected":false},"excerpt":{"rendered":"<p>Programmation d\u00e9taill\u00e9e35es\u00a0Rencontres Cin\u00e9matographiques de Cannes21 au 27 novembre 2022 Le programme est en cours de r\u00e9alisation mais vous retrouverez comme chaque ann\u00e9e des films en avant-premi\u00e8re, des r\u00e9trospectives, des masterclasses&#8230;Vous trouverez, ci-joint, une fiche de pr\u00e9sentation des RCC destin\u00e9e aux enseignants. Si vous \u00eates int\u00e9ress\u00e9s pour inscrire vos \u00e9l\u00e8ves \u00e0 un atelier d&rsquo;\u00e9criture de critique, [&hellip;]<\/p>\n","protected":false},"author":241,"featured_media":0,"parent":0,"menu_order":0,"comment_status":"closed","ping_status":"closed","template":"","meta":{"_et_pb_use_builder":"on","_et_pb_old_content":"","_et_gb_content_width":"","ngg_post_thumbnail":0,"footnotes":""},"class_list":["post-5685","page","type-page","status-publish","hentry"],"rttpg_featured_image_url":null,"rttpg_author":{"display_name":"daacadmin","author_link":"https:\/\/www.pedagogie.ac-nice.fr\/daac\/author\/daacadmin\/"},"rttpg_comment":0,"rttpg_category":null,"rttpg_excerpt":"Programmation d\u00e9taill\u00e9e35es\u00a0Rencontres Cin\u00e9matographiques de Cannes21 au 27 novembre 2022 Le programme est en cours de r\u00e9alisation mais vous retrouverez comme chaque ann\u00e9e des films en avant-premi\u00e8re, des r\u00e9trospectives, des masterclasses...Vous trouverez, ci-joint, une fiche de pr\u00e9sentation des RCC destin\u00e9e aux enseignants. Si vous \u00eates int\u00e9ress\u00e9s pour inscrire vos \u00e9l\u00e8ves \u00e0 un atelier d'\u00e9criture de critique,\u2026","post_mailing_queue_ids":[],"_links":{"self":[{"href":"https:\/\/www.pedagogie.ac-nice.fr\/daac\/wp-json\/wp\/v2\/pages\/5685","targetHints":{"allow":["GET"]}}],"collection":[{"href":"https:\/\/www.pedagogie.ac-nice.fr\/daac\/wp-json\/wp\/v2\/pages"}],"about":[{"href":"https:\/\/www.pedagogie.ac-nice.fr\/daac\/wp-json\/wp\/v2\/types\/page"}],"author":[{"embeddable":true,"href":"https:\/\/www.pedagogie.ac-nice.fr\/daac\/wp-json\/wp\/v2\/users\/241"}],"replies":[{"embeddable":true,"href":"https:\/\/www.pedagogie.ac-nice.fr\/daac\/wp-json\/wp\/v2\/comments?post=5685"}],"version-history":[{"count":24,"href":"https:\/\/www.pedagogie.ac-nice.fr\/daac\/wp-json\/wp\/v2\/pages\/5685\/revisions"}],"predecessor-version":[{"id":13778,"href":"https:\/\/www.pedagogie.ac-nice.fr\/daac\/wp-json\/wp\/v2\/pages\/5685\/revisions\/13778"}],"wp:attachment":[{"href":"https:\/\/www.pedagogie.ac-nice.fr\/daac\/wp-json\/wp\/v2\/media?parent=5685"}],"curies":[{"name":"wp","href":"https:\/\/api.w.org\/{rel}","templated":true}]}}

Rencontres Cinématographiques de Cannes

<p>[et_pb_section fb_built= »1&Prime; _builder_version= »4.10.7&Prime; _module_preset= »default » global_colors_info= »{} »][et_pb_row column_structure= »2_5,3_5&Prime; _builder_version= »4.10.7&Prime; _module_preset= »default » global_colors_info= »{} »][et_pb_column type= »2_5&Prime; _builder_version= »4.10.7&Prime; _module_preset= »default » global_colors_info= »{} »][et_pb_text admin_label= »logo cinema » _builder_version= »4.10.7&Prime; _module_preset= »default » global_colors_info= »{} »]</p>
<p><a href="https://www.pedagogie.ac-nice.fr/daac/pole_cinema_2021/" target="_blank" rel="noopener"><img loading="lazy" decoding="async" class="aligncenter wp-image-5920 size-medium" src="https://www.pedagogie.ac-nice.fr/daac/wp-content/uploads/sites/37/2021/09/cinema-300x183.png" alt="" width="300" height="183" srcset="https://www.pedagogie.ac-nice.fr/daac/wp-content/uploads/sites/37/2021/09/cinema-300x183.png 300w, https://www.pedagogie.ac-nice.fr/daac/wp-content/uploads/sites/37/2021/09/cinema.png 349w" sizes="(max-width: 300px) 100vw, 300px" /></a></p>
<p>[/et_pb_text][et_pb_divider _builder_version= »4.10.7&Prime; _module_preset= »default » global_colors_info= »{} »][/et_pb_divider][et_pb_text admin_label= »visuel RCC » _builder_version= »4.10.7&Prime; _module_preset= »default » global_colors_info= »{} »]</p>
<p><img loading="lazy" decoding="async" src="https://www.pedagogie.ac-nice.fr/daac/wp-content/uploads/sites/37/2022/09/rencontre-cine.png" width="539" height="277" alt="" class="wp-image-13705 alignnone size-full" style="display: block; margin-left: auto; margin-right: auto;" srcset="https://www.pedagogie.ac-nice.fr/daac/wp-content/uploads/sites/37/2022/09/rencontre-cine.png 960w, https://www.pedagogie.ac-nice.fr/daac/wp-content/uploads/sites/37/2022/09/rencontre-cine-300x154.png 300w, https://www.pedagogie.ac-nice.fr/daac/wp-content/uploads/sites/37/2022/09/rencontre-cine-768x394.png 768w" sizes="(max-width: 539px) 100vw, 539px" /></p>
<p>[/et_pb_text][et_pb_divider _builder_version= »4.10.7&Prime; _module_preset= »default » global_colors_info= »{} »][/et_pb_divider][et_pb_text admin_label= »grille complete » _builder_version= »4.10.7&Prime; _module_preset= »default » global_colors_info= »{} »]</p>
<p style="text-align: center;"><a href="https://www.pedagogie.ac-nice.fr/daac/wp-content/uploads/sites/37/2021/11/grille_cannes_cinema.pdf" target="_blank" rel="noopener" data-wp-editing="1"><span style="color: #0000ff;">Programmation détaillée<br /></span></a><a href="https://www.pedagogie.ac-nice.fr/daac/wp-content/uploads/sites/37/2022/09/Ateliers-RCC.pdf" target="_blank" rel="noopener"><img loading="lazy" decoding="async" class="aligncenter wp-image-9074" src="https://www.pedagogie.ac-nice.fr/daac/wp-content/uploads/sites/37/2021/11/programme_grille.jpg" alt="" width="197" height="158" /></a></p>
<p>[/et_pb_text][/et_pb_column][et_pb_column type= »3_5&Prime; _builder_version= »4.10.7&Prime; _module_preset= »default » global_colors_info= »{} »][et_pb_text admin_label= »Texte Florence » _builder_version= »4.10.7&Prime; _module_preset= »default » text_text_color= »#000000&Prime; text_font_size= »17px » text_orientation= »justified » hover_enabled= »0&Prime; global_colors_info= »{} » text_font= »Trebuchet|||||||| » sticky_enabled= »0&Prime;]</p>
<p align="center"><span style="text-decoration: underline; color: #993366;"><strong>35<sup>es</sup> Rencontres Cinématographiques de Cannes<br />21 au 27 novembre 2022</strong></span><span></span></p>
<p><span>Le programme est en cours de réalisation mais vous retrouverez comme chaque année des films en avant-première, des rétrospectives, des masterclasses&#8230;<br />Vous trouverez, ci-joint, une fiche de présentation des RCC destinée aux enseignants.</span></p>
<p><span>Si vous êtes intéressés pour inscrire vos élèves à un atelier d&rsquo;écriture de critique, de scénario, de réalisation de court métrage&#8230; (35€/ élève pour 5 jours – du lundi 21 au vendredi 25), merci de remplir le formulaire suivant :</span></p>
<p><span></span><a href="https://docs.google.com/forms/d/e/1FAIpQLSei0Qr2jx9LR4WK9gqoTtRubabELMGF654EwDfdbNxlhw4MwQ/viewform?usp=sf_link" class="v1moz-txt-link-freetext" target="_blank" rel="noopener noreferrer"><span style="color: #0c71c3;">https://docs.google.com/forms/d/e/1FAIpQLSei0Qr2jx9LR4WK9gqoTtRubabELMGF654EwDfdbNxlhw4MwQ/viewform?usp=sf_link</span></a></p>
<p><span>Vous pouvez aussi inscrire votre classe à une ou plusieurs séance(s) des RCC (projection simple, projection + masterclass ou rencontre&#8230;) au tarif de (2.50€/élève). Si vous êtes intéressés pour connaître le programme à venir, merci d&rsquo;envoyer un mail à l&rsquo;adresse suivante <u><a href="mailto:contact@cannes-cinema.com" class="v1moz-txt-link-freetext" onclick="return rcmail.command('compose','contact@cannes-cinema.com',this)" rel="noreferrer">contact@cannes-cinema.com</a></u>.</span></p>
<p><span>Contact DAAC : Isabelle Campo, Chargée de mission Cannes Cinéma : <a href="mailto:isabelle.campo@ac-nice.fr" class="v1moz-txt-link-freetext" onclick="return rcmail.command('compose','isabelle.campo@ac-nice.fr',this)" rel="noreferrer">isabelle.campo@ac-nice.fr</a></span></p>
<div>
<p class="v1MsoNormal">
</div>
<p>[/et_pb_text][et_pb_text admin_label= »Lien fichier daac » _builder_version= »4.10.7&Prime; _module_preset= »default » global_colors_info= »{} »]</p>
<p style="text-align: center;"><span style="color: #ff6600;">Toutes les informations ici</span></p>
<p data-wp-editing="1"><a href="https://www.pedagogie.ac-nice.fr/daac/wp-content/uploads/sites/37/2022/09/Ateliers-RCC.pdf" target="_blank" rel="noopener"><img loading="lazy" decoding="async" class="aligncenter wp-image-4754 size-full" src="https://www.pedagogie.ac-nice.fr/daac/wp-content/uploads/sites/37/2021/09/puce_orange.png" alt="puce_orange" width="43" height="43" /></a></p>
<p>[/et_pb_text][/et_pb_column][/et_pb_row][/et_pb_section]</p>

<p>Programmation détaillée35es Rencontres Cinématographiques de Cannes21 au 27 novembre 2022 Le programme est en cours de réalisation mais vous retrouverez comme chaque année des films en avant-première, des rétrospectives, des masterclasses&#8230;Vous trouverez, ci-joint, une fiche de présentation des RCC destinée aux enseignants. Si vous êtes intéressés pour inscrire vos élèves à un atelier d&rsquo;écriture de critique, [&hellip;]</p>

Programmation détaillée35es Rencontres Cinématographiques de Cannes21 au 27 novembre 2022 Le programme est en cours de réalisation mais vous retrouverez comme chaque année des films en avant-première, des rétrospectives, des masterclasses...Vous trouverez, ci-joint, une fiche de présentation des RCC destinée aux enseignants. Si vous êtes intéressés pour inscrire vos élèves à un atelier d'écriture de critique,…
