{"id":6213,"date":"2021-09-26T12:49:55","date_gmt":"2021-09-26T10:49:55","guid":{"rendered":"https:\/\/www.pedagogie.ac-nice.fr\/daac\/?page_id=6213"},"modified":"2024-01-13T11:48:26","modified_gmt":"2024-01-13T10:48:26","slug":"les-dispositifs-du-cinema","status":"publish","type":"page","link":"https:\/\/www.pedagogie.ac-nice.fr\/daac\/les-dispositifs-du-cinema\/","title":{"rendered":"Les dispositifs du cinema"},"content":{"rendered":"<p>[et_pb_section fb_built=\u00a0\u00bb1&Prime; _builder_version=\u00a0\u00bb4.10.7&Prime; _module_preset=\u00a0\u00bbdefault\u00a0\u00bb global_colors_info=\u00a0\u00bb{}\u00a0\u00bb][et_pb_row column_structure=\u00a0\u00bb1_2,1_2&Prime; _builder_version=\u00a0\u00bb4.10.7&Prime; _module_preset=\u00a0\u00bbdefault\u00a0\u00bb global_colors_info=\u00a0\u00bb{}\u00a0\u00bb][et_pb_column type=\u00a0\u00bb1_2&Prime; _builder_version=\u00a0\u00bb4.10.7&Prime; _module_preset=\u00a0\u00bbdefault\u00a0\u00bb global_colors_info=\u00a0\u00bb{}\u00a0\u00bb][et_pb_text admin_label=\u00a0\u00bblogo domaines\u00a0\u00bb _builder_version=\u00a0\u00bb4.10.7&Prime; _module_preset=\u00a0\u00bbdefault\u00a0\u00bb global_colors_info=\u00a0\u00bb{}\u00a0\u00bb]<\/p>\n<p><img loading=\"lazy\" decoding=\"async\" class=\"alignnone size-full wp-image-5920 aligncenter\" src=\"https:\/\/www.pedagogie.ac-nice.fr\/daac\/wp-content\/uploads\/sites\/37\/2021\/09\/cinema.png\" alt=\"\" width=\"349\" height=\"213\" srcset=\"https:\/\/www.pedagogie.ac-nice.fr\/daac\/wp-content\/uploads\/sites\/37\/2021\/09\/cinema.png 349w, https:\/\/www.pedagogie.ac-nice.fr\/daac\/wp-content\/uploads\/sites\/37\/2021\/09\/cinema-300x183.png 300w\" sizes=\"(max-width: 349px) 100vw, 349px\" \/><\/p>\n<p>[\/et_pb_text][\/et_pb_column][et_pb_column type=\u00a0\u00bb1_2&Prime; _builder_version=\u00a0\u00bb4.10.7&Prime; _module_preset=\u00a0\u00bbdefault\u00a0\u00bb global_colors_info=\u00a0\u00bb{}\u00a0\u00bb][et_pb_text admin_label=\u00a0\u00bblogo dispositif\u00a0\u00bb _builder_version=\u00a0\u00bb4.10.7&Prime; _module_preset=\u00a0\u00bbdefault\u00a0\u00bb global_colors_info=\u00a0\u00bb{}\u00a0\u00bb]<\/p>\n<p><img loading=\"lazy\" decoding=\"async\" class=\"alignnone size-full wp-image-6220 aligncenter\" src=\"https:\/\/www.pedagogie.ac-nice.fr\/daac\/wp-content\/uploads\/sites\/37\/2021\/09\/les-dispositifs-du-domaine.png\" alt=\"dispositifs domaines\" width=\"321\" height=\"213\" srcset=\"https:\/\/www.pedagogie.ac-nice.fr\/daac\/wp-content\/uploads\/sites\/37\/2021\/09\/les-dispositifs-du-domaine.png 362w, https:\/\/www.pedagogie.ac-nice.fr\/daac\/wp-content\/uploads\/sites\/37\/2021\/09\/les-dispositifs-du-domaine-300x199.png 300w\" sizes=\"(max-width: 321px) 100vw, 321px\" \/><\/p>\n<p>[\/et_pb_text][\/et_pb_column][\/et_pb_row][et_pb_row column_structure=\u00a0\u00bb1_3,1_3,1_3&Prime; _builder_version=\u00a0\u00bb4.10.7&Prime; _module_preset=\u00a0\u00bbdefault\u00a0\u00bb global_colors_info=\u00a0\u00bb{}\u00a0\u00bb][et_pb_column type=\u00a0\u00bb1_3&Prime; _builder_version=\u00a0\u00bb4.10.7&Prime; _module_preset=\u00a0\u00bbdefault\u00a0\u00bb global_colors_info=\u00a0\u00bb{}\u00a0\u00bb][et_pb_text _builder_version=\u00a0\u00bb4.10.7&Prime; _module_preset=\u00a0\u00bbdefault\u00a0\u00bb text_font=\u00a0\u00bbTrebuchet||||||||\u00a0\u00bb text_font_size=\u00a0\u00bb18px\u00a0\u00bb text_orientation=\u00a0\u00bbcenter\u00a0\u00bb global_colors_info=\u00a0\u00bb{}\u00a0\u00bb]<\/p>\n<p><strong><span style=\"color: #993366;\">Dispositifs acad\u00e9miques et nationaux<\/span><\/strong><\/p>\n<p>[\/et_pb_text][et_pb_accordion admin_label=\u00a0\u00bbAccord\u00e9on D acad et nat\u00a0\u00bb _builder_version=\u00a0\u00bb4.10.7&Prime; _module_preset=\u00a0\u00bbdefault\u00a0\u00bb hover_enabled=\u00a0\u00bb0&Prime; global_colors_info=\u00a0\u00bb{}\u00a0\u00bb sticky_enabled=\u00a0\u00bb0&Prime;][et_pb_accordion_item title=\u00a0\u00bbCannes\u00e9ries\u00a0\u00bb open=\u00a0\u00bbon\u00a0\u00bb _builder_version=\u00a0\u00bb4.10.7&Prime; _module_preset=\u00a0\u00bbdefault\u00a0\u00bb global_colors_info=\u00a0\u00bb{}\u00a0\u00bb]<\/p>\n<p><a href=\"https:\/\/www.pedagogie.ac-nice.fr\/daac\/wp-content\/uploads\/sites\/37\/2022\/09\/Appel-candidature-jury-CanneSeries-23-1.pdf\" target=\"_blank\" rel=\"noopener\"><img loading=\"lazy\" decoding=\"async\" class=\"alignnone size-full wp-image-1757 aligncenter\" src=\"https:\/\/www.pedagogie.ac-nice.fr\/daac\/wp-content\/uploads\/sites\/37\/2020\/12\/canneseries_logo.png\" alt=\"\" width=\"143\" height=\"158\" \/><\/a><\/p>\n<p>[\/et_pb_accordion_item][et_pb_accordion_item title=\u00a0\u00bbColl\u00e8ges Au Cinema\u00a0\u00bb _builder_version=\u00a0\u00bb4.10.7&Prime; _module_preset=\u00a0\u00bbdefault\u00a0\u00bb global_colors_info=\u00a0\u00bb{}\u00a0\u00bb open=\u00a0\u00bboff\u00a0\u00bb]<\/p>\n<p><img loading=\"lazy\" decoding=\"async\" class=\"alignnone size-full wp-image-3827 aligncenter\" src=\"https:\/\/www.pedagogie.ac-nice.fr\/daac\/wp-content\/uploads\/sites\/37\/2021\/06\/college_au_cinema_logo.jpg\" alt=\"logo coll\u00e8ge au cinema\" width=\"507\" height=\"108\" srcset=\"https:\/\/www.pedagogie.ac-nice.fr\/daac\/wp-content\/uploads\/sites\/37\/2021\/06\/college_au_cinema_logo.jpg 507w, https:\/\/www.pedagogie.ac-nice.fr\/daac\/wp-content\/uploads\/sites\/37\/2021\/06\/college_au_cinema_logo-300x64.jpg 300w\" sizes=\"(max-width: 507px) 100vw, 507px\" \/><\/p>\n<p>[\/et_pb_accordion_item][et_pb_accordion_item title=\u00a0\u00bbLyc\u00e9ens et Apprentis au Cinema\u00a0\u00bb _builder_version=\u00a0\u00bb4.10.7&Prime; _module_preset=\u00a0\u00bbdefault\u00a0\u00bb global_colors_info=\u00a0\u00bb{}\u00a0\u00bb open=\u00a0\u00bboff\u00a0\u00bb]<\/p>\n<p><a href=\"https:\/\/www.pedagogie.ac-nice.fr\/daac\/wp-content\/uploads\/sites\/37\/2022\/09\/Plaquette-Lyceens-et-apprentis-au-cinema-2022-23.pdf\" rel=\"attachment wp-att-13449\">Plaquette Lyc\u00e9ens et apprentis au cin\u00e9ma 2022-23<\/a><\/p>\n<p>[\/et_pb_accordion_item][et_pb_accordion_item title=\u00a0\u00bbCinEduc\u00a0\u00bb _builder_version=\u00a0\u00bb4.10.7&Prime; _module_preset=\u00a0\u00bbdefault\u00a0\u00bb hover_enabled=\u00a0\u00bb0&Prime; global_colors_info=\u00a0\u00bb{}\u00a0\u00bb open=\u00a0\u00bboff\u00a0\u00bb body_font=\u00a0\u00bbTrebuchet||||||||\u00a0\u00bb body_text_color=\u00a0\u00bb#000000&Prime; sticky_enabled=\u00a0\u00bb0&Prime;]<\/p>\n<p><img loading=\"lazy\" decoding=\"async\" class=\"alignnone  wp-image-2423 aligncenter\" src=\"https:\/\/www.pedagogie.ac-nice.fr\/daac\/wp-content\/uploads\/sites\/37\/2021\/02\/logo_cineduc_2021.png\" alt=\"\" width=\"297\" height=\"149\" srcset=\"https:\/\/www.pedagogie.ac-nice.fr\/daac\/wp-content\/uploads\/sites\/37\/2021\/02\/logo_cineduc_2021.png 2362w, https:\/\/www.pedagogie.ac-nice.fr\/daac\/wp-content\/uploads\/sites\/37\/2021\/02\/logo_cineduc_2021-300x150.png 300w, https:\/\/www.pedagogie.ac-nice.fr\/daac\/wp-content\/uploads\/sites\/37\/2021\/02\/logo_cineduc_2021-1024x512.png 1024w, https:\/\/www.pedagogie.ac-nice.fr\/daac\/wp-content\/uploads\/sites\/37\/2021\/02\/logo_cineduc_2021-768x384.png 768w, https:\/\/www.pedagogie.ac-nice.fr\/daac\/wp-content\/uploads\/sites\/37\/2021\/02\/logo_cineduc_2021-1536x768.png 1536w, https:\/\/www.pedagogie.ac-nice.fr\/daac\/wp-content\/uploads\/sites\/37\/2021\/02\/logo_cineduc_2021-2048x1024.png 2048w\" sizes=\"(max-width: 297px) 100vw, 297px\" \/><\/p>\n<p><a href=\"https:\/\/www.pedagogie.ac-nice.fr\/daac\/wp-content\/uploads\/sites\/37\/2024\/01\/CinEduc-2024.pdf\" target=\"_blank\" rel=\"noopener\">Le progamme 2024<\/a><\/p>\n<p><a href=\"https:\/\/www.pedagogie.ac-nice.fr\/daac\/wp-content\/uploads\/sites\/37\/2024\/01\/Coups_Coeurs_CinEduc.pdf\" target=\"_blank\" rel=\"noopener\">Les coups de coeur\u00a0<\/a><\/p>\n<p>[\/et_pb_accordion_item][\/et_pb_accordion][\/et_pb_column][et_pb_column type=\u00a0\u00bb1_3&Prime; _builder_version=\u00a0\u00bb4.10.7&Prime; _module_preset=\u00a0\u00bbdefault\u00a0\u00bb global_colors_info=\u00a0\u00bb{}\u00a0\u00bb][\/et_pb_column][et_pb_column type=\u00a0\u00bb1_3&Prime; _builder_version=\u00a0\u00bb4.10.7&Prime; _module_preset=\u00a0\u00bbdefault\u00a0\u00bb global_colors_info=\u00a0\u00bb{}\u00a0\u00bb][et_pb_text admin_label=\u00a0\u00bbfestival de Cannes\u00a0\u00bb _builder_version=\u00a0\u00bb4.10.7&Prime; _module_preset=\u00a0\u00bbdefault\u00a0\u00bb global_colors_info=\u00a0\u00bb{}\u00a0\u00bb]<\/p>\n<p><img loading=\"lazy\" decoding=\"async\" class=\"aligncenter wp-image-2416\" src=\"https:\/\/www.pedagogie.ac-nice.fr\/daac\/wp-content\/uploads\/sites\/37\/2021\/02\/logo_festival_cannes.png\" alt=\"\" width=\"198\" height=\"198\" srcset=\"https:\/\/www.pedagogie.ac-nice.fr\/daac\/wp-content\/uploads\/sites\/37\/2021\/02\/logo_festival_cannes.png 300w, https:\/\/www.pedagogie.ac-nice.fr\/daac\/wp-content\/uploads\/sites\/37\/2021\/02\/logo_festival_cannes-150x150.png 150w\" sizes=\"(max-width: 198px) 100vw, 198px\" \/><\/p>\n<p>[\/et_pb_text][\/et_pb_column][\/et_pb_row][\/et_pb_section]<\/p>\n","protected":false},"excerpt":{"rendered":"<p>Dispositifs acad\u00e9miques et nationauxPlaquette Lyc\u00e9ens et apprentis au cin\u00e9ma 2022-23 Le progamme 2024 Les coups de coeur\u00a0<\/p>\n","protected":false},"author":241,"featured_media":0,"parent":0,"menu_order":0,"comment_status":"closed","ping_status":"closed","template":"","meta":{"_et_pb_use_builder":"on","_et_pb_old_content":"","_et_gb_content_width":"","ngg_post_thumbnail":0,"footnotes":""},"class_list":["post-6213","page","type-page","status-publish","hentry"],"rttpg_featured_image_url":null,"rttpg_author":{"display_name":"daacadmin","author_link":"https:\/\/www.pedagogie.ac-nice.fr\/daac\/author\/daacadmin\/"},"rttpg_comment":0,"rttpg_category":null,"rttpg_excerpt":"Dispositifs acad\u00e9miques et nationauxPlaquette Lyc\u00e9ens et apprentis au cin\u00e9ma 2022-23 Le progamme 2024 Les coups de coeur\u00a0","post_mailing_queue_ids":[],"_links":{"self":[{"href":"https:\/\/www.pedagogie.ac-nice.fr\/daac\/wp-json\/wp\/v2\/pages\/6213","targetHints":{"allow":["GET"]}}],"collection":[{"href":"https:\/\/www.pedagogie.ac-nice.fr\/daac\/wp-json\/wp\/v2\/pages"}],"about":[{"href":"https:\/\/www.pedagogie.ac-nice.fr\/daac\/wp-json\/wp\/v2\/types\/page"}],"author":[{"embeddable":true,"href":"https:\/\/www.pedagogie.ac-nice.fr\/daac\/wp-json\/wp\/v2\/users\/241"}],"replies":[{"embeddable":true,"href":"https:\/\/www.pedagogie.ac-nice.fr\/daac\/wp-json\/wp\/v2\/comments?post=6213"}],"version-history":[{"count":12,"href":"https:\/\/www.pedagogie.ac-nice.fr\/daac\/wp-json\/wp\/v2\/pages\/6213\/revisions"}],"predecessor-version":[{"id":15394,"href":"https:\/\/www.pedagogie.ac-nice.fr\/daac\/wp-json\/wp\/v2\/pages\/6213\/revisions\/15394"}],"wp:attachment":[{"href":"https:\/\/www.pedagogie.ac-nice.fr\/daac\/wp-json\/wp\/v2\/media?parent=6213"}],"curies":[{"name":"wp","href":"https:\/\/api.w.org\/{rel}","templated":true}]}}

<p>[et_pb_section fb_built= »1&Prime; _builder_version= »4.10.7&Prime; _module_preset= »default » global_colors_info= »{} »][et_pb_row column_structure= »1_2,1_2&Prime; _builder_version= »4.10.7&Prime; _module_preset= »default » global_colors_info= »{} »][et_pb_column type= »1_2&Prime; _builder_version= »4.10.7&Prime; _module_preset= »default » global_colors_info= »{} »][et_pb_text admin_label= »logo domaines » _builder_version= »4.10.7&Prime; _module_preset= »default » global_colors_info= »{} »]</p>
<p><img loading="lazy" decoding="async" class="alignnone size-full wp-image-5920 aligncenter" src="https://www.pedagogie.ac-nice.fr/daac/wp-content/uploads/sites/37/2021/09/cinema.png" alt="" width="349" height="213" srcset="https://www.pedagogie.ac-nice.fr/daac/wp-content/uploads/sites/37/2021/09/cinema.png 349w, https://www.pedagogie.ac-nice.fr/daac/wp-content/uploads/sites/37/2021/09/cinema-300x183.png 300w" sizes="(max-width: 349px) 100vw, 349px" /></p>
<p>[/et_pb_text][/et_pb_column][et_pb_column type= »1_2&Prime; _builder_version= »4.10.7&Prime; _module_preset= »default » global_colors_info= »{} »][et_pb_text admin_label= »logo dispositif » _builder_version= »4.10.7&Prime; _module_preset= »default » global_colors_info= »{} »]</p>
<p><img loading="lazy" decoding="async" class="alignnone size-full wp-image-6220 aligncenter" src="https://www.pedagogie.ac-nice.fr/daac/wp-content/uploads/sites/37/2021/09/les-dispositifs-du-domaine.png" alt="dispositifs domaines" width="321" height="213" srcset="https://www.pedagogie.ac-nice.fr/daac/wp-content/uploads/sites/37/2021/09/les-dispositifs-du-domaine.png 362w, https://www.pedagogie.ac-nice.fr/daac/wp-content/uploads/sites/37/2021/09/les-dispositifs-du-domaine-300x199.png 300w" sizes="(max-width: 321px) 100vw, 321px" /></p>
<p>[/et_pb_text][/et_pb_column][/et_pb_row][et_pb_row column_structure= »1_3,1_3,1_3&Prime; _builder_version= »4.10.7&Prime; _module_preset= »default » global_colors_info= »{} »][et_pb_column type= »1_3&Prime; _builder_version= »4.10.7&Prime; _module_preset= »default » global_colors_info= »{} »][et_pb_text _builder_version= »4.10.7&Prime; _module_preset= »default » text_font= »Trebuchet|||||||| » text_font_size= »18px » text_orientation= »center » global_colors_info= »{} »]</p>
<p><strong><span style="color: #993366;">Dispositifs académiques et nationaux</span></strong></p>
<p>[/et_pb_text][et_pb_accordion admin_label= »Accordéon D acad et nat » _builder_version= »4.10.7&Prime; _module_preset= »default » hover_enabled= »0&Prime; global_colors_info= »{} » sticky_enabled= »0&Prime;][et_pb_accordion_item title= »Canneséries » open= »on » _builder_version= »4.10.7&Prime; _module_preset= »default » global_colors_info= »{} »]</p>
<p><a href="https://www.pedagogie.ac-nice.fr/daac/wp-content/uploads/sites/37/2022/09/Appel-candidature-jury-CanneSeries-23-1.pdf" target="_blank" rel="noopener"><img loading="lazy" decoding="async" class="alignnone size-full wp-image-1757 aligncenter" src="https://www.pedagogie.ac-nice.fr/daac/wp-content/uploads/sites/37/2020/12/canneseries_logo.png" alt="" width="143" height="158" /></a></p>
<p>[/et_pb_accordion_item][et_pb_accordion_item title= »Collèges Au Cinema » _builder_version= »4.10.7&Prime; _module_preset= »default » global_colors_info= »{} » open= »off »]</p>
<p><img loading="lazy" decoding="async" class="alignnone size-full wp-image-3827 aligncenter" src="https://www.pedagogie.ac-nice.fr/daac/wp-content/uploads/sites/37/2021/06/college_au_cinema_logo.jpg" alt="logo collège au cinema" width="507" height="108" srcset="https://www.pedagogie.ac-nice.fr/daac/wp-content/uploads/sites/37/2021/06/college_au_cinema_logo.jpg 507w, https://www.pedagogie.ac-nice.fr/daac/wp-content/uploads/sites/37/2021/06/college_au_cinema_logo-300x64.jpg 300w" sizes="(max-width: 507px) 100vw, 507px" /></p>
<p>[/et_pb_accordion_item][et_pb_accordion_item title= »Lycéens et Apprentis au Cinema » _builder_version= »4.10.7&Prime; _module_preset= »default » global_colors_info= »{} » open= »off »]</p>
<p><a href="https://www.pedagogie.ac-nice.fr/daac/wp-content/uploads/sites/37/2022/09/Plaquette-Lyceens-et-apprentis-au-cinema-2022-23.pdf" rel="attachment wp-att-13449">Plaquette Lycéens et apprentis au cinéma 2022-23</a></p>
<p>[/et_pb_accordion_item][et_pb_accordion_item title= »CinEduc » _builder_version= »4.10.7&Prime; _module_preset= »default » hover_enabled= »0&Prime; global_colors_info= »{} » open= »off » body_font= »Trebuchet|||||||| » body_text_color= »#000000&Prime; sticky_enabled= »0&Prime;]</p>
<p><img loading="lazy" decoding="async" class="alignnone  wp-image-2423 aligncenter" src="https://www.pedagogie.ac-nice.fr/daac/wp-content/uploads/sites/37/2021/02/logo_cineduc_2021.png" alt="" width="297" height="149" srcset="https://www.pedagogie.ac-nice.fr/daac/wp-content/uploads/sites/37/2021/02/logo_cineduc_2021.png 2362w, https://www.pedagogie.ac-nice.fr/daac/wp-content/uploads/sites/37/2021/02/logo_cineduc_2021-300x150.png 300w, https://www.pedagogie.ac-nice.fr/daac/wp-content/uploads/sites/37/2021/02/logo_cineduc_2021-1024x512.png 1024w, https://www.pedagogie.ac-nice.fr/daac/wp-content/uploads/sites/37/2021/02/logo_cineduc_2021-768x384.png 768w, https://www.pedagogie.ac-nice.fr/daac/wp-content/uploads/sites/37/2021/02/logo_cineduc_2021-1536x768.png 1536w, https://www.pedagogie.ac-nice.fr/daac/wp-content/uploads/sites/37/2021/02/logo_cineduc_2021-2048x1024.png 2048w" sizes="(max-width: 297px) 100vw, 297px" /></p>
<p><a href="https://www.pedagogie.ac-nice.fr/daac/wp-content/uploads/sites/37/2024/01/CinEduc-2024.pdf" target="_blank" rel="noopener">Le progamme 2024</a></p>
<p><a href="https://www.pedagogie.ac-nice.fr/daac/wp-content/uploads/sites/37/2024/01/Coups_Coeurs_CinEduc.pdf" target="_blank" rel="noopener">Les coups de coeur </a></p>
<p>[/et_pb_accordion_item][/et_pb_accordion][/et_pb_column][et_pb_column type= »1_3&Prime; _builder_version= »4.10.7&Prime; _module_preset= »default » global_colors_info= »{} »][/et_pb_column][et_pb_column type= »1_3&Prime; _builder_version= »4.10.7&Prime; _module_preset= »default » global_colors_info= »{} »][et_pb_text admin_label= »festival de Cannes » _builder_version= »4.10.7&Prime; _module_preset= »default » global_colors_info= »{} »]</p>
<p><img loading="lazy" decoding="async" class="aligncenter wp-image-2416" src="https://www.pedagogie.ac-nice.fr/daac/wp-content/uploads/sites/37/2021/02/logo_festival_cannes.png" alt="" width="198" height="198" srcset="https://www.pedagogie.ac-nice.fr/daac/wp-content/uploads/sites/37/2021/02/logo_festival_cannes.png 300w, https://www.pedagogie.ac-nice.fr/daac/wp-content/uploads/sites/37/2021/02/logo_festival_cannes-150x150.png 150w" sizes="(max-width: 198px) 100vw, 198px" /></p>
<p>[/et_pb_text][/et_pb_column][/et_pb_row][/et_pb_section]</p>

<p>Dispositifs académiques et nationauxPlaquette Lycéens et apprentis au cinéma 2022-23 Le progamme 2024 Les coups de coeur </p>

Dispositifs académiques et nationauxPlaquette Lycéens et apprentis au cinéma 2022-23 Le progamme 2024 Les coups de coeur
