{"id":6612,"date":"2021-09-29T08:02:32","date_gmt":"2021-09-29T06:02:32","guid":{"rendered":"https:\/\/www.pedagogie.ac-nice.fr\/daac\/?page_id=6612"},"modified":"2021-11-13T21:47:03","modified_gmt":"2021-11-13T20:47:03","slug":"le-pass-culture-de-18-ans","status":"publish","type":"page","link":"https:\/\/www.pedagogie.ac-nice.fr\/daac\/le-pass-culture-de-18-ans\/","title":{"rendered":"Le Pass Culture + de 18 ans"},"content":{"rendered":"<p>[et_pb_section fb_built=\u00a0\u00bb1&Prime; _builder_version=\u00a0\u00bb4.10.7&Prime; _module_preset=\u00a0\u00bbdefault\u00a0\u00bb global_colors_info=\u00a0\u00bb{}\u00a0\u00bb][et_pb_row column_structure=\u00a0\u00bb2_5,3_5&Prime; _builder_version=\u00a0\u00bb4.10.7&Prime; _module_preset=\u00a0\u00bbdefault\u00a0\u00bb global_colors_info=\u00a0\u00bb{}\u00a0\u00bb][et_pb_column type=\u00a0\u00bb2_5&Prime; _builder_version=\u00a0\u00bb4.10.7&Prime; _module_preset=\u00a0\u00bbdefault\u00a0\u00bb global_colors_info=\u00a0\u00bb{}\u00a0\u00bb][et_pb_text admin_label=\u00a0\u00bbvisuel Pass Culture\u00a0\u00bb _builder_version=\u00a0\u00bb4.10.7&Prime; _module_preset=\u00a0\u00bbdefault\u00a0\u00bb global_colors_info=\u00a0\u00bb{}\u00a0\u00bb]<\/p>\n<p><a href=\"https:\/\/www.pedagogie.ac-nice.fr\/daac\/pass-culture\/\" target=\"_blank\" rel=\"noopener\"><img loading=\"lazy\" decoding=\"async\" class=\"alignnone wp-image-6529 size-full\" src=\"https:\/\/www.pedagogie.ac-nice.fr\/daac\/wp-content\/uploads\/sites\/37\/2021\/09\/logo_visuel.png\" alt=\"\" width=\"694\" height=\"276\" srcset=\"https:\/\/www.pedagogie.ac-nice.fr\/daac\/wp-content\/uploads\/sites\/37\/2021\/09\/logo_visuel.png 694w, https:\/\/www.pedagogie.ac-nice.fr\/daac\/wp-content\/uploads\/sites\/37\/2021\/09\/logo_visuel-300x119.png 300w\" sizes=\"(max-width: 694px) 100vw, 694px\" \/><\/a><\/p>\n<p>[\/et_pb_text][et_pb_divider color=\u00a0\u00bb#8300E9&Prime; _builder_version=\u00a0\u00bb4.10.7&Prime; _module_preset=\u00a0\u00bbdefault\u00a0\u00bb global_colors_info=\u00a0\u00bb{}\u00a0\u00bb custom_margin=\u00a0\u00bb-18px|||||\u00a0\u00bb][\/et_pb_divider][et_pb_text admin_label=\u00a0\u00bbvisuel Pass Culture\u00a0\u00bb _builder_version=\u00a0\u00bb4.10.7&Prime; _module_preset=\u00a0\u00bbdefault\u00a0\u00bb global_colors_info=\u00a0\u00bb{}\u00a0\u00bb custom_padding=\u00a0\u00bb0px|||||\u00a0\u00bb custom_margin=\u00a0\u00bb-35px|||||\u00a0\u00bb]<\/p>\n<p><a href=\"https:\/\/www.pedagogie.ac-nice.fr\/daac\/wp-content\/uploads\/sites\/37\/2021\/09\/tableau_pass_culture.pdf\" target=\"_blank\" rel=\"noopener\"><img loading=\"lazy\" decoding=\"async\" class=\"aligncenter wp-image-6637 size-full\" src=\"https:\/\/www.pedagogie.ac-nice.fr\/daac\/wp-content\/uploads\/sites\/37\/2021\/09\/pass_culture_loupe.png\" alt=\"\" width=\"357\" height=\"185\" srcset=\"https:\/\/www.pedagogie.ac-nice.fr\/daac\/wp-content\/uploads\/sites\/37\/2021\/09\/pass_culture_loupe.png 357w, https:\/\/www.pedagogie.ac-nice.fr\/daac\/wp-content\/uploads\/sites\/37\/2021\/09\/pass_culture_loupe-300x155.png 300w\" sizes=\"(max-width: 357px) 100vw, 357px\" \/><\/a><\/p>\n<p>[\/et_pb_text][et_pb_divider color=\u00a0\u00bb#8300E9&Prime; _builder_version=\u00a0\u00bb4.10.7&Prime; _module_preset=\u00a0\u00bbdefault\u00a0\u00bb global_colors_info=\u00a0\u00bb{}\u00a0\u00bb custom_margin=\u00a0\u00bb-18px|||||\u00a0\u00bb][\/et_pb_divider][et_pb_text admin_label=\u00a0\u00bbvisuel Pass Culture\u00a0\u00bb _builder_version=\u00a0\u00bb4.10.7&Prime; _module_preset=\u00a0\u00bbdefault\u00a0\u00bb global_colors_info=\u00a0\u00bb{}\u00a0\u00bb custom_margin=\u00a0\u00bb-30px|||||\u00a0\u00bb]<\/p>\n<p style=\"text-align: center;\"><strong><span style=\"color: #800080;\">Pass Culture L&rsquo;application<\/span><\/strong><\/p>\n<p><img loading=\"lazy\" decoding=\"async\" class=\"wp-image-7787 aligncenter\" src=\"https:\/\/www.pedagogie.ac-nice.fr\/daac\/wp-content\/uploads\/sites\/37\/2021\/10\/pass_applications.jpg\" alt=\"\" width=\"182\" height=\"180\"><\/p>\n<p align=\"justify\"><span style=\"color: #0000ff;\">Les jeunes de 18 ans peuvent d\u00e8s aujourd&rsquo;hui t\u00e9l\u00e9charger l&rsquo;application et b\u00e9n\u00e9ficier des 300\u20ac sur l&rsquo;<a href=\"https:\/\/apps.apple.com\/fr\/app\/pass-culture\/id1557887412\" target=\"_blank\" rel=\"noopener\">Apple Store<\/a> ; et sur le&nbsp; <\/span><span style=\"color: #0000ff;\"><a href=\"https:\/\/play.google.com\/store\/apps\/details?id=app.passculture.webapp&amp;hl=fr&amp;gl=US\" target=\"_blank\" rel=\"noopener\">Play Store<\/a>. <\/span><u><\/u><\/p>\n<p>[\/et_pb_text][\/et_pb_column][et_pb_column type=\u00a0\u00bb3_5&Prime; _builder_version=\u00a0\u00bb4.10.7&Prime; _module_preset=\u00a0\u00bbdefault\u00a0\u00bb global_colors_info=\u00a0\u00bb{}\u00a0\u00bb][et_pb_text admin_label=\u00a0\u00bbPass Culture + 18 ans Julien\u00a0\u00bb _builder_version=\u00a0\u00bb4.10.7&Prime; _module_preset=\u00a0\u00bbdefault\u00a0\u00bb global_colors_info=\u00a0\u00bb{}\u00a0\u00bb]<\/p>\n<p style=\"text-align: center;\" align=\"justify\"><span style=\"font-size: 18pt; color: #800080;\"><b>POUR LES + DE 18 ANS<\/b><\/span><\/p>\n<p align=\"justify\"><span style=\"color: #000000;\">Le PASS CULTURE est un dispositif du Minist\u00e8re de la Culture qui s&rsquo;est d\u00e9ploy\u00e9 au niveau national \u00e0 partir du 21 mai 2021. Il propose une application g\u00e9olocalis\u00e9e, qui met \u00e0 disposition de tous les jeunes de 18 ans un cr\u00e9dit virtuel de 300\u20ac valable deux ans.<\/span><\/p>\n<p align=\"justify\"><span style=\"color: #000000;\">En Provence-Alpes-C\u00f4te d&rsquo;Azur, 58 000 jeunes de 18 ans pourront utiliser l&rsquo;application cette ann\u00e9e.<\/span><\/p>\n<p align=\"justify\"><span style=\"color: #000000;\">Le PASS CULTURE permet de r\u00e9server en un clic <i>via <\/i>l\u2019application des offres gratuites et payantes, pens\u00e9es et s\u00e9lectionn\u00e9es pour les jeunes majeurs.<\/span><\/p>\n<p><span style=\"color: #000000;\">Le cr\u00e9dit virtuel de 300 euros peut \u00eatre utilis\u00e9 pour&nbsp;:<\/span><\/p>\n<ul>\n<li><span style=\"color: #000000;\">Des visites de mus\u00e9es, lieux historiques, centres d\u2019art\u2026,<\/span><\/li>\n<li><span style=\"color: #000000;\">Des rencontres avec les artistes, conf\u00e9rences, d\u00e9dicaces, r\u00e9p\u00e9titions, d\u00e9couvertes des m\u00e9tiers\u2026<\/span><\/li>\n<li><span style=\"color: #000000;\">Des places et abonnements de spectacle vivant, cin\u00e9ma, concert, festivals, m\u00e9diath\u00e8ques\u2026<\/span><\/li>\n<li><span style=\"color: #000000;\">Des cours et ateliers de danse, th\u00e9\u00e2tre, musique, chant, dessin\u2026<\/span><\/li>\n<li><span style=\"color: #000000;\">Des achats de biens mat\u00e9riels, livres, BD, disques, vinyles, \u0153uvres d\u2019art, instruments de musique\u2026<\/span><\/li>\n<li><span style=\"color: #000000;\">Des achats de biens num\u00e9riques, jeux vid\u00e9o, musique en ligne, SVOD, ebooks, abonnement presse en ligne\u2026<\/span><\/li>\n<\/ul>\n<p><span style=\"color: #000000;\">Plus d\u2019informations <u><a style=\"color: #000000;\" href=\"https:\/\/pass.culture.fr\/\">https:\/\/pass.culture.fr\/&nbsp;<\/a><\/u><\/span><\/p>\n<p>&nbsp;<\/p>\n<p>[\/et_pb_text][\/et_pb_column][\/et_pb_row][\/et_pb_section]<\/p>\n","protected":false},"excerpt":{"rendered":"<p>Pass Culture L&rsquo;application Les jeunes de 18 ans peuvent d\u00e8s aujourd&rsquo;hui t\u00e9l\u00e9charger l&rsquo;application et b\u00e9n\u00e9ficier des 300\u20ac sur l&rsquo;Apple Store ; et sur le&nbsp; Play Store. POUR LES + DE 18 ANS Le PASS CULTURE est un dispositif du Minist\u00e8re de la Culture qui s&rsquo;est d\u00e9ploy\u00e9 au niveau national \u00e0 partir du 21 mai 2021. [&hellip;]<\/p>\n","protected":false},"author":241,"featured_media":0,"parent":0,"menu_order":0,"comment_status":"closed","ping_status":"closed","template":"","meta":{"_et_pb_use_builder":"on","_et_pb_old_content":"","_et_gb_content_width":"","ngg_post_thumbnail":0,"footnotes":""},"class_list":["post-6612","page","type-page","status-publish","hentry"],"rttpg_featured_image_url":null,"rttpg_author":{"display_name":"daacadmin","author_link":"https:\/\/www.pedagogie.ac-nice.fr\/daac\/author\/daacadmin\/"},"rttpg_comment":0,"rttpg_category":null,"rttpg_excerpt":"Pass Culture L'application Les jeunes de 18 ans peuvent d\u00e8s aujourd'hui t\u00e9l\u00e9charger l'application et b\u00e9n\u00e9ficier des 300\u20ac sur l'Apple Store ; et sur le&nbsp; Play Store. POUR LES + DE 18 ANS Le PASS CULTURE est un dispositif du Minist\u00e8re de la Culture qui s'est d\u00e9ploy\u00e9 au niveau national \u00e0 partir du 21 mai 2021.\u2026","post_mailing_queue_ids":[],"_links":{"self":[{"href":"https:\/\/www.pedagogie.ac-nice.fr\/daac\/wp-json\/wp\/v2\/pages\/6612","targetHints":{"allow":["GET"]}}],"collection":[{"href":"https:\/\/www.pedagogie.ac-nice.fr\/daac\/wp-json\/wp\/v2\/pages"}],"about":[{"href":"https:\/\/www.pedagogie.ac-nice.fr\/daac\/wp-json\/wp\/v2\/types\/page"}],"author":[{"embeddable":true,"href":"https:\/\/www.pedagogie.ac-nice.fr\/daac\/wp-json\/wp\/v2\/users\/241"}],"replies":[{"embeddable":true,"href":"https:\/\/www.pedagogie.ac-nice.fr\/daac\/wp-json\/wp\/v2\/comments?post=6612"}],"version-history":[{"count":13,"href":"https:\/\/www.pedagogie.ac-nice.fr\/daac\/wp-json\/wp\/v2\/pages\/6612\/revisions"}],"predecessor-version":[{"id":9257,"href":"https:\/\/www.pedagogie.ac-nice.fr\/daac\/wp-json\/wp\/v2\/pages\/6612\/revisions\/9257"}],"wp:attachment":[{"href":"https:\/\/www.pedagogie.ac-nice.fr\/daac\/wp-json\/wp\/v2\/media?parent=6612"}],"curies":[{"name":"wp","href":"https:\/\/api.w.org\/{rel}","templated":true}]}}