{"id":7725,"date":"2021-10-06T21:42:06","date_gmt":"2021-10-06T19:42:06","guid":{"rendered":"https:\/\/www.pedagogie.ac-nice.fr\/daac\/?page_id=7725"},"modified":"2021-10-06T22:28:16","modified_gmt":"2021-10-06T20:28:16","slug":"tnn-lettres-a-mon-pere","status":"publish","type":"page","link":"https:\/\/www.pedagogie.ac-nice.fr\/daac\/tnn-lettres-a-mon-pere\/","title":{"rendered":"TNN Lettres \u00e0 mon p\u00e8re"},"content":{"rendered":"<p>[et_pb_section fb_built=\u00a0\u00bb1&Prime; _builder_version=\u00a0\u00bb4.10.7&Prime; _module_preset=\u00a0\u00bbdefault\u00a0\u00bb global_colors_info=\u00a0\u00bb{}\u00a0\u00bb][et_pb_row column_structure=\u00a0\u00bb2_5,3_5&Prime; _builder_version=\u00a0\u00bb4.10.7&Prime; _module_preset=\u00a0\u00bbdefault\u00a0\u00bb global_colors_info=\u00a0\u00bb{}\u00a0\u00bb][et_pb_column type=\u00a0\u00bb2_5&Prime; _builder_version=\u00a0\u00bb4.10.7&Prime; _module_preset=\u00a0\u00bbdefault\u00a0\u00bb global_colors_info=\u00a0\u00bb{}\u00a0\u00bb][et_pb_text admin_label=\u00a0\u00bblogo th\u00e9\u00e2tre\u00a0\u00bb _builder_version=\u00a0\u00bb4.10.7&Prime; _module_preset=\u00a0\u00bbdefault\u00a0\u00bb hover_enabled=\u00a0\u00bb0&Prime; global_colors_info=\u00a0\u00bb{}\u00a0\u00bb sticky_enabled=\u00a0\u00bb0&Prime;]<\/p>\n<p><a href=\"https:\/\/www.pedagogie.ac-nice.fr\/daac\/theatre-asv\/\" target=\"_blank\" rel=\"noopener\"><img loading=\"lazy\" decoding=\"async\" class=\"aligncenter wp-image-5928 size-full\" src=\"https:\/\/www.pedagogie.ac-nice.fr\/daac\/wp-content\/uploads\/sites\/37\/2021\/09\/theatre.png\" alt=\"\" width=\"348\" height=\"217\" srcset=\"https:\/\/www.pedagogie.ac-nice.fr\/daac\/wp-content\/uploads\/sites\/37\/2021\/09\/theatre.png 348w, https:\/\/www.pedagogie.ac-nice.fr\/daac\/wp-content\/uploads\/sites\/37\/2021\/09\/theatre-300x187.png 300w\" sizes=\"(max-width: 348px) 100vw, 348px\" \/><\/a><\/p>\n<p>[\/et_pb_text][et_pb_text admin_label=\u00a0\u00bblogo partenaires\u00a0\u00bb _builder_version=\u00a0\u00bb4.10.7&Prime; _module_preset=\u00a0\u00bbdefault\u00a0\u00bb hover_enabled=\u00a0\u00bb0&Prime; global_colors_info=\u00a0\u00bb{}\u00a0\u00bb sticky_enabled=\u00a0\u00bb0&Prime;]<\/p>\n<p><a href=\"https:\/\/www.pedagogie.ac-nice.fr\/daac\/les-domaines-de-leac\/arts-du-spectacle-vivant\/structures-partenaires-theatre\/\" target=\"_blank\" rel=\"noopener\"><img loading=\"lazy\" decoding=\"async\" class=\"aligncenter wp-image-7600 size-full\" src=\"https:\/\/www.pedagogie.ac-nice.fr\/daac\/wp-content\/uploads\/sites\/37\/2021\/10\/structures_partenaires.png\" alt=\"\" width=\"360\" height=\"241\" srcset=\"https:\/\/www.pedagogie.ac-nice.fr\/daac\/wp-content\/uploads\/sites\/37\/2021\/10\/structures_partenaires.png 360w, https:\/\/www.pedagogie.ac-nice.fr\/daac\/wp-content\/uploads\/sites\/37\/2021\/10\/structures_partenaires-300x201.png 300w\" sizes=\"(max-width: 360px) 100vw, 360px\" \/><\/a><\/p>\n<p>[\/et_pb_text][et_pb_text admin_label=\u00a0\u00bbEric Fottorino\u00a0\u00bb _builder_version=\u00a0\u00bb4.10.7&Prime; _module_preset=\u00a0\u00bbdefault\u00a0\u00bb global_colors_info=\u00a0\u00bb{}\u00a0\u00bb]<\/p>\n<p style=\"text-align: center;\"><span style=\"color: #0000ff;\">&nbsp;Fottorino<\/span><br \/><span style=\"color: #0000ff;\"> \u00ab\u00a0Questions \u00e0 mon p\u00e8re\u00a0\u00bb<\/span><br \/><a href=\"https:\/\/www.pedagogie.ac-nice.fr\/daac\/wp-content\/uploads\/sites\/37\/2021\/02\/Eric_Fottorino.mp4\" target=\"_blank\" rel=\"noopener\"><img loading=\"lazy\" decoding=\"async\" class=\"aligncenter wp-image-2371\" src=\"https:\/\/www.pedagogie.ac-nice.fr\/daac\/wp-content\/uploads\/sites\/37\/2021\/02\/Eric_Fottorino_visuel_video.png\" alt=\"\" width=\"138\" height=\"222\" srcset=\"https:\/\/www.pedagogie.ac-nice.fr\/daac\/wp-content\/uploads\/sites\/37\/2021\/02\/Eric_Fottorino_visuel_video.png 328w, https:\/\/www.pedagogie.ac-nice.fr\/daac\/wp-content\/uploads\/sites\/37\/2021\/02\/Eric_Fottorino_visuel_video-187x300.png 187w\" sizes=\"(max-width: 138px) 100vw, 138px\" \/><\/a><span style=\"color: #0000ff; font-size: 10pt;\">interview<\/span><\/p>\n<p>[\/et_pb_text][et_pb_divider _builder_version=\u00a0\u00bb4.10.7&Prime; _module_preset=\u00a0\u00bbdefault\u00a0\u00bb global_colors_info=\u00a0\u00bb{}\u00a0\u00bb][\/et_pb_divider][et_pb_text admin_label=\u00a0\u00bblivret p\u00e9da\u00a0\u00bb _builder_version=\u00a0\u00bb4.10.7&Prime; _module_preset=\u00a0\u00bbdefault\u00a0\u00bb custom_padding=\u00a0\u00bb0px|1px||||\u00a0\u00bb global_colors_info=\u00a0\u00bb{}\u00a0\u00bb]<\/p>\n<p style=\"text-align: center;\"><a href=\"https:\/\/www.pedagogie.ac-nice.fr\/daac\/wp-content\/uploads\/sites\/37\/2021\/02\/livret_pp_lettre.pdf\" target=\"_blank\" rel=\"noopener\"><span style=\"color: #800000;\">Consultez le livret p\u00e9dagogique<\/span><\/a><br \/><a href=\"https:\/\/www.pedagogie.ac-nice.fr\/daac\/wp-content\/uploads\/sites\/37\/2021\/02\/livret_pp_lettre.pdf\" target=\"_blank\" rel=\"noopener\"><img loading=\"lazy\" decoding=\"async\" class=\"alignnone wp-image-3221\" src=\"https:\/\/www.pedagogie.ac-nice.fr\/daac\/wp-content\/uploads\/sites\/37\/2021\/05\/lettre_pere.png\" alt=\"\" width=\"221\" height=\"145\" srcset=\"https:\/\/www.pedagogie.ac-nice.fr\/daac\/wp-content\/uploads\/sites\/37\/2021\/05\/lettre_pere.png 592w, https:\/\/www.pedagogie.ac-nice.fr\/daac\/wp-content\/uploads\/sites\/37\/2021\/05\/lettre_pere-300x197.png 300w\" sizes=\"(max-width: 221px) 100vw, 221px\" \/><\/a><\/p>\n<p>[\/et_pb_text][et_pb_divider _builder_version=\u00a0\u00bb4.10.7&Prime; _module_preset=\u00a0\u00bbdefault\u00a0\u00bb global_colors_info=\u00a0\u00bb{}\u00a0\u00bb][\/et_pb_divider][et_pb_text admin_label=\u00a0\u00bbCap RAdio\u00a0\u00bb _builder_version=\u00a0\u00bb4.10.7&Prime; _module_preset=\u00a0\u00bbdefault\u00a0\u00bb global_colors_info=\u00a0\u00bb{}\u00a0\u00bb]<\/p>\n<p><a href=\"https:\/\/soundcloud.com\/capradio-515121195\/lettres-a-mon-peres?utm_source=capradio.ac-nice.fr&amp;utm_campaign=wtshare&amp;utm_medium=widget&amp;utm_content=https%253A%252F%252Fsoundcloud.com%252Fcapradio-515121195%252Flettres-a-mon-peres\" target=\"_blank\" rel=\"noopener\"><img loading=\"lazy\" decoding=\"async\" class=\"wp-image-3559 aligncenter\" src=\"https:\/\/www.pedagogie.ac-nice.fr\/daac\/wp-content\/uploads\/sites\/37\/2021\/06\/Cap_radio.jpg\" alt=\"logo de Cap radio acad\u00e9mie de Nice\" width=\"142\" height=\"139\"><\/a><span style=\"color: #0000ff;\">Retrouvez la gen\u00e8se du projet, ses objectifs et des interviews des \u00e9l\u00e8ves dans le Podcast de Cap&rsquo;radio <b><i>Lettres \u00e0&#8230; mon p\u00e8re<\/i><\/b> r\u00e9alis\u00e9 par Roxane Obadia.<\/span><\/p>\n<p>[\/et_pb_text][\/et_pb_column][et_pb_column type=\u00a0\u00bb3_5&Prime; _builder_version=\u00a0\u00bb4.10.7&Prime; _module_preset=\u00a0\u00bbdefault\u00a0\u00bb global_colors_info=\u00a0\u00bb{}\u00a0\u00bb][et_pb_text _builder_version=\u00a0\u00bb4.10.7&Prime; _module_preset=\u00a0\u00bbdefault\u00a0\u00bb global_colors_info=\u00a0\u00bb{}\u00a0\u00bb]<\/p>\n<p style=\"text-align: center;\"><span style=\"color: #800000;\"><strong><span style=\"font-size: 18pt;\"><span style=\"color: #b01919;\">LETTRES A MON PERE<\/span><br \/><img loading=\"lazy\" decoding=\"async\" class=\"alignnone  wp-image-3221\" src=\"https:\/\/www.pedagogie.ac-nice.fr\/daac\/wp-content\/uploads\/sites\/37\/2021\/05\/lettre_pere.png\" alt=\"\" width=\"251\" height=\"165\" srcset=\"https:\/\/www.pedagogie.ac-nice.fr\/daac\/wp-content\/uploads\/sites\/37\/2021\/05\/lettre_pere.png 592w, https:\/\/www.pedagogie.ac-nice.fr\/daac\/wp-content\/uploads\/sites\/37\/2021\/05\/lettre_pere-300x197.png 300w\" sizes=\"(max-width: 251px) 100vw, 251px\" \/><\/span><\/strong><\/span><\/p>\n<p>[\/et_pb_text][et_pb_text _builder_version=\u00a0\u00bb4.10.7&Prime; _module_preset=\u00a0\u00bbdefault\u00a0\u00bb global_colors_info=\u00a0\u00bb{}\u00a0\u00bb]<\/p>\n<p style=\"text-align: center;\"><span style=\"color: #ff00ff;\"><strong><span style=\"font-size: 14pt;\">Les objectifs<\/span> <\/strong><\/span><\/p>\n<p style=\"text-align: justify;\"><span style=\"color: #0000ff;\">Ecrire une lettre \u00e0 son p\u00e8re, rencontrer un auteur, lire son roman, travailler avec des com\u00e9diens, <strong>prendre la parole en public et aborder la force de l&rsquo;\u00e9criture et sa repr\u00e9sentation th\u00e9\u00e2trale, \u00e9prouver la force de la sc\u00e8ne et la puissances des mots.<\/strong><\/span><\/p>\n<p style=\"text-align: center;\"><strong><span style=\"color: #ff00ff; font-size: 14pt;\">Partenaires <\/span><br \/><\/strong><\/p>\n<ul>\n<li><span style=\"color: #0000ff;\">Le Th\u00e9\u00e2tre National de Nice ;<\/span><\/li>\n<li><span style=\"color: #0000ff;\">L&rsquo;\u00e9crivain Eric Fottorino ;\u00a0<\/span><\/li>\n<li><span style=\"color: #0000ff;\">La revue Phosphore qui publiera\u00a0 des lettres d&rsquo;\u00e9l\u00e8ves s\u00e9lectionn\u00e9es.<br \/><\/span><\/li>\n<\/ul>\n<p style=\"text-align: center;\"><span style=\"color: #ff00ff;\"><strong><span style=\"font-size: 14pt;\"><br \/>Le projet en chiffres<\/span><\/strong><\/span><\/p>\n<p><span style=\"color: #0000ff;\">50 enseignants,<\/span><br \/><span style=\"color: #0000ff;\">11 lyc\u00e9es, 3 lyc\u00e9es professionnels, 12 coll\u00e8ges,<\/span><br \/><span style=\"color: #0000ff;\">soit 23 \u00e9tablissements et 671\u00a0 \u00e9l\u00e8ves.<\/span><\/p>\n<p><strong><span style=\"color: #ff00ff; font-size: 14pt;\">D\u00e9roulement et agenda du projet<\/span><br \/><\/strong><\/p>\n<p style=\"text-align: justify;\"><span style=\"color: #0000ff;\">1- Lecture dans les classes du roman d&rsquo;Eric Fottorino \u00ab\u00a0Questions \u00e0 mon p\u00e8re\u00a0\u00bb, rencontre virtuelle avec l&rsquo;auteur novembre 2020 ;<\/span><\/p>\n<p style=\"text-align: center;\"><span style=\"color: #0000ff;\">2- intervention dans les classes de Muriel Mayette et des 6 com\u00e9diens de la troupe du TNN de janvier \u00e0 avril 2021 :<a href=\"https:\/\/www.pedagogie.ac-nice.fr\/daac\/wp-content\/uploads\/sites\/37\/2021\/02\/presentation_Muriel_Mayette_TNN.mp4\" target=\"_blank\" rel=\"noopener\"><img loading=\"lazy\" decoding=\"async\" class=\"aligncenter wp-image-2366 size-full\" src=\"https:\/\/www.pedagogie.ac-nice.fr\/daac\/wp-content\/uploads\/sites\/37\/2021\/02\/visuel_video_muriel_mayette.png\" alt=\"vid\u00e9o de pr\u00e9sentation du projet Muriel Mayette\" width=\"344\" height=\"169\" srcset=\"https:\/\/www.pedagogie.ac-nice.fr\/daac\/wp-content\/uploads\/sites\/37\/2021\/02\/visuel_video_muriel_mayette.png 344w, https:\/\/www.pedagogie.ac-nice.fr\/daac\/wp-content\/uploads\/sites\/37\/2021\/02\/visuel_video_muriel_mayette-300x147.png 300w\" sizes=\"(max-width: 344px) 100vw, 344px\" \/><\/a><\/span><span style=\"font-size: 8pt;\"><a href=\"https:\/\/www.pedagogie.ac-nice.fr\/daac\/wp-content\/uploads\/sites\/37\/2021\/02\/presentation_Muriel_Mayette_TNN.mp4\" target=\"_blank\" rel=\"noopener\"><span style=\"color: #0000ff;\">Pr\u00e9sentation vid\u00e9o du Projet Lettres \u00e0 mon P\u00e8re &#8211; Cliquez sur l&rsquo;image<\/span><\/a><\/span><\/p>\n<p style=\"text-align: justify;\"><span style=\"color: #0000ff;\">3- Restitution publique au kiosque du TNN sur la Coul\u00e9e Verte (Nice) lors d&rsquo;un marathon des mots\u00a0\u00bb<strong> en juin 2021.<\/strong><\/span><\/p>\n<p><span style=\"color: #0000ff;\"><strong>Contacts<br \/>Nadine G\u00e9hin,<\/strong><\/span><br \/><span style=\"color: #0000ff;\">professeure charg\u00e9e de mission de la DAAC aupr\u00e8s du TNN<\/span><\/p>\n<p align=\"left\"><span style=\"color: #0000ff;\"><span lang=\"fr-FR\"><strong>Muriel Colin Lacour<\/strong>,<br \/><\/span><span lang=\"fr-FR\">coordonnatrice acad\u00e9mique danse, cirque, ASV<br \/>muriel.lacour@ac-nice.fr<\/span><\/span><\/p>\n<p>[\/et_pb_text][\/et_pb_column][\/et_pb_row][et_pb_row _builder_version=\u00a0\u00bb4.10.7&Prime; _module_preset=\u00a0\u00bbdefault\u00a0\u00bb custom_padding=\u00a0\u00bb||18px|||\u00a0\u00bb global_colors_info=\u00a0\u00bb{}\u00a0\u00bb][et_pb_column type=\u00a0\u00bb4_4&Prime; _builder_version=\u00a0\u00bb4.10.7&Prime; _module_preset=\u00a0\u00bbdefault\u00a0\u00bb global_colors_info=\u00a0\u00bb{}\u00a0\u00bb][et_pb_text _builder_version=\u00a0\u00bb4.10.7&Prime; _module_preset=\u00a0\u00bbdefault\u00a0\u00bb global_colors_info=\u00a0\u00bb{}\u00a0\u00bb]<\/p>\n<p style=\"text-align: center;\"><span style=\"color: #ff00ff;\"><strong>Vid\u00e9os r\u00e9alis\u00e9es par les \u00e9l\u00e8ves de syst\u00e8mes num\u00e9riques qui participent au projet LAMP avec le TNN.<\/strong><\/span><\/p>\n<p>[\/et_pb_text][\/et_pb_column][\/et_pb_row][et_pb_row column_structure=\u00a0\u00bb1_2,1_2&Prime; _builder_version=\u00a0\u00bb4.10.7&Prime; _module_preset=\u00a0\u00bbdefault\u00a0\u00bb global_colors_info=\u00a0\u00bb{}\u00a0\u00bb][et_pb_column type=\u00a0\u00bb1_2&Prime; _builder_version=\u00a0\u00bb4.10.7&Prime; _module_preset=\u00a0\u00bbdefault\u00a0\u00bb global_colors_info=\u00a0\u00bb{}\u00a0\u00bb][et_pb_text _builder_version=\u00a0\u00bb4.10.7&Prime; _module_preset=\u00a0\u00bbdefault\u00a0\u00bb min_height=\u00a0\u00bb112.2px\u00a0\u00bb custom_padding=\u00a0\u00bb0px|||||\u00a0\u00bb global_colors_info=\u00a0\u00bb{}\u00a0\u00bb]<\/p>\n<p style=\"text-align: justify;\"><span style=\"font-size: 10pt; color: #0000ff;\">Mise en voix et conseils de Fr\u00e9d\u00e9ric De Goldfiem \u00e0 Valentin, Lucas, Mansour, Klaudio et Fabien, \u00e9l\u00e8ves de secondes et terminales syst\u00e8mes num\u00e9riques de Gerard Tourbier et Nadine G\u00e9hin, lyc\u00e9e des Eucalyptus, Nice.<\/span><\/p>\n<p>[\/et_pb_text][et_pb_text admin_label=\u00a0\u00bbvid\u00e9o\u00a0\u00bb _builder_version=\u00a0\u00bb4.10.7&Prime; _module_preset=\u00a0\u00bbdefault\u00a0\u00bb global_colors_info=\u00a0\u00bb{}\u00a0\u00bb]<\/p>\n<p><iframe loading=\"lazy\" src=\"https:\/\/acamedia.ac-nice.fr\/v2\/player\/embed_player.php?vid=MRKH6H373AO3&amp;width=600&amp;height=370&amp;autoplay=yes\" allowfullscreen=\"allowfullscreen\" width=\"600\" height=\"370\" frameborder=\"0\"><\/iframe><\/p>\n<p>[\/et_pb_text][\/et_pb_column][et_pb_column type=\u00a0\u00bb1_2&Prime; _builder_version=\u00a0\u00bb4.10.7&Prime; _module_preset=\u00a0\u00bbdefault\u00a0\u00bb global_colors_info=\u00a0\u00bb{}\u00a0\u00bb][et_pb_text _builder_version=\u00a0\u00bb4.10.7&Prime; _module_preset=\u00a0\u00bbdefault\u00a0\u00bb custom_margin=\u00a0\u00bb||64px|||\u00a0\u00bb global_colors_info=\u00a0\u00bb{}\u00a0\u00bb]<\/p>\n<p style=\"text-align: justify;\"><span style=\"font-size: 10pt; color: #0000ff;\">Lecture de la<strong> lettre de Thomas<\/strong> par Mohamed, \u00e9l\u00e8ve&nbsp; (dou\u00e9) de seconde syst\u00e8mes num\u00e9riques de Nadine G\u00e9hin, lyc\u00e9e des Eucalyptus, Nice.<\/span><\/p>\n<p>[\/et_pb_text][et_pb_text admin_label=\u00a0\u00bbvid\u00e9o\u00a0\u00bb _builder_version=\u00a0\u00bb4.10.7&Prime; _module_preset=\u00a0\u00bbdefault\u00a0\u00bb global_colors_info=\u00a0\u00bb{}\u00a0\u00bb]<\/p>\n<p><iframe loading=\"lazy\" src=\"https:\/\/acamedia.ac-nice.fr\/v2\/player\/embed_player.php?vid=8GUSONYWHG7K&amp;width=600&amp;height=370&amp;autoplay=yes\" allowfullscreen=\"allowfullscreen\" width=\"600\" height=\"370\" frameborder=\"0\"><\/iframe><\/p>\n<p>[\/et_pb_text][\/et_pb_column][\/et_pb_row][\/et_pb_section]<\/p>\n","protected":false},"excerpt":{"rendered":"<p>&nbsp;Fottorino \u00ab\u00a0Questions \u00e0 mon p\u00e8re\u00a0\u00bbinterviewConsultez le livret p\u00e9dagogiqueRetrouvez la gen\u00e8se du projet, ses objectifs et des interviews des \u00e9l\u00e8ves dans le Podcast de Cap&rsquo;radio Lettres \u00e0&#8230; mon p\u00e8re r\u00e9alis\u00e9 par Roxane Obadia.LETTRES A MON PERELes objectifs Ecrire une lettre \u00e0 son p\u00e8re, rencontrer un auteur, lire son roman, travailler avec des com\u00e9diens, prendre la parole [&hellip;]<\/p>\n","protected":false},"author":241,"featured_media":0,"parent":0,"menu_order":0,"comment_status":"closed","ping_status":"closed","template":"","meta":{"_et_pb_use_builder":"on","_et_pb_old_content":"","_et_gb_content_width":"","ngg_post_thumbnail":0,"footnotes":""},"class_list":["post-7725","page","type-page","status-publish","hentry"],"rttpg_featured_image_url":null,"rttpg_author":{"display_name":"daacadmin","author_link":"https:\/\/www.pedagogie.ac-nice.fr\/daac\/author\/daacadmin\/"},"rttpg_comment":0,"rttpg_category":null,"rttpg_excerpt":"&nbsp;Fottorino \"Questions \u00e0 mon p\u00e8re\"interviewConsultez le livret p\u00e9dagogiqueRetrouvez la gen\u00e8se du projet, ses objectifs et des interviews des \u00e9l\u00e8ves dans le Podcast de Cap'radio Lettres \u00e0... mon p\u00e8re r\u00e9alis\u00e9 par Roxane Obadia.LETTRES A MON PERELes objectifs Ecrire une lettre \u00e0 son p\u00e8re, rencontrer un auteur, lire son roman, travailler avec des com\u00e9diens, prendre la parole\u2026","post_mailing_queue_ids":[],"_links":{"self":[{"href":"https:\/\/www.pedagogie.ac-nice.fr\/daac\/wp-json\/wp\/v2\/pages\/7725","targetHints":{"allow":["GET"]}}],"collection":[{"href":"https:\/\/www.pedagogie.ac-nice.fr\/daac\/wp-json\/wp\/v2\/pages"}],"about":[{"href":"https:\/\/www.pedagogie.ac-nice.fr\/daac\/wp-json\/wp\/v2\/types\/page"}],"author":[{"embeddable":true,"href":"https:\/\/www.pedagogie.ac-nice.fr\/daac\/wp-json\/wp\/v2\/users\/241"}],"replies":[{"embeddable":true,"href":"https:\/\/www.pedagogie.ac-nice.fr\/daac\/wp-json\/wp\/v2\/comments?post=7725"}],"version-history":[{"count":16,"href":"https:\/\/www.pedagogie.ac-nice.fr\/daac\/wp-json\/wp\/v2\/pages\/7725\/revisions"}],"predecessor-version":[{"id":7764,"href":"https:\/\/www.pedagogie.ac-nice.fr\/daac\/wp-json\/wp\/v2\/pages\/7725\/revisions\/7764"}],"wp:attachment":[{"href":"https:\/\/www.pedagogie.ac-nice.fr\/daac\/wp-json\/wp\/v2\/media?parent=7725"}],"curies":[{"name":"wp","href":"https:\/\/api.w.org\/{rel}","templated":true}]}}