{"id":804,"date":"2020-10-03T00:00:10","date_gmt":"2020-10-02T22:00:10","guid":{"rendered":"https:\/\/www.pedagogie.ac-nice.fr\/daac\/?page_id=804"},"modified":"2020-11-24T21:38:38","modified_gmt":"2020-11-24T20:38:38","slug":"partenariats","status":"publish","type":"page","link":"https:\/\/www.pedagogie.ac-nice.fr\/daac\/partenariats\/","title":{"rendered":"Conventions et Partenariats"},"content":{"rendered":"<div class=\"story chapo\">\n<p class=\"western\" align=\"justify\">L&rsquo;ambition pr\u00e9sidentielle de g\u00e9n\u00e9ralisation de l&rsquo;EAC aupr\u00e8s de 100% des \u00e9l\u00e8ves sur la dur\u00e9e du quinquennat s&rsquo;appuie sur une synergie entre les comp\u00e9tences des services de l\u2019Etat (l\u2019Acad\u00e9mie de Nice et la DRAC), et les comp\u00e9tences des collectivit\u00e9s territoriales et r\u00e9seaux des op\u00e9rateurs culturels. Il s\u2019agit d\u2019une politique partag\u00e9e.<\/p>\n<p class=\"western\" align=\"justify\">Cette action commune est d\u00e9clin\u00e9e dans les territoires \u00e0 travers l\u2019\u00e9laboration d\u2019une politique c qui se traduit par une dynamique de conventionnement d\u00e9velopp\u00e9e sur la majeure partie du territoire acad\u00e9mique depuis les ann\u00e9es 2000.<\/p>\n<p class=\"western\" align=\"justify\">Ces conventions permettent aux diff\u00e9rents partenaires de contractualiser et de fixer les objectifs et les moyens mis au service pour l\u2019action publique en mati\u00e8re d\u2019EAC. Les conventions favorisent la mutualisation des ressources et l\u2019interaction des diff\u00e9rents acteurs.<\/p>\n<p class=\"western\" align=\"justify\">L\u2019acad\u00e9mie de Nice est signataire de 13 conventions territoriales avec la DRAC et&nbsp;:<\/p>\n<p class=\"western\" align=\"justify\">-La r\u00e9gion Sud-Provence Alpes C\u00f4te d\u2019Azur<\/p>\n<p class=\"western\" align=\"justify\">-Les d\u00e9partements du Var et des Alpes-Maritimes<\/p>\n<p class=\"western\" align=\"justify\">-La M\u00e9tropole Toulon-Provence-M\u00e9diterran\u00e9e<\/p>\n<p class=\"western\" align=\"justify\">-La communaut\u00e9 d\u2019agglom\u00e9ration du Pays de Grasse<\/p>\n<p class=\"western\" align=\"justify\">-Les communes de Nice, Cannes, Carros, la Seyne-sur-Mer, Hy\u00e8res, Fr\u00e9jus, Saint-Rapha\u00ebl, Mougins.<\/p>\n<p class=\"western\" align=\"justify\">L\u2019acad\u00e9mie de Nice a engag\u00e9 une politique volontariste de conventionnement aupr\u00e8s des collectivit\u00e9s. Il s\u2019agit d\u2019ancrer l\u2019EAC au plus pr\u00e8s des besoins des territoires. Ce choix rencontre l\u2019adh\u00e9sion des collectivit\u00e9s, qui sont de plus en plus nombreuses \u00e0 s\u2019engager dans le 100% EAC \u00e0 l\u2019instar des deux villes-laboratoires pr\u00e9sentes dans l\u2019acad\u00e9mie (Cannes et Carros) et repr\u00e9sent\u00e9es au Haut conseil de l\u2019\u00e9ducation artistique et culturelle.<\/p>\n<\/div>\n<p>Retrouvez les conventions et les partenariats <a href=\"https:\/\/www.culture.gouv.fr\/Regions\/Drac-Provence-Alpes-Cote-d-Azur\/Politique-et-actions-culturelles\/Conventions-culturelles\" target=\"_blank\" rel=\"https:\/\/www.culture.gouv.fr\/Regions\/Drac-Provence-Alpes-Cote-d-Azur\/Politique-et-actions-culturelles\/Conventions-culturelles noopener noreferrer\"><img loading=\"lazy\" decoding=\"async\" class=\"alignnone wp-image-359 size-full\" src=\"https:\/\/www.pedagogie.ac-nice.fr\/daac\/wp-content\/uploads\/sites\/37\/2020\/08\/bouton_connexion.png\" alt=\"\" width=\"71\" height=\"70\"><\/a><\/p>\n<div class=\"moz-signature\">Une pr\u00e9sentation de l&rsquo;action de la DRAC en PACA <a href=\"https:\/\/www.culture.gouv.fr\/Regions\/Drac-Provence-Alpes-Cote-d-Azur\/La-direction-regionale\/La-Drac-et-ses-services\/Education-artistique-et-culturelle\" target=\"_blank\" rel=\"https:\/\/www.culture.gouv.fr\/Regions\/Drac-Provence-Alpes-Cote-d-Azur\/La-direction-regionale\/La-Drac-et-ses-services\/Education-artistique-et-culturelle noopener noreferrer\"><img loading=\"lazy\" decoding=\"async\" class=\"alignnone wp-image-359 size-full\" src=\"https:\/\/www.pedagogie.ac-nice.fr\/daac\/wp-content\/uploads\/sites\/37\/2020\/08\/bouton_connexion.png\" alt=\"\" width=\"71\" height=\"70\"><\/a><\/div>\n","protected":false},"excerpt":{"rendered":"<p>L&rsquo;ambition pr\u00e9sidentielle de g\u00e9n\u00e9ralisation de l&rsquo;EAC aupr\u00e8s de 100% des \u00e9l\u00e8ves sur la dur\u00e9e du quinquennat s&rsquo;appuie sur une synergie entre les comp\u00e9tences des services de l\u2019Etat (l\u2019Acad\u00e9mie de Nice et la DRAC), et les comp\u00e9tences des collectivit\u00e9s territoriales et r\u00e9seaux des op\u00e9rateurs culturels. Il s\u2019agit d\u2019une politique partag\u00e9e. Cette action commune est d\u00e9clin\u00e9e dans [&hellip;]<\/p>\n","protected":false},"author":241,"featured_media":0,"parent":0,"menu_order":0,"comment_status":"closed","ping_status":"closed","template":"","meta":{"_et_pb_use_builder":"","_et_pb_old_content":"","_et_gb_content_width":"","ngg_post_thumbnail":0,"footnotes":""},"class_list":["post-804","page","type-page","status-publish","hentry"],"rttpg_featured_image_url":null,"rttpg_author":{"display_name":"daacadmin","author_link":"https:\/\/www.pedagogie.ac-nice.fr\/daac\/author\/daacadmin\/"},"rttpg_comment":0,"rttpg_category":null,"rttpg_excerpt":"L&rsquo;ambition pr\u00e9sidentielle de g\u00e9n\u00e9ralisation de l&rsquo;EAC aupr\u00e8s de 100% des \u00e9l\u00e8ves sur la dur\u00e9e du quinquennat s&rsquo;appuie sur une synergie entre les comp\u00e9tences des services de l\u2019Etat (l\u2019Acad\u00e9mie de Nice et la DRAC), et les comp\u00e9tences des collectivit\u00e9s territoriales et r\u00e9seaux des op\u00e9rateurs culturels. Il s\u2019agit d\u2019une politique partag\u00e9e. Cette action commune est d\u00e9clin\u00e9e dans\u2026","post_mailing_queue_ids":[],"_links":{"self":[{"href":"https:\/\/www.pedagogie.ac-nice.fr\/daac\/wp-json\/wp\/v2\/pages\/804","targetHints":{"allow":["GET"]}}],"collection":[{"href":"https:\/\/www.pedagogie.ac-nice.fr\/daac\/wp-json\/wp\/v2\/pages"}],"about":[{"href":"https:\/\/www.pedagogie.ac-nice.fr\/daac\/wp-json\/wp\/v2\/types\/page"}],"author":[{"embeddable":true,"href":"https:\/\/www.pedagogie.ac-nice.fr\/daac\/wp-json\/wp\/v2\/users\/241"}],"replies":[{"embeddable":true,"href":"https:\/\/www.pedagogie.ac-nice.fr\/daac\/wp-json\/wp\/v2\/comments?post=804"}],"version-history":[{"count":9,"href":"https:\/\/www.pedagogie.ac-nice.fr\/daac\/wp-json\/wp\/v2\/pages\/804\/revisions"}],"predecessor-version":[{"id":1445,"href":"https:\/\/www.pedagogie.ac-nice.fr\/daac\/wp-json\/wp\/v2\/pages\/804\/revisions\/1445"}],"wp:attachment":[{"href":"https:\/\/www.pedagogie.ac-nice.fr\/daac\/wp-json\/wp\/v2\/media?parent=804"}],"curies":[{"name":"wp","href":"https:\/\/api.w.org\/{rel}","templated":true}]}}