{"id":8458,"date":"2021-10-21T22:44:18","date_gmt":"2021-10-21T20:44:18","guid":{"rendered":"https:\/\/www.pedagogie.ac-nice.fr\/daac\/?page_id=8458"},"modified":"2022-01-21T20:57:57","modified_gmt":"2022-01-21T19:57:57","slug":"ressources-enseignants-mamac","status":"publish","type":"page","link":"https:\/\/www.pedagogie.ac-nice.fr\/daac\/ressources-enseignants-mamac\/","title":{"rendered":"Ressources enseignants MAMAC"},"content":{"rendered":"<p>[et_pb_section fb_built=\u00a0\u00bb1&Prime; _builder_version=\u00a0\u00bb4.10.7&Prime; _module_preset=\u00a0\u00bbdefault\u00a0\u00bb global_colors_info=\u00a0\u00bb{}\u00a0\u00bb][et_pb_row column_structure=\u00a0\u00bb1_3,2_3&Prime; _builder_version=\u00a0\u00bb4.10.7&Prime; _module_preset=\u00a0\u00bbdefault\u00a0\u00bb global_colors_info=\u00a0\u00bb{}\u00a0\u00bb][et_pb_column type=\u00a0\u00bb1_3&Prime; _builder_version=\u00a0\u00bb4.10.7&Prime; _module_preset=\u00a0\u00bbdefault\u00a0\u00bb global_colors_info=\u00a0\u00bb{}\u00a0\u00bb][et_pb_text admin_label=\u00a0\u00bbPole Mus\u00e9es\u00a0\u00bb _builder_version=\u00a0\u00bb4.10.7&Prime; _module_preset=\u00a0\u00bbdefault\u00a0\u00bb global_colors_info=\u00a0\u00bb{}\u00a0\u00bb]<\/p>\n<p><a href=\"https:\/\/www.pedagogie.ac-nice.fr\/daac\/domaine-musees\/\" target=\"_blank\" rel=\"noopener\"><img loading=\"lazy\" decoding=\"async\" class=\"aligncenter wp-image-5972 \" src=\"https:\/\/www.pedagogie.ac-nice.fr\/daac\/wp-content\/uploads\/sites\/37\/2021\/09\/musees-300x186.png\" alt=\"\" width=\"271\" height=\"168\" srcset=\"https:\/\/www.pedagogie.ac-nice.fr\/daac\/wp-content\/uploads\/sites\/37\/2021\/09\/musees-300x186.png 300w, https:\/\/www.pedagogie.ac-nice.fr\/daac\/wp-content\/uploads\/sites\/37\/2021\/09\/musees.png 346w\" sizes=\"(max-width: 271px) 100vw, 271px\" \/><\/a><\/p>\n<p>[\/et_pb_text][et_pb_divider _builder_version=\u00a0\u00bb4.10.7&Prime; _module_preset=\u00a0\u00bbdefault\u00a0\u00bb custom_margin=\u00a0\u00bb-22px|||||\u00a0\u00bb global_colors_info=\u00a0\u00bb{}\u00a0\u00bb][\/et_pb_divider][et_pb_text admin_label=\u00a0\u00bbMAMAC\u00a0\u00bb _builder_version=\u00a0\u00bb4.10.7&Prime; _module_preset=\u00a0\u00bbdefault\u00a0\u00bb custom_margin=\u00a0\u00bb-25px|||||\u00a0\u00bb global_colors_info=\u00a0\u00bb{}\u00a0\u00bb]<\/p>\n<p style=\"text-align: center;\"><strong><span style=\"font-size: 14pt; color: #ff00ff;\">MAMAC<br \/><\/span><\/strong><a href=\"https:\/\/www.pedagogie.ac-nice.fr\/daac\/mamac\/\" target=\"_blank\" rel=\"noopener\"><img loading=\"lazy\" decoding=\"async\" class=\"wp-image-8484 size-medium\" src=\"https:\/\/www.pedagogie.ac-nice.fr\/daac\/wp-content\/uploads\/sites\/37\/2021\/10\/Mamac_LDD-300x200.jpg\" alt=\"\" width=\"300\" height=\"200\" srcset=\"https:\/\/www.pedagogie.ac-nice.fr\/daac\/wp-content\/uploads\/sites\/37\/2021\/10\/Mamac_LDD-300x200.jpg 300w, https:\/\/www.pedagogie.ac-nice.fr\/daac\/wp-content\/uploads\/sites\/37\/2021\/10\/Mamac_LDD-1024x682.jpg 1024w, https:\/\/www.pedagogie.ac-nice.fr\/daac\/wp-content\/uploads\/sites\/37\/2021\/10\/Mamac_LDD-768x512.jpg 768w, https:\/\/www.pedagogie.ac-nice.fr\/daac\/wp-content\/uploads\/sites\/37\/2021\/10\/Mamac_LDD-1080x719.jpg 1080w, https:\/\/www.pedagogie.ac-nice.fr\/daac\/wp-content\/uploads\/sites\/37\/2021\/10\/Mamac_LDD.jpg 1339w\" sizes=\"(max-width: 300px) 100vw, 300px\" \/><\/a><\/p>\n<p>[\/et_pb_text][et_pb_divider _builder_version=\u00a0\u00bb4.10.7&Prime; _module_preset=\u00a0\u00bbdefault\u00a0\u00bb custom_margin=\u00a0\u00bb-25px|||||\u00a0\u00bb global_colors_info=\u00a0\u00bb{}\u00a0\u00bb][\/et_pb_divider][et_pb_text _builder_version=\u00a0\u00bb4.10.7&Prime; _module_preset=\u00a0\u00bbdefault\u00a0\u00bb hover_enabled=\u00a0\u00bb0&Prime; sticky_enabled=\u00a0\u00bb0&Prime; admin_label=\u00a0\u00bbSpoerri\u00a0\u00bb]<\/p>\n<p style=\"text-align: center;\"><span style=\"color: #0000ff;\">Exposition Daniel Spoerri<\/span><br \/><img loading=\"lazy\" decoding=\"async\" class=\"alignnone size-medium wp-image-8374 aligncenter\" src=\"https:\/\/www.pedagogie.ac-nice.fr\/daac\/wp-content\/uploads\/sites\/37\/2021\/10\/Daniel_Spoerri-215x300.jpg\" alt=\"\" width=\"215\" height=\"300\" srcset=\"https:\/\/www.pedagogie.ac-nice.fr\/daac\/wp-content\/uploads\/sites\/37\/2021\/10\/Daniel_Spoerri-215x300.jpg 215w, https:\/\/www.pedagogie.ac-nice.fr\/daac\/wp-content\/uploads\/sites\/37\/2021\/10\/Daniel_Spoerri.jpg 359w\" sizes=\"(max-width: 215px) 100vw, 215px\" \/><\/p>\n<p>[\/et_pb_text][\/et_pb_column][et_pb_column type=\u00a0\u00bb2_3&Prime; _builder_version=\u00a0\u00bb4.10.7&Prime; _module_preset=\u00a0\u00bbdefault\u00a0\u00bb global_colors_info=\u00a0\u00bb{}\u00a0\u00bb][et_pb_text admin_label=\u00a0\u00bbRessources pour les enseignants\u00a0\u00bb _builder_version=\u00a0\u00bb4.10.7&Prime; _module_preset=\u00a0\u00bbdefault\u00a0\u00bb width=\u00a0\u00bb105.4%\u00a0\u00bb custom_margin=\u00a0\u00bb|-12px||-24px||\u00a0\u00bb custom_padding=\u00a0\u00bb|0px||0px||\u00a0\u00bb global_colors_info=\u00a0\u00bb{}\u00a0\u00bb]<\/p>\n<p style=\"text-align: center;\"><span style=\"font-size: 14pt; color: #ff00ff;\"><strong>Le Mus\u00e9e d&rsquo;Art Moderne et d&rsquo;Art contemporain de Nice<\/strong><\/span><\/p>\n<p style=\"text-align: center;\"><strong><span style=\"font-size: 14pt; color: #ff00ff;\">MAMAC &#8211; Ressources pour les enseignants<\/span><br \/><\/strong><\/p>\n<p style=\"text-align: justify;\"><span style=\"color: #0000ff;\">Le Mus\u00e9e d\u2019Art Moderne et d\u2019Art Contemporain de Nice dispose d\u2019une collection d\u2019oeuvres de 1950 \u00e0 nos jours comprenant notamment une salle permanente d\u00e9di\u00e9e \u00e0 <strong>Yves Klein<\/strong> et l\u2019une des plus importantes collections d\u2019oeuvres de<strong> Niki de Saint Phalle<\/strong>.<\/span><\/p>\n<p><span style=\"color: #ff00ff; font-size: 12pt; font-family: georgia, palatino, serif;\"><strong>Pour les enseignants et les classes :<\/strong> cliquez pour acc\u00e9der \u00e0 toutes les informations<b><br \/><\/b><\/span><\/p>\n<ul>\n<li style=\"text-align: justify;\"><span style=\"color: #0000ff; font-size: 12pt; font-family: georgia, palatino, serif;\">Visites libres, sur r\u00e9servation.<\/span><\/li>\n<li style=\"text-align: justify;\"><span style=\"color: #0000ff; font-size: 12pt; font-family: georgia, palatino, serif;\">Visites guid\u00e9es sur r\u00e9servation, pour tous les niveaux.<br \/>Diff\u00e9rentes entr\u00e9es possibles \u00e0 s\u00e9lectionner via <a href=\"https:\/\/www.mamac-nice.org\/fr\/visites-ateliers\/boite-a-outils\/#fiches-pedagogiques\" target=\"_blank\" rel=\"noopener\">les fiches p\u00e9dagogiques t\u00e9l\u00e9chargeables sur le site<\/a>.<\/span><\/li>\n<li style=\"text-align: justify;\"><span style=\"color: #0000ff; font-size: 12pt; font-family: georgia, palatino, serif;\">Ateliers de cr\u00e9ation dans l\u2019espace d\u00e9di\u00e9 et\/ou dans le mus\u00e9e en fonction de l\u2019exposition en cours<\/span><\/li>\n<li style=\"text-align: justify;\"><a href=\"https:\/\/www.pedagogie.ac-nice.fr\/daac\/mamac\/\" target=\"_blank\" rel=\"noopener\"><span style=\"color: #0000ff; font-size: 12pt; font-family: georgia, palatino, serif;\">Des projets EAC construits avec les enseignants sur demande ou sur proposition du mus\u00e9e<\/span><\/a><\/li>\n<li style=\"text-align: justify;\"><span style=\"color: #0000ff; font-size: 12pt; font-family: georgia, palatino, serif;\">Participation \u00e0 des dispositifs nationaux \u00ab la classe, l\u2019oeuvre ! \u00bb, \u00ab Le prix de l\u2019audace artistique \u00bb, \u00ab La journ\u00e9e mondiale de la danse \u00bb.<\/span><\/li>\n<li style=\"text-align: justify;\"><span style=\"color: #0000ff; font-size: 12pt; font-family: georgia, palatino, serif;\"><a href=\"https:\/\/www.mamac-nice.org\/fr\/visites-ateliers\/boite-a-outils\/#fiches-pedagogiques\" target=\"_blank\" rel=\"noopener\">Une boite \u00e0 outils<\/a> en acc\u00e8s libre et imprimables via le site :<a href=\"https:\/\/www.mamac-nice.org\/fr\/visites-ateliers\/scolaires\/\" target=\"_blank\" rel=\"noopener\"> Quizz, jeux, livrets, li\u00e9s \u00e0 la collection permanente et aux expositions temporaires.<\/a><\/span><\/li>\n<li style=\"text-align: justify;\"><a href=\"https:\/\/www.mamac-nice.org\/fr\/visites-ateliers\/boite-a-outils\/#fiches-pedagogiques\" target=\"_blank\" rel=\"noopener\"><span style=\"color: #0000ff; font-size: 12pt; font-family: georgia, palatino, serif;\">Des mallettes p\u00e9dagogiques pour accompagner les visites et ateliers des 5-11 ans.<\/span><\/a><\/li>\n<li style=\"text-align: justify;\"><span style=\"color: #0000ff; font-size: 12pt; font-family: georgia, palatino, serif;\">Notices d\u2019oeuvres pour les enfants.<\/span><\/li>\n<li style=\"text-align: justify;\"><span style=\"color: #0000ff; font-size: 12pt; font-family: georgia, palatino, serif;\">Formation pour les enseignants au fil des expositions temporaires (2\/an).<\/span><\/li>\n<li style=\"text-align: justify;\"><span style=\"color: #0000ff; font-size: 12pt; font-family: georgia, palatino, serif;\"><a href=\"https:\/\/www.mamac-nice.org\/fr\/visites-ateliers\/scolaires\/\" target=\"_blank\" rel=\"noopener\">Le site du mus\u00e9e donne acc\u00e8s \u00e0 toutes les informations et documents cit\u00e9s &gt; Visites\/Ateliers\/Scolaires<\/a>.<\/span><\/li>\n<li><span style=\"color: #000000; font-size: 12pt; font-family: georgia, palatino, serif;\"><a href=\"https:\/\/www.youtube.com\/channel\/UCAqLELwli6Lgqiy54KkA4Rw\" target=\"_blank\" rel=\"noopener\"><span lang=\"fr-FR\" style=\"color: #0000ff;\">Une cha\u00eene YouTube.<\/span><\/a><u><\/u><\/span><\/li>\n<\/ul>\n<p>[\/et_pb_text][et_pb_text admin_label=\u00a0\u00bbcoordination\u00a0\u00bb _builder_version=\u00a0\u00bb4.10.7&Prime; _module_preset=\u00a0\u00bbdefault\u00a0\u00bb custom_margin=\u00a0\u00bb|||-24px||\u00a0\u00bb box_shadow_style=\u00a0\u00bbpreset1&Prime; global_colors_info=\u00a0\u00bb{}\u00a0\u00bb]<\/p>\n<p><span style=\"color: #0000ff;\"><strong>Charg\u00e9e de mission DAAC, Beaux arts et cr\u00e9ation contemporaine&nbsp; \u2013&nbsp; Territoire de Nice <\/strong>: <\/span><br \/><span style=\"color: #0000ff;\">Marie Larroque-Daran<\/span><br \/><span style=\"color: #0000ff;\">Marie.Larroque-Daran@ac-nice.fr<\/span><\/p>\n<p><span style=\"color: #0000ff;\"><strong>Coordination DAAC<\/strong> : Julien Giraud-Destefanis<\/span><\/p>\n<p>[\/et_pb_text][\/et_pb_column][\/et_pb_row][\/et_pb_section]<\/p>\n","protected":false},"excerpt":{"rendered":"<p>MAMACExposition Daniel SpoerriLe Mus\u00e9e d&rsquo;Art Moderne et d&rsquo;Art contemporain de Nice MAMAC &#8211; Ressources pour les enseignants Le Mus\u00e9e d\u2019Art Moderne et d\u2019Art Contemporain de Nice dispose d\u2019une collection d\u2019oeuvres de 1950 \u00e0 nos jours comprenant notamment une salle permanente d\u00e9di\u00e9e \u00e0 Yves Klein et l\u2019une des plus importantes collections d\u2019oeuvres de Niki de Saint [&hellip;]<\/p>\n","protected":false},"author":241,"featured_media":0,"parent":0,"menu_order":0,"comment_status":"closed","ping_status":"closed","template":"","meta":{"_et_pb_use_builder":"on","_et_pb_old_content":"","_et_gb_content_width":"","ngg_post_thumbnail":0,"footnotes":""},"class_list":["post-8458","page","type-page","status-publish","hentry"],"rttpg_featured_image_url":null,"rttpg_author":{"display_name":"daacadmin","author_link":"https:\/\/www.pedagogie.ac-nice.fr\/daac\/author\/daacadmin\/"},"rttpg_comment":0,"rttpg_category":null,"rttpg_excerpt":"MAMACExposition Daniel SpoerriLe Mus\u00e9e d'Art Moderne et d'Art contemporain de Nice MAMAC - Ressources pour les enseignants Le Mus\u00e9e d\u2019Art Moderne et d\u2019Art Contemporain de Nice dispose d\u2019une collection d\u2019oeuvres de 1950 \u00e0 nos jours comprenant notamment une salle permanente d\u00e9di\u00e9e \u00e0 Yves Klein et l\u2019une des plus importantes collections d\u2019oeuvres de Niki de Saint\u2026","post_mailing_queue_ids":[],"_links":{"self":[{"href":"https:\/\/www.pedagogie.ac-nice.fr\/daac\/wp-json\/wp\/v2\/pages\/8458","targetHints":{"allow":["GET"]}}],"collection":[{"href":"https:\/\/www.pedagogie.ac-nice.fr\/daac\/wp-json\/wp\/v2\/pages"}],"about":[{"href":"https:\/\/www.pedagogie.ac-nice.fr\/daac\/wp-json\/wp\/v2\/types\/page"}],"author":[{"embeddable":true,"href":"https:\/\/www.pedagogie.ac-nice.fr\/daac\/wp-json\/wp\/v2\/users\/241"}],"replies":[{"embeddable":true,"href":"https:\/\/www.pedagogie.ac-nice.fr\/daac\/wp-json\/wp\/v2\/comments?post=8458"}],"version-history":[{"count":13,"href":"https:\/\/www.pedagogie.ac-nice.fr\/daac\/wp-json\/wp\/v2\/pages\/8458\/revisions"}],"predecessor-version":[{"id":10823,"href":"https:\/\/www.pedagogie.ac-nice.fr\/daac\/wp-json\/wp\/v2\/pages\/8458\/revisions\/10823"}],"wp:attachment":[{"href":"https:\/\/www.pedagogie.ac-nice.fr\/daac\/wp-json\/wp\/v2\/media?parent=8458"}],"curies":[{"name":"wp","href":"https:\/\/api.w.org\/{rel}","templated":true}]}}

<p>[et_pb_section fb_built= »1&Prime; _builder_version= »4.10.7&Prime; _module_preset= »default » global_colors_info= »{} »][et_pb_row column_structure= »1_3,2_3&Prime; _builder_version= »4.10.7&Prime; _module_preset= »default » global_colors_info= »{} »][et_pb_column type= »1_3&Prime; _builder_version= »4.10.7&Prime; _module_preset= »default » global_colors_info= »{} »][et_pb_text admin_label= »Pole Musées » _builder_version= »4.10.7&Prime; _module_preset= »default » global_colors_info= »{} »]</p>
<p><a href="https://www.pedagogie.ac-nice.fr/daac/domaine-musees/" target="_blank" rel="noopener"><img loading="lazy" decoding="async" class="aligncenter wp-image-5972 " src="https://www.pedagogie.ac-nice.fr/daac/wp-content/uploads/sites/37/2021/09/musees-300x186.png" alt="" width="271" height="168" srcset="https://www.pedagogie.ac-nice.fr/daac/wp-content/uploads/sites/37/2021/09/musees-300x186.png 300w, https://www.pedagogie.ac-nice.fr/daac/wp-content/uploads/sites/37/2021/09/musees.png 346w" sizes="(max-width: 271px) 100vw, 271px" /></a></p>
<p>[/et_pb_text][et_pb_divider _builder_version= »4.10.7&Prime; _module_preset= »default » custom_margin= »-22px||||| » global_colors_info= »{} »][/et_pb_divider][et_pb_text admin_label= »MAMAC » _builder_version= »4.10.7&Prime; _module_preset= »default » custom_margin= »-25px||||| » global_colors_info= »{} »]</p>
<p style="text-align: center;"><strong><span style="font-size: 14pt; color: #ff00ff;">MAMAC<br /></span></strong><a href="https://www.pedagogie.ac-nice.fr/daac/mamac/" target="_blank" rel="noopener"><img loading="lazy" decoding="async" class="wp-image-8484 size-medium" src="https://www.pedagogie.ac-nice.fr/daac/wp-content/uploads/sites/37/2021/10/Mamac_LDD-300x200.jpg" alt="" width="300" height="200" srcset="https://www.pedagogie.ac-nice.fr/daac/wp-content/uploads/sites/37/2021/10/Mamac_LDD-300x200.jpg 300w, https://www.pedagogie.ac-nice.fr/daac/wp-content/uploads/sites/37/2021/10/Mamac_LDD-1024x682.jpg 1024w, https://www.pedagogie.ac-nice.fr/daac/wp-content/uploads/sites/37/2021/10/Mamac_LDD-768x512.jpg 768w, https://www.pedagogie.ac-nice.fr/daac/wp-content/uploads/sites/37/2021/10/Mamac_LDD-1080x719.jpg 1080w, https://www.pedagogie.ac-nice.fr/daac/wp-content/uploads/sites/37/2021/10/Mamac_LDD.jpg 1339w" sizes="(max-width: 300px) 100vw, 300px" /></a></p>
<p>[/et_pb_text][et_pb_divider _builder_version= »4.10.7&Prime; _module_preset= »default » custom_margin= »-25px||||| » global_colors_info= »{} »][/et_pb_divider][et_pb_text _builder_version= »4.10.7&Prime; _module_preset= »default » hover_enabled= »0&Prime; sticky_enabled= »0&Prime; admin_label= »Spoerri »]</p>
<p style="text-align: center;"><span style="color: #0000ff;">Exposition Daniel Spoerri</span><br /><img loading="lazy" decoding="async" class="alignnone size-medium wp-image-8374 aligncenter" src="https://www.pedagogie.ac-nice.fr/daac/wp-content/uploads/sites/37/2021/10/Daniel_Spoerri-215x300.jpg" alt="" width="215" height="300" srcset="https://www.pedagogie.ac-nice.fr/daac/wp-content/uploads/sites/37/2021/10/Daniel_Spoerri-215x300.jpg 215w, https://www.pedagogie.ac-nice.fr/daac/wp-content/uploads/sites/37/2021/10/Daniel_Spoerri.jpg 359w" sizes="(max-width: 215px) 100vw, 215px" /></p>
<p>[/et_pb_text][/et_pb_column][et_pb_column type= »2_3&Prime; _builder_version= »4.10.7&Prime; _module_preset= »default » global_colors_info= »{} »][et_pb_text admin_label= »Ressources pour les enseignants » _builder_version= »4.10.7&Prime; _module_preset= »default » width= »105.4% » custom_margin= »|-12px||-24px|| » custom_padding= »|0px||0px|| » global_colors_info= »{} »]</p>
<p style="text-align: center;"><span style="font-size: 14pt; color: #ff00ff;"><strong>Le Musée d&rsquo;Art Moderne et d&rsquo;Art contemporain de Nice</strong></span></p>
<p style="text-align: center;"><strong><span style="font-size: 14pt; color: #ff00ff;">MAMAC &#8211; Ressources pour les enseignants</span><br /></strong></p>
<p style="text-align: justify;"><span style="color: #0000ff;">Le Musée d’Art Moderne et d’Art Contemporain de Nice dispose d’une collection d’oeuvres de 1950 à nos jours comprenant notamment une salle permanente dédiée à <strong>Yves Klein</strong> et l’une des plus importantes collections d’oeuvres de<strong> Niki de Saint Phalle</strong>.</span></p>
<p><span style="color: #ff00ff; font-size: 12pt; font-family: georgia, palatino, serif;"><strong>Pour les enseignants et les classes :</strong> cliquez pour accéder à toutes les informations<b><br /></b></span></p>
<ul>
<li style="text-align: justify;"><span style="color: #0000ff; font-size: 12pt; font-family: georgia, palatino, serif;">Visites libres, sur réservation.</span></li>
<li style="text-align: justify;"><span style="color: #0000ff; font-size: 12pt; font-family: georgia, palatino, serif;">Visites guidées sur réservation, pour tous les niveaux.<br />Différentes entrées possibles à sélectionner via <a href="https://www.mamac-nice.org/fr/visites-ateliers/boite-a-outils/#fiches-pedagogiques" target="_blank" rel="noopener">les fiches pédagogiques téléchargeables sur le site</a>.</span></li>
<li style="text-align: justify;"><span style="color: #0000ff; font-size: 12pt; font-family: georgia, palatino, serif;">Ateliers de création dans l’espace dédié et/ou dans le musée en fonction de l’exposition en cours</span></li>
<li style="text-align: justify;"><a href="https://www.pedagogie.ac-nice.fr/daac/mamac/" target="_blank" rel="noopener"><span style="color: #0000ff; font-size: 12pt; font-family: georgia, palatino, serif;">Des projets EAC construits avec les enseignants sur demande ou sur proposition du musée</span></a></li>
<li style="text-align: justify;"><span style="color: #0000ff; font-size: 12pt; font-family: georgia, palatino, serif;">Participation à des dispositifs nationaux « la classe, l’oeuvre ! », « Le prix de l’audace artistique », « La journée mondiale de la danse ».</span></li>
<li style="text-align: justify;"><span style="color: #0000ff; font-size: 12pt; font-family: georgia, palatino, serif;"><a href="https://www.mamac-nice.org/fr/visites-ateliers/boite-a-outils/#fiches-pedagogiques" target="_blank" rel="noopener">Une boite à outils</a> en accès libre et imprimables via le site :<a href="https://www.mamac-nice.org/fr/visites-ateliers/scolaires/" target="_blank" rel="noopener"> Quizz, jeux, livrets, liés à la collection permanente et aux expositions temporaires.</a></span></li>
<li style="text-align: justify;"><a href="https://www.mamac-nice.org/fr/visites-ateliers/boite-a-outils/#fiches-pedagogiques" target="_blank" rel="noopener"><span style="color: #0000ff; font-size: 12pt; font-family: georgia, palatino, serif;">Des mallettes pédagogiques pour accompagner les visites et ateliers des 5-11 ans.</span></a></li>
<li style="text-align: justify;"><span style="color: #0000ff; font-size: 12pt; font-family: georgia, palatino, serif;">Notices d’oeuvres pour les enfants.</span></li>
<li style="text-align: justify;"><span style="color: #0000ff; font-size: 12pt; font-family: georgia, palatino, serif;">Formation pour les enseignants au fil des expositions temporaires (2/an).</span></li>
<li style="text-align: justify;"><span style="color: #0000ff; font-size: 12pt; font-family: georgia, palatino, serif;"><a href="https://www.mamac-nice.org/fr/visites-ateliers/scolaires/" target="_blank" rel="noopener">Le site du musée donne accès à toutes les informations et documents cités &gt; Visites/Ateliers/Scolaires</a>.</span></li>
<li><span style="color: #000000; font-size: 12pt; font-family: georgia, palatino, serif;"><a href="https://www.youtube.com/channel/UCAqLELwli6Lgqiy54KkA4Rw" target="_blank" rel="noopener"><span lang="fr-FR" style="color: #0000ff;">Une chaîne YouTube.</span></a><u></u></span></li>
</ul>
<p>[/et_pb_text][et_pb_text admin_label= »coordination » _builder_version= »4.10.7&Prime; _module_preset= »default » custom_margin= »|||-24px|| » box_shadow_style= »preset1&Prime; global_colors_info= »{} »]</p>
<p><span style="color: #0000ff;"><strong>Chargée de mission DAAC, Beaux arts et création contemporaine&nbsp; –&nbsp; Territoire de Nice </strong>: </span><br /><span style="color: #0000ff;">Marie Larroque-Daran</span><br /><span style="color: #0000ff;">Marie.Larroque-Daran@ac-nice.fr</span></p>
<p><span style="color: #0000ff;"><strong>Coordination DAAC</strong> : Julien Giraud-Destefanis</span></p>
<p>[/et_pb_text][/et_pb_column][/et_pb_row][/et_pb_section]</p>

<p>MAMACExposition Daniel SpoerriLe Musée d&rsquo;Art Moderne et d&rsquo;Art contemporain de Nice MAMAC &#8211; Ressources pour les enseignants Le Musée d’Art Moderne et d’Art Contemporain de Nice dispose d’une collection d’oeuvres de 1950 à nos jours comprenant notamment une salle permanente dédiée à Yves Klein et l’une des plus importantes collections d’oeuvres de Niki de Saint [&hellip;]</p>

MAMACExposition Daniel SpoerriLe Musée d'Art Moderne et d'Art contemporain de Nice MAMAC - Ressources pour les enseignants Le Musée d’Art Moderne et d’Art Contemporain de Nice dispose d’une collection d’oeuvres de 1950 à nos jours comprenant notamment une salle permanente dédiée à Yves Klein et l’une des plus importantes collections d’oeuvres de Niki de Saint…
