{"id":902,"date":"2020-10-25T21:52:53","date_gmt":"2020-10-25T20:52:53","guid":{"rendered":"https:\/\/www.pedagogie.ac-nice.fr\/daac\/?page_id=902"},"modified":"2020-10-26T16:56:46","modified_gmt":"2020-10-26T15:56:46","slug":"la-fete-de-la-musique","status":"publish","type":"page","link":"https:\/\/www.pedagogie.ac-nice.fr\/daac\/les-domaines-de-leac\/musique-chantchoral\/la-fete-de-la-musique\/","title":{"rendered":"La f\u00eate de la musique"},"content":{"rendered":"<p style=\"text-align: center;\">contact : Philippe Mopin &#8211; <a title=\"Composer un message \u00e0 philippe.mopin@ac-nice.fr\">philippe.mopin@ac-nice.fr<\/a><\/p>\n<table style=\"border-collapse: collapse; width: 72.9958%;\">\n<tbody>\n<tr>\n<td style=\"width: 37.3418%;\"><a href=\"https:\/\/www.pedagogie.ac-nice.fr\/daac\/les-domaines-de-leac\/musique-chantchoral\/fete-de-la-musique-2020\/\" rel=\"attachment wp-att-1072\"><img loading=\"lazy\" decoding=\"async\" class=\"alignnone size-full wp-image-1072\" src=\"https:\/\/www.pedagogie.ac-nice.fr\/daac\/wp-content\/uploads\/sites\/37\/2020\/10\/fete-de-la-musique-2020.png\" alt=\"\" width=\"636\" height=\"792\" srcset=\"https:\/\/www.pedagogie.ac-nice.fr\/daac\/wp-content\/uploads\/sites\/37\/2020\/10\/fete-de-la-musique-2020.png 636w, https:\/\/www.pedagogie.ac-nice.fr\/daac\/wp-content\/uploads\/sites\/37\/2020\/10\/fete-de-la-musique-2020-241x300.png 241w\" sizes=\"(max-width: 636px) 100vw, 636px\" \/><\/a><\/td>\n<td style=\"width: 35.654%;\"><a href=\"https:\/\/www.pedagogie.ac-nice.fr\/daac\/la-fete-de-la-musique\/image_1\/\" rel=\"attachment wp-att-904\"><img loading=\"lazy\" decoding=\"async\" class=\"alignnone size-thumbnail wp-image-904\" src=\"https:\/\/www.pedagogie.ac-nice.fr\/daac\/wp-content\/uploads\/sites\/37\/2020\/10\/image_1-150x150.png\" alt=\"\" width=\"150\" height=\"150\" \/><\/a><\/td>\n<\/tr>\n<\/tbody>\n<\/table>\n<p style=\"text-align: justify;\">Le 21 juin, les \u00e9tablissements scolaires sont invit\u00e9s\u00a0 prendre part \u00e0 la \u00ab F\u00eate de la Musique \u00e0 l&rsquo;\u00c9cole \u00bb. Il s&rsquo;agit ainsi de mettre en avant les \u00e9coles, les coll\u00e8ges et les lyc\u00e9es qui font vivre l&rsquo;enseignement\u00a0 musical en classe ou dans le cadre d&rsquo;activit\u00e9s p\u00e9riscolaires.<\/p>\n<p style=\"text-align: justify;\">Les directeurs d&rsquo;\u00e9coles ainsi que les chefs d&rsquo;\u00e9tablissements scolaires sont vivement encourag\u00e9s \u00e0 organiser le 21 juin, en lien avec les \u00e9quipes \u00e9ducatives et, le cas \u00e9ch\u00e9ant, en lien avec les collectivit\u00e9s territoriales et\/ ou structures culturelles partenaires de ces projets, un \u00e9v\u00e9nement \u00e0 la fois musical et convivial r\u00e9unissant les \u00e9l\u00e8ves, leur famille et l&rsquo;ensemble de la communaut\u00e9 \u00e9ducative.<\/p>\n<p style=\"text-align: justify;\">Celui-ci peut prendre des formes vari\u00e9es alliant interpr\u00e9tation vocale, interpr\u00e9tation instrumentale voire danse, l&rsquo;important est de mettre en valeur les pratiques musicales. Une grande enqu\u00eate lanc\u00e9e\u00a0 sur tout le territoire de l\u2019acad\u00e9mie a montr\u00e9 une forte implication de la communaut\u00e9 \u00e9ducative et a t\u00e9moign\u00e9 de la diversit\u00e9 des propositions que ce soit dans les \u00e9coles, les coll\u00e8ges et les lyc\u00e9es : Chant, chant choral, parcours musical, soir\u00e9e des talents, spectacle dans\u00e9 et chant\u00e9, spectacle, concert des classes orchestres, rallye culturel, concert de l\u2019atelier instrumental, sc\u00e8nes ouvertes, mini concert, les \u00e9l\u00e8ves font chanter et font bouger les professeurs, atelier \u00ab\u00a0dessiner un son\u00a0\u00bb, com\u00e9die musicale, concert d\u2019un Big Band\u2026<\/p>\n<p>Pour aller plus loin : <a href=\"https:\/\/eduscol.education.fr\/cid130589\/-fete-de-la-musique-a-l-ecole.html\" target=\"_blank\" rel=\"https:\/\/eduscol.education.fr\/cid130589\/-fete-de-la-musique-a-l-ecole.html noopener noreferrer\"><img loading=\"lazy\" decoding=\"async\" class=\"alignnone wp-image-496 size-full\" src=\"https:\/\/www.pedagogie.ac-nice.fr\/daac\/wp-content\/uploads\/sites\/37\/2020\/08\/bouton_connexion-1.png\" alt=\"\" width=\"71\" height=\"70\" \/><\/a><\/p>\n","protected":false},"excerpt":{"rendered":"<p>contact : Philippe Mopin &#8211; philippe.mopin@ac-nice.fr Le 21 juin, les \u00e9tablissements scolaires sont invit\u00e9s\u00a0 prendre part \u00e0 la \u00ab F\u00eate de la Musique \u00e0 l&rsquo;\u00c9cole \u00bb. Il s&rsquo;agit ainsi de mettre en avant les \u00e9coles, les coll\u00e8ges et les lyc\u00e9es qui font vivre l&rsquo;enseignement\u00a0 musical en classe ou dans le cadre d&rsquo;activit\u00e9s p\u00e9riscolaires. Les directeurs [&hellip;]<\/p>\n","protected":false},"author":241,"featured_media":0,"parent":365,"menu_order":0,"comment_status":"closed","ping_status":"closed","template":"","meta":{"_et_pb_use_builder":"","_et_pb_old_content":"","_et_gb_content_width":"","ngg_post_thumbnail":0,"footnotes":""},"class_list":["post-902","page","type-page","status-publish","hentry"],"rttpg_featured_image_url":null,"rttpg_author":{"display_name":"daacadmin","author_link":"https:\/\/www.pedagogie.ac-nice.fr\/daac\/author\/daacadmin\/"},"rttpg_comment":0,"rttpg_category":null,"rttpg_excerpt":"contact : Philippe Mopin &#8211; philippe.mopin@ac-nice.fr Le 21 juin, les \u00e9tablissements scolaires sont invit\u00e9s\u00a0 prendre part \u00e0 la \u00ab F\u00eate de la Musique \u00e0 l&rsquo;\u00c9cole \u00bb. Il s&rsquo;agit ainsi de mettre en avant les \u00e9coles, les coll\u00e8ges et les lyc\u00e9es qui font vivre l&rsquo;enseignement\u00a0 musical en classe ou dans le cadre d&rsquo;activit\u00e9s p\u00e9riscolaires. Les directeurs\u2026","post_mailing_queue_ids":[],"_links":{"self":[{"href":"https:\/\/www.pedagogie.ac-nice.fr\/daac\/wp-json\/wp\/v2\/pages\/902","targetHints":{"allow":["GET"]}}],"collection":[{"href":"https:\/\/www.pedagogie.ac-nice.fr\/daac\/wp-json\/wp\/v2\/pages"}],"about":[{"href":"https:\/\/www.pedagogie.ac-nice.fr\/daac\/wp-json\/wp\/v2\/types\/page"}],"author":[{"embeddable":true,"href":"https:\/\/www.pedagogie.ac-nice.fr\/daac\/wp-json\/wp\/v2\/users\/241"}],"replies":[{"embeddable":true,"href":"https:\/\/www.pedagogie.ac-nice.fr\/daac\/wp-json\/wp\/v2\/comments?post=902"}],"version-history":[{"count":8,"href":"https:\/\/www.pedagogie.ac-nice.fr\/daac\/wp-json\/wp\/v2\/pages\/902\/revisions"}],"predecessor-version":[{"id":1101,"href":"https:\/\/www.pedagogie.ac-nice.fr\/daac\/wp-json\/wp\/v2\/pages\/902\/revisions\/1101"}],"up":[{"embeddable":true,"href":"https:\/\/www.pedagogie.ac-nice.fr\/daac\/wp-json\/wp\/v2\/pages\/365"}],"wp:attachment":[{"href":"https:\/\/www.pedagogie.ac-nice.fr\/daac\/wp-json\/wp\/v2\/media?parent=902"}],"curies":[{"name":"wp","href":"https:\/\/api.w.org\/{rel}","templated":true}]}}