{"id":922,"date":"2020-10-25T22:20:51","date_gmt":"2020-10-25T21:20:51","guid":{"rendered":"https:\/\/www.pedagogie.ac-nice.fr\/daac\/?page_id=922"},"modified":"2022-05-01T20:55:04","modified_gmt":"2022-05-01T18:55:04","slug":"trop-puissant","status":"publish","type":"page","link":"https:\/\/www.pedagogie.ac-nice.fr\/daac\/les-domaines-de-leac\/musique-chantchoral\/trop-puissant\/","title":{"rendered":"Op\u00e9ration \u00ab\u00a0TROP PUISSANT 2021-2022\u00a0\u00bb"},"content":{"rendered":"<p>[et_pb_section fb_built=\u00a0\u00bb1&Prime; _builder_version=\u00a0\u00bb3.22&Prime; global_colors_info=\u00a0\u00bb{}\u00a0\u00bb][et_pb_row column_structure=\u00a0\u00bb1_3,2_3&Prime; _builder_version=\u00a0\u00bb3.25&Prime; background_size=\u00a0\u00bbinitial\u00a0\u00bb background_position=\u00a0\u00bbtop_left\u00a0\u00bb background_repeat=\u00a0\u00bbrepeat\u00a0\u00bb global_colors_info=\u00a0\u00bb{}\u00a0\u00bb][et_pb_column type=\u00a0\u00bb1_3&Prime; _builder_version=\u00a0\u00bb3.25&Prime; custom_padding=\u00a0\u00bb|||\u00a0\u00bb global_colors_info=\u00a0\u00bb{}\u00a0\u00bb custom_padding__hover=\u00a0\u00bb|||\u00a0\u00bb][et_pb_text admin_label=\u00a0\u00bblogo chant choral\u00a0\u00bb _builder_version=\u00a0\u00bb4.10.7&Prime; _module_preset=\u00a0\u00bbdefault\u00a0\u00bb global_colors_info=\u00a0\u00bb{}\u00a0\u00bb]<\/p>\n<p><a href=\"https:\/\/www.pedagogie.ac-nice.fr\/daac\/les-domaines-de-leac\/musique-chantchoral\/\" target=\"_blank\" rel=\"noopener\"><img loading=\"lazy\" decoding=\"async\" class=\"aligncenter wp-image-10318\" src=\"https:\/\/www.pedagogie.ac-nice.fr\/daac\/wp-content\/uploads\/sites\/37\/2021\/12\/Capture-decran-2021-12-17-161058.jpg\" alt=\"chant_choral\" width=\"262\" height=\"164\" srcset=\"https:\/\/www.pedagogie.ac-nice.fr\/daac\/wp-content\/uploads\/sites\/37\/2021\/12\/Capture-decran-2021-12-17-161058.jpg 547w, https:\/\/www.pedagogie.ac-nice.fr\/daac\/wp-content\/uploads\/sites\/37\/2021\/12\/Capture-decran-2021-12-17-161058-300x188.jpg 300w, https:\/\/www.pedagogie.ac-nice.fr\/daac\/wp-content\/uploads\/sites\/37\/2021\/12\/Capture-decran-2021-12-17-161058-400x250.jpg 400w\" sizes=\"(max-width: 262px) 100vw, 262px\" \/><\/a><\/p>\n<p>[\/et_pb_text][et_pb_divider _builder_version=\u00a0\u00bb4.10.7&Prime; _module_preset=\u00a0\u00bbdefault\u00a0\u00bb global_colors_info=\u00a0\u00bb{}\u00a0\u00bb][\/et_pb_divider][et_pb_text _builder_version=\u00a0\u00bb4.10.7&Prime; _module_preset=\u00a0\u00bbdefault\u00a0\u00bb global_colors_info=\u00a0\u00bb{}\u00a0\u00bb]<\/p>\n<p><img loading=\"lazy\" decoding=\"async\" class=\"alignnone size-full wp-image-12469 aligncenter\" src=\"https:\/\/www.pedagogie.ac-nice.fr\/daac\/wp-content\/uploads\/sites\/37\/2022\/05\/logo_region_sud.png\" alt=\"\" width=\"175\" height=\"101\"><\/p>\n<p>[\/et_pb_text][et_pb_divider _builder_version=\u00a0\u00bb4.10.7&Prime; _module_preset=\u00a0\u00bbdefault\u00a0\u00bb global_colors_info=\u00a0\u00bb{}\u00a0\u00bb][\/et_pb_divider][et_pb_text admin_label=\u00a0\u00bbtelechargement\u00a0\u00bb _builder_version=\u00a0\u00bb4.10.7&Prime; _module_preset=\u00a0\u00bbdefault\u00a0\u00bb global_colors_info=\u00a0\u00bb{}\u00a0\u00bb]<\/p>\n<p style=\"text-align: center;\"><span style=\"color: #0000ff;\">Fichier en t\u00e9l\u00e9chargement<\/span><br \/><a href=\"https:\/\/www.pedagogie.ac-nice.fr\/daac\/wp-content\/uploads\/sites\/37\/2022\/05\/APPEL_-A-PROJETS-TROP-PUISSANT-2022-2023.pdf\" target=\"_blank\" rel=\"noopener\"><img loading=\"lazy\" decoding=\"async\" class=\"alignnone wp-image-8629\" src=\"https:\/\/www.pedagogie.ac-nice.fr\/daac\/wp-content\/uploads\/sites\/37\/2021\/10\/fichier_pdf.jpg\" alt=\"\" width=\"122\" height=\"127\"><\/a><\/p>\n<p>[\/et_pb_text][et_pb_divider _builder_version=\u00a0\u00bb4.10.7&Prime; _module_preset=\u00a0\u00bbdefault\u00a0\u00bb global_colors_info=\u00a0\u00bb{}\u00a0\u00bb][\/et_pb_divider][et_pb_text admin_label=\u00a0\u00bbcontact\u00a0\u00bb _builder_version=\u00a0\u00bb4.10.7&Prime; _module_preset=\u00a0\u00bbdefault\u00a0\u00bb global_colors_info=\u00a0\u00bb{}\u00a0\u00bb]<\/p>\n<p style=\"text-align: center;\"><span style=\"color: #0000ff;\"><strong>contact<\/strong><\/span><br \/><span style=\"color: #0000ff;\">-Philippe Mopin &#8211; <\/span><br \/><span style=\"color: #0000ff;\"><a style=\"color: #0000ff;\" title=\"Composer un message \u00e0 philippe.mopin@ac-nice.fr\">philippe.mopin@ac-nice.fr<\/a><\/span><\/p>\n<p>[\/et_pb_text][\/et_pb_column][et_pb_column type=\u00a0\u00bb2_3&Prime; _builder_version=\u00a0\u00bb3.25&Prime; custom_padding=\u00a0\u00bb|||\u00a0\u00bb global_colors_info=\u00a0\u00bb{}\u00a0\u00bb custom_padding__hover=\u00a0\u00bb|||\u00a0\u00bb][et_pb_text _builder_version=\u00a0\u00bb4.10.7&Prime; background_size=\u00a0\u00bbinitial\u00a0\u00bb background_position=\u00a0\u00bbtop_left\u00a0\u00bb background_repeat=\u00a0\u00bbrepeat\u00a0\u00bb global_colors_info=\u00a0\u00bb{}\u00a0\u00bb]<\/p>\n<p style=\"text-align: center;\"><span style=\"color: #ff00ff; font-size: 14pt;\"><strong><span class=\"\">OPERATION \u00ab&nbsp;TROP PUISSANT 2022-2023&nbsp;\u00bb&nbsp;<\/span><\/strong><\/span><img loading=\"lazy\" decoding=\"async\" class=\"size-medium wp-image-2867 aligncenter\" src=\"https:\/\/www.pedagogie.ac-nice.fr\/daac\/wp-content\/uploads\/sites\/37\/2021\/04\/trop_puissant-300x155.png\" alt=\"\" width=\"300\" height=\"155\" srcset=\"https:\/\/www.pedagogie.ac-nice.fr\/daac\/wp-content\/uploads\/sites\/37\/2021\/04\/trop_puissant-300x155.png 300w, https:\/\/www.pedagogie.ac-nice.fr\/daac\/wp-content\/uploads\/sites\/37\/2021\/04\/trop_puissant.png 376w\" sizes=\"(max-width: 300px) 100vw, 300px\" \/><\/p>\n<p style=\"text-align: justify;\"><span style=\"color: #0000ff;\">La R\u00e9gie culturelle r\u00e9gionale Provence-Alpes-C\u00f4te d&rsquo;Azur r\u00e9alise pour le compte de la R\u00e9gion, une op\u00e9ration p\u00e9dagogique visant \u00e0 sensibiliser les lyc\u00e9ens et apprentis aux risques auditifs li\u00e9s aux musiques amplifi\u00e9es et \u00e0 l&rsquo;\u00e9coute prolong\u00e9e des baladeurs MP3 : la tourn\u00e9e <strong>TROP PUISSANT<\/strong>.<\/span><\/p>\n<p style=\"text-align: justify;\"><span style=\"color: #0000ff;\">Au cours d&rsquo;une s\u00e9ance d&rsquo;animation-concert, des musiciens pr\u00e9sentent sur sc\u00e8ne, avec leurs instruments, et en utilisant le&nbsp; syst\u00e8me de sonorisation en place ainsi que des supports interactifs, la gestion de l&rsquo;environnement sonore tout en prenant conscience des risques qu&rsquo;entra\u00eene une exposition prolong\u00e9e aux d\u00e9cibels.<\/span><\/p>\n<p style=\"text-align: justify;\"><span style=\"color: #0000ff;\">Un livret p\u00e9dagogique et un flyer d\u00e9di\u00e9 aux lyc\u00e9ens et apprentis compl\u00e8tent cette pr\u00e9sentation.<\/span><\/p>\n<p style=\"text-align: justify;\"><span style=\"color: #0000ff;\"><strong>TROP PUISSANT<\/strong> est un dispositif d\u00e9ploy\u00e9 \u00e0 l&rsquo;\u00e9chelle de la r\u00e9gion&nbsp; Provence-Alpes-C\u00f4te d&rsquo;Azur dans des salles de spectacle ou lieux de diffusion de musiques actuelles.<\/span><\/p>\n<p style=\"text-align: center;\"><span style=\"color: #ff0000;\"><span style=\"color: #ff00ff;\">Date limite de participation pour l&rsquo;ann\u00e9e 2022-2023 :<strong> 3 juin 2022<\/p>\n<p><\/strong><\/span><\/span><\/p>\n<p style=\"text-align: center;\"><span style=\"color: #0000ff;\"><strong>Toutes les informations ci-dessous :<\/strong> <\/span><\/p>\n<p>[\/et_pb_text][et_pb_text admin_label=\u00a0\u00bbaffichage fichier\u00a0\u00bb _builder_version=\u00a0\u00bb4.10.7&Prime; _module_preset=\u00a0\u00bbdefault\u00a0\u00bb global_colors_info=\u00a0\u00bb{}\u00a0\u00bb]<\/p>\n<a href=\"https:\/\/www.pedagogie.ac-nice.fr\/daac\/wp-content\/uploads\/sites\/37\/2022\/05\/APPEL_-A-PROJETS-TROP-PUISSANT-2022-2023.pdf\" class=\"pdfemb-viewer\" style=\"\" data-width=\"max\" data-height=\"max\" data-toolbar=\"bottom\" data-toolbar-fixed=\"off\">APPEL_ A PROJETS-TROP PUISSANT-2022-2023<\/a>\n<p>[\/et_pb_text][\/et_pb_column][\/et_pb_row][\/et_pb_section]<\/p>\n","protected":false},"excerpt":{"rendered":"<p>Fichier en t\u00e9l\u00e9chargementcontact-Philippe Mopin &#8211; philippe.mopin@ac-nice.frOPERATION \u00ab&nbsp;TROP PUISSANT 2022-2023&nbsp;\u00bb&nbsp; La R\u00e9gie culturelle r\u00e9gionale Provence-Alpes-C\u00f4te d&rsquo;Azur r\u00e9alise pour le compte de la R\u00e9gion, une op\u00e9ration p\u00e9dagogique visant \u00e0 sensibiliser les lyc\u00e9ens et apprentis aux risques auditifs li\u00e9s aux musiques amplifi\u00e9es et \u00e0 l&rsquo;\u00e9coute prolong\u00e9e des baladeurs MP3 : la tourn\u00e9e TROP PUISSANT. Au cours d&rsquo;une s\u00e9ance [&hellip;]<\/p>\n","protected":false},"author":241,"featured_media":0,"parent":365,"menu_order":0,"comment_status":"closed","ping_status":"closed","template":"","meta":{"_et_pb_use_builder":"on","_et_pb_old_content":"<p style=\"text-align: center;\">contact : Philippe Mopin - <a title=\"Composer un message \u00e0 philippe.mopin@ac-nice.fr\">philippe.mopin@ac-nice.fr<\/a><\/p><p><img class=\"size-medium wp-image-2867 aligncenter\" src=\"https:\/\/www.pedagogie.ac-nice.fr\/daac\/wp-content\/uploads\/sites\/37\/2021\/04\/trop_puissant-300x155.png\" alt=\"\" width=\"300\" height=\"155\"><\/p><p>La R\u00e9gie culturelle r\u00e9gionale Provence-Alpes-C\u00f4te d'Azur r\u00e9alise pour le compte de la R\u00e9gion, une op\u00e9ration p\u00e9dagogique visant \u00e0 sensibiliser les lyc\u00e9ens et apprentis aux risques auditifs li\u00e9s aux musiques amplifi\u00e9es et \u00e0 l'\u00e9coute prolong\u00e9e des baladeurs MP3 : la tourn\u00e9e <strong>TROP PUISSANT<\/strong>.<\/p><p style=\"text-align: justify;\">Au cours d'une s\u00e9ance d'animation-concert, des musiciens pr\u00e9sentent sur sc\u00e8ne, avec leurs instruments, et en utilisant le\u00a0 syst\u00e8me de sonorisation en place ainsi que des supports interactifs, la gestion de l'environnement sonore tout en prenant conscience des risques qu'entra\u00eene une exposition prolong\u00e9e aux d\u00e9cibels.<\/p><p style=\"text-align: justify;\">Un livret p\u00e9dagogique et un flyer d\u00e9di\u00e9 aux lyc\u00e9ens et apprentis compl\u00e8tent cette pr\u00e9sentation.<\/p><p style=\"text-align: justify;\"><strong>TROP PUISSANT<\/strong> est un dispositif d\u00e9ploy\u00e9 \u00e0 l'\u00e9chelle de la r\u00e9gion\u00a0 Provence-Alpes-C\u00f4te d'Azur dans des salles de spectacle ou lieux de diffusion de musiques actuelles.<\/p><p>Pour en savoir plus\u00a0 : <a href=\"https:\/\/www.maregionsud.fr\/aides-et-appels-a-projets\/detail\/operation-trop-puissant\" target=\"_blank\" rel=\"noopener\"><img class=\"alignnone wp-image-1380 size-full\" src=\"https:\/\/www.pedagogie.ac-nice.fr\/daac\/wp-content\/uploads\/sites\/37\/2020\/11\/clic_bleu.jpg\" alt=\"\" width=\"54\" height=\"47\"><\/a><\/p><p style=\"text-align: center;\"><span style=\"color: #ff0000;\">Date limite de participation pour l'ann\u00e9e 2021-2022 : <strong>4 juin 2021<\/strong>.<\/span><\/p>","_et_gb_content_width":"","ngg_post_thumbnail":0,"footnotes":""},"class_list":["post-922","page","type-page","status-publish","hentry"],"rttpg_featured_image_url":null,"rttpg_author":{"display_name":"daacadmin","author_link":"https:\/\/www.pedagogie.ac-nice.fr\/daac\/author\/daacadmin\/"},"rttpg_comment":0,"rttpg_category":null,"rttpg_excerpt":"Fichier en t\u00e9l\u00e9chargementcontact-Philippe Mopin - philippe.mopin@ac-nice.frOPERATION \u00ab&nbsp;TROP PUISSANT 2022-2023&nbsp;\u00bb&nbsp; La R\u00e9gie culturelle r\u00e9gionale Provence-Alpes-C\u00f4te d'Azur r\u00e9alise pour le compte de la R\u00e9gion, une op\u00e9ration p\u00e9dagogique visant \u00e0 sensibiliser les lyc\u00e9ens et apprentis aux risques auditifs li\u00e9s aux musiques amplifi\u00e9es et \u00e0 l'\u00e9coute prolong\u00e9e des baladeurs MP3 : la tourn\u00e9e TROP PUISSANT. Au cours d'une s\u00e9ance\u2026","post_mailing_queue_ids":[],"_links":{"self":[{"href":"https:\/\/www.pedagogie.ac-nice.fr\/daac\/wp-json\/wp\/v2\/pages\/922","targetHints":{"allow":["GET"]}}],"collection":[{"href":"https:\/\/www.pedagogie.ac-nice.fr\/daac\/wp-json\/wp\/v2\/pages"}],"about":[{"href":"https:\/\/www.pedagogie.ac-nice.fr\/daac\/wp-json\/wp\/v2\/types\/page"}],"author":[{"embeddable":true,"href":"https:\/\/www.pedagogie.ac-nice.fr\/daac\/wp-json\/wp\/v2\/users\/241"}],"replies":[{"embeddable":true,"href":"https:\/\/www.pedagogie.ac-nice.fr\/daac\/wp-json\/wp\/v2\/comments?post=922"}],"version-history":[{"count":14,"href":"https:\/\/www.pedagogie.ac-nice.fr\/daac\/wp-json\/wp\/v2\/pages\/922\/revisions"}],"predecessor-version":[{"id":12471,"href":"https:\/\/www.pedagogie.ac-nice.fr\/daac\/wp-json\/wp\/v2\/pages\/922\/revisions\/12471"}],"up":[{"embeddable":true,"href":"https:\/\/www.pedagogie.ac-nice.fr\/daac\/wp-json\/wp\/v2\/pages\/365"}],"wp:attachment":[{"href":"https:\/\/www.pedagogie.ac-nice.fr\/daac\/wp-json\/wp\/v2\/media?parent=922"}],"curies":[{"name":"wp","href":"https:\/\/api.w.org\/{rel}","templated":true}]}}